{"id":20282,"date":"2024-12-19T11:35:01","date_gmt":"2024-12-19T14:35:01","guid":{"rendered":"https:\/\/tienda.test.rigelec.com.ar\/?product=lampara-led-luz-fria-e27-a60-15w-1400lm"},"modified":"2026-02-05T11:53:51","modified_gmt":"2026-02-05T14:53:51","slug":"lampara-led-macroled-luz-fria-e27-a60-15w-1400-lm","status":"publish","type":"product","link":"https:\/\/tienda.rigelec.com.ar\/?product=lampara-led-macroled-luz-fria-e27-a60-15w-1400-lm","title":{"rendered":"LAMPARA LED LUZ FRIA E27 &#8211; A60 15W &#8211; 1400LM"},"content":{"rendered":"<p>La <strong data-start=\"128\" data-end=\"163\">L\u00e1mpara LED Macroled A60 de 15W<\/strong> con casquillo <strong data-start=\"178\" data-end=\"185\">E27<\/strong> brinda <strong data-start=\"193\" data-end=\"224\">luz fr\u00eda potente y uniforme<\/strong>, ideal para reemplazar l\u00e1mparas incandescentes o bajo consumo. Ofrece <strong data-start=\"295\" data-end=\"312\">1.400 l\u00famenes<\/strong> de iluminaci\u00f3n eficiente con bajo consumo y larga vida \u00fatil, perfecta para uso residencial y comercial.<\/p>\n<h2 data-start=\"423\" data-end=\"455\">Caracter\u00edsticas t\u00e9cnicas<\/h2>\n<ul data-start=\"457\" data-end=\"1008\">\n<li data-start=\"457\" data-end=\"480\">\n<p data-start=\"459\" data-end=\"480\"><strong data-start=\"459\" data-end=\"469\">Marca:<\/strong> Macroled<\/p>\n<\/li>\n<li data-start=\"481\" data-end=\"500\">\n<p data-start=\"483\" data-end=\"500\"><strong data-start=\"483\" data-end=\"494\">Modelo:<\/strong> A60<\/p>\n<\/li>\n<li data-start=\"501\" data-end=\"526\">\n<p data-start=\"503\" data-end=\"526\"><strong data-start=\"503\" data-end=\"512\">Tipo:<\/strong> L\u00e1mpara LED<\/p>\n<\/li>\n<li data-start=\"527\" data-end=\"549\">\n<p data-start=\"529\" data-end=\"549\"><strong data-start=\"529\" data-end=\"542\">Potencia:<\/strong> 15 W<\/p>\n<\/li>\n<li data-start=\"550\" data-end=\"582\">\n<p data-start=\"552\" data-end=\"582\"><strong data-start=\"552\" data-end=\"571\">Flujo luminoso:<\/strong> 1.400 lm<\/p>\n<\/li>\n<li data-start=\"583\" data-end=\"632\">\n<p data-start=\"585\" data-end=\"632\"><strong data-start=\"585\" data-end=\"610\">Temperatura de color:<\/strong> Luz fr\u00eda (\u22486.000 K)<\/p>\n<\/li>\n<li data-start=\"633\" data-end=\"655\">\n<p data-start=\"635\" data-end=\"655\"><strong data-start=\"635\" data-end=\"649\">Casquillo:<\/strong> E27<\/p>\n<\/li>\n<li data-start=\"656\" data-end=\"693\">\n<p data-start=\"658\" data-end=\"693\"><strong data-start=\"658\" data-end=\"670\">Formato:<\/strong> A60 (globo est\u00e1ndar)<\/p>\n<\/li>\n<li data-start=\"694\" data-end=\"739\">\n<p data-start=\"696\" data-end=\"739\"><strong data-start=\"696\" data-end=\"716\">Tensi\u00f3n nominal:<\/strong> 220\u2013240 V \/ 50\u201360 Hz<\/p>\n<\/li>\n<li data-start=\"740\" data-end=\"773\">\n<p data-start=\"742\" data-end=\"773\"><strong data-start=\"742\" data-end=\"765\">Factor de potencia:<\/strong> \u2265 0,5<\/p>\n<\/li>\n<li data-start=\"774\" data-end=\"806\">\n<p data-start=\"776\" data-end=\"806\"><strong data-start=\"776\" data-end=\"799\">\u00c1ngulo de apertura:<\/strong> 200\u00b0<\/p>\n<\/li>\n<li data-start=\"807\" data-end=\"861\">\n<p data-start=\"809\" data-end=\"861\"><strong data-start=\"809\" data-end=\"833\">Material del cuerpo:<\/strong> Pl\u00e1stico con difusor opal<\/p>\n<\/li>\n<li data-start=\"862\" data-end=\"895\">\n<p data-start=\"864\" data-end=\"895\"><strong data-start=\"864\" data-end=\"890\">Encendido instant\u00e1neo:<\/strong> S\u00ed<\/p>\n<\/li>\n<li data-start=\"896\" data-end=\"932\">\n<p data-start=\"898\" data-end=\"932\"><strong data-start=\"898\" data-end=\"921\">Vida \u00fatil estimada:<\/strong> 25.000 h<\/p>\n<\/li>\n<li data-start=\"933\" data-end=\"972\">\n<p data-start=\"935\" data-end=\"972\"><strong data-start=\"935\" data-end=\"961\">Eficiencia energ\u00e9tica:<\/strong> Clase A+<\/p>\n<\/li>\n<li data-start=\"973\" data-end=\"1008\">\n<p data-start=\"975\" data-end=\"1008\"><strong data-start=\"975\" data-end=\"1003\">No regulable (dimmable):<\/strong> No<\/p>\n<\/li>\n<\/ul>\n<h2 data-start=\"1015\" data-end=\"1048\">Aplicaciones recomendadas<\/h2>\n<ul data-start=\"1049\" data-end=\"1243\">\n<li data-start=\"1049\" data-end=\"1127\">\n<p data-start=\"1051\" data-end=\"1127\">Iluminaci\u00f3n general de ambientes dom\u00e9sticos (living, cocina, dormitorios).<\/p>\n<\/li>\n<li data-start=\"1128\" data-end=\"1173\">\n<p data-start=\"1130\" data-end=\"1173\">Oficinas, comercios, estudios y pasillos.<\/p>\n<\/li>\n<li data-start=\"1174\" data-end=\"1243\">\n<p data-start=\"1176\" data-end=\"1243\">Reemplazo directo de l\u00e1mparas incandescentes o CFL con rosca E27.<\/p>\n<\/li>\n<\/ul>\n<p><a href=\"https:\/\/www.macroled.com.ar\/lamparas\/7428325568402\">https:\/\/www.macroled.com.ar\/lamparas\/7428325568402<\/a><\/p>\n","protected":false},"excerpt":{"rendered":"<p>Potencia: 14.5W<br \/>\nTipo de Blanco: Fr\u00edo 6500k<br \/>\nVida \u00datil (horas): 15.000hs<br \/>\nEficiencia Energ\u00e9tica: A+<br \/>\nTensi\u00f3n: AC220-240V<br \/>\nReemplazo: Incandescente 100W<br \/>\nCorriente: 117mA<br \/>\nFactor de Potencia: 0.5<br \/>\nProtecci\u00f3n IP: IP20<br \/>\nProtecci\u00f3n IK: IK00<br \/>\nFunci\u00f3n Dimeable: No<br \/>\n\u00c1ngulo de Apertura: 220\u00b0<br \/>\nMaterial del Cuerpo: PC y Aluminio<br \/>\nMaterial del Lente: Policarbonato<br \/>\nTipo de Chip: 2835 &#8211; 14pcs<\/p>\n","protected":false},"featured_media":20283,"comment_status":"open","ping_status":"closed","template":"","meta":{"_monsterinsights_skip_tracking":false,"_monsterinsights_sitenote_active":false,"_monsterinsights_sitenote_note":"","_monsterinsights_sitenote_category":0},"product_brand":[],"product_cat":[214],"product_tag":[146],"class_list":{"0":"post-20282","1":"product","2":"type-product","3":"status-publish","4":"has-post-thumbnail","6":"product_cat-i-lamparas","7":"product_tag-macroled","9":"first","10":"outofstock","11":"shipping-taxable","12":"purchasable","13":"product-type-simple"},"yoast_head":"<!-- This site is optimized with the Yoast SEO plugin v25.3.1 - https:\/\/yoast.com\/wordpress\/plugins\/seo\/ -->\n<title>LAMPARA LED LUZ FRIA E27 - A60 15W - 1400LM Tienda Rigelec L\u00e1mpara LED Macroled Luz Fr\u00eda E27 A60 15W \u2013 1400 lm<\/title>\n<meta name=\"description\" content=\"L\u00e1mpara LED Macroled A60 15W E27 luz fr\u00eda 1400 lm. Ahorro energ\u00e9tico, encendido instant\u00e1neo y larga vida \u00fatil para hogares, oficinas y comercios.\" \/>\n<meta name=\"robots\" content=\"index, follow, max-snippet:-1, max-image-preview:large, max-video-preview:-1\" \/>\n<link rel=\"canonical\" href=\"https:\/\/tienda.rigelec.com.ar\/?product=lampara-led-macroled-luz-fria-e27-a60-15w-1400-lm\" \/>\n<meta property=\"og:locale\" content=\"es_ES\" \/>\n<meta property=\"og:type\" content=\"article\" \/>\n<meta property=\"og:title\" content=\"LAMPARA LED LUZ FRIA E27 - A60 15W - 1400LM Tienda Rigelec L\u00e1mpara LED Macroled Luz Fr\u00eda E27 A60 15W \u2013 1400 lm\" \/>\n<meta property=\"og:description\" content=\"L\u00e1mpara LED Macroled A60 15W E27 luz fr\u00eda 1400 lm. Ahorro energ\u00e9tico, encendido instant\u00e1neo y larga vida \u00fatil para hogares, oficinas y comercios.\" \/>\n<meta property=\"og:url\" content=\"https:\/\/tienda.rigelec.com.ar\/?product=lampara-led-macroled-luz-fria-e27-a60-15w-1400-lm\" \/>\n<meta property=\"og:site_name\" content=\"Tienda Rigelec\" \/>\n<meta property=\"article:modified_time\" content=\"2026-02-05T14:53:51+00:00\" \/>\n<meta property=\"og:image\" content=\"https:\/\/tienda.rigelec.com.ar\/wp-content\/uploads\/2024\/12\/LAMPARALEDLUZFRIA.jpg\" \/>\n\t<meta property=\"og:image:width\" content=\"942\" \/>\n\t<meta property=\"og:image:height\" content=\"957\" \/>\n\t<meta property=\"og:image:type\" content=\"image\/jpeg\" \/>\n<meta name=\"twitter:card\" content=\"summary_large_image\" \/>\n<meta name=\"twitter:label1\" content=\"Tiempo de lectura\" \/>\n\t<meta name=\"twitter:data1\" content=\"1 minuto\" \/>\n<script type=\"application\/ld+json\" class=\"yoast-schema-graph\">{\"@context\":\"https:\/\/schema.org\",\"@graph\":[{\"@type\":\"WebPage\",\"@id\":\"https:\/\/tienda.rigelec.com.ar\/?product=lampara-led-macroled-luz-fria-e27-a60-15w-1400-lm\",\"url\":\"https:\/\/tienda.rigelec.com.ar\/?product=lampara-led-macroled-luz-fria-e27-a60-15w-1400-lm\",\"name\":\"LAMPARA LED LUZ FRIA E27 - A60 15W - 1400LM Tienda Rigelec L\u00e1mpara LED Macroled Luz Fr\u00eda E27 A60 15W \u2013 1400 lm\",\"isPartOf\":{\"@id\":\"https:\/\/tienda.rigelec.com.ar\/#website\"},\"primaryImageOfPage\":{\"@id\":\"https:\/\/tienda.rigelec.com.ar\/?product=lampara-led-macroled-luz-fria-e27-a60-15w-1400-lm#primaryimage\"},\"image\":{\"@id\":\"https:\/\/tienda.rigelec.com.ar\/?product=lampara-led-macroled-luz-fria-e27-a60-15w-1400-lm#primaryimage\"},\"thumbnailUrl\":\"https:\/\/tienda.rigelec.com.ar\/wp-content\/uploads\/2024\/12\/LAMPARALEDLUZFRIA.jpg\",\"datePublished\":\"2024-12-19T14:35:01+00:00\",\"dateModified\":\"2026-02-05T14:53:51+00:00\",\"description\":\"L\u00e1mpara LED Macroled A60 15W E27 luz fr\u00eda 1400 lm. Ahorro energ\u00e9tico, encendido instant\u00e1neo y larga vida \u00fatil para hogares, oficinas y comercios.\",\"breadcrumb\":{\"@id\":\"https:\/\/tienda.rigelec.com.ar\/?product=lampara-led-macroled-luz-fria-e27-a60-15w-1400-lm#breadcrumb\"},\"inLanguage\":\"es-AR\",\"potentialAction\":[{\"@type\":\"ReadAction\",\"target\":[\"https:\/\/tienda.rigelec.com.ar\/?product=lampara-led-macroled-luz-fria-e27-a60-15w-1400-lm\"]}]},{\"@type\":\"ImageObject\",\"inLanguage\":\"es-AR\",\"@id\":\"https:\/\/tienda.rigelec.com.ar\/?product=lampara-led-macroled-luz-fria-e27-a60-15w-1400-lm#primaryimage\",\"url\":\"https:\/\/tienda.rigelec.com.ar\/wp-content\/uploads\/2024\/12\/LAMPARALEDLUZFRIA.jpg\",\"contentUrl\":\"https:\/\/tienda.rigelec.com.ar\/wp-content\/uploads\/2024\/12\/LAMPARALEDLUZFRIA.jpg\",\"width\":942,\"height\":957},{\"@type\":\"BreadcrumbList\",\"@id\":\"https:\/\/tienda.rigelec.com.ar\/?product=lampara-led-macroled-luz-fria-e27-a60-15w-1400-lm#breadcrumb\",\"itemListElement\":[{\"@type\":\"ListItem\",\"position\":1,\"name\":\"Inicio\",\"item\":\"https:\/\/tienda.rigelec.com.ar\/\"},{\"@type\":\"ListItem\",\"position\":2,\"name\":\"Shop\",\"item\":\"https:\/\/tienda.rigelec.com.ar\/?page_id=12\"},{\"@type\":\"ListItem\",\"position\":3,\"name\":\"LAMPARA LED LUZ FRIA E27 &#8211; A60 15W &#8211; 1400LM\"}]},{\"@type\":\"WebSite\",\"@id\":\"https:\/\/tienda.rigelec.com.ar\/#website\",\"url\":\"https:\/\/tienda.rigelec.com.ar\/\",\"name\":\"Tienda Rigelec\",\"description\":\"Energia en movimiento\",\"publisher\":{\"@id\":\"https:\/\/tienda.rigelec.com.ar\/#organization\"},\"potentialAction\":[{\"@type\":\"SearchAction\",\"target\":{\"@type\":\"EntryPoint\",\"urlTemplate\":\"https:\/\/tienda.rigelec.com.ar\/?s={search_term_string}\"},\"query-input\":{\"@type\":\"PropertyValueSpecification\",\"valueRequired\":true,\"valueName\":\"search_term_string\"}}],\"inLanguage\":\"es-AR\"},{\"@type\":\"Organization\",\"@id\":\"https:\/\/tienda.rigelec.com.ar\/#organization\",\"name\":\"Tienda Rigelec\",\"url\":\"https:\/\/tienda.rigelec.com.ar\/\",\"logo\":{\"@type\":\"ImageObject\",\"inLanguage\":\"es-AR\",\"@id\":\"https:\/\/tienda.rigelec.com.ar\/#\/schema\/logo\/image\/\",\"url\":\"https:\/\/tienda.rigelec.com.ar\/wp-content\/uploads\/2024\/09\/isologo-blanco-rigelec.png\",\"contentUrl\":\"https:\/\/tienda.rigelec.com.ar\/wp-content\/uploads\/2024\/09\/isologo-blanco-rigelec.png\",\"width\":94,\"height\":97,\"caption\":\"Tienda Rigelec\"},\"image\":{\"@id\":\"https:\/\/tienda.rigelec.com.ar\/#\/schema\/logo\/image\/\"}}]}<\/script>\n<!-- \/ Yoast SEO plugin. -->","yoast_head_json":{"title":"LAMPARA LED LUZ FRIA E27 - A60 15W - 1400LM Tienda Rigelec L\u00e1mpara LED Macroled Luz Fr\u00eda E27 A60 15W \u2013 1400 lm","description":"L\u00e1mpara LED Macroled A60 15W E27 luz fr\u00eda 1400 lm. Ahorro energ\u00e9tico, encendido instant\u00e1neo y larga vida \u00fatil para hogares, oficinas y comercios.","robots":{"index":"index","follow":"follow","max-snippet":"max-snippet:-1","max-image-preview":"max-image-preview:large","max-video-preview":"max-video-preview:-1"},"canonical":"https:\/\/tienda.rigelec.com.ar\/?product=lampara-led-macroled-luz-fria-e27-a60-15w-1400-lm","og_locale":"es_ES","og_type":"article","og_title":"LAMPARA LED LUZ FRIA E27 - A60 15W - 1400LM Tienda Rigelec L\u00e1mpara LED Macroled Luz Fr\u00eda E27 A60 15W \u2013 1400 lm","og_description":"L\u00e1mpara LED Macroled A60 15W E27 luz fr\u00eda 1400 lm. Ahorro energ\u00e9tico, encendido instant\u00e1neo y larga vida \u00fatil para hogares, oficinas y comercios.","og_url":"https:\/\/tienda.rigelec.com.ar\/?product=lampara-led-macroled-luz-fria-e27-a60-15w-1400-lm","og_site_name":"Tienda Rigelec","article_modified_time":"2026-02-05T14:53:51+00:00","og_image":[{"width":942,"height":957,"url":"https:\/\/tienda.rigelec.com.ar\/wp-content\/uploads\/2024\/12\/LAMPARALEDLUZFRIA.jpg","type":"image\/jpeg"}],"twitter_card":"summary_large_image","twitter_misc":{"Tiempo de lectura":"1 minuto"},"schema":{"@context":"https:\/\/schema.org","@graph":[{"@type":"WebPage","@id":"https:\/\/tienda.rigelec.com.ar\/?product=lampara-led-macroled-luz-fria-e27-a60-15w-1400-lm","url":"https:\/\/tienda.rigelec.com.ar\/?product=lampara-led-macroled-luz-fria-e27-a60-15w-1400-lm","name":"LAMPARA LED LUZ FRIA E27 - A60 15W - 1400LM Tienda Rigelec L\u00e1mpara LED Macroled Luz Fr\u00eda E27 A60 15W \u2013 1400 lm","isPartOf":{"@id":"https:\/\/tienda.rigelec.com.ar\/#website"},"primaryImageOfPage":{"@id":"https:\/\/tienda.rigelec.com.ar\/?product=lampara-led-macroled-luz-fria-e27-a60-15w-1400-lm#primaryimage"},"image":{"@id":"https:\/\/tienda.rigelec.com.ar\/?product=lampara-led-macroled-luz-fria-e27-a60-15w-1400-lm#primaryimage"},"thumbnailUrl":"https:\/\/tienda.rigelec.com.ar\/wp-content\/uploads\/2024\/12\/LAMPARALEDLUZFRIA.jpg","datePublished":"2024-12-19T14:35:01+00:00","dateModified":"2026-02-05T14:53:51+00:00","description":"L\u00e1mpara LED Macroled A60 15W E27 luz fr\u00eda 1400 lm. Ahorro energ\u00e9tico, encendido instant\u00e1neo y larga vida \u00fatil para hogares, oficinas y comercios.","breadcrumb":{"@id":"https:\/\/tienda.rigelec.com.ar\/?product=lampara-led-macroled-luz-fria-e27-a60-15w-1400-lm#breadcrumb"},"inLanguage":"es-AR","potentialAction":[{"@type":"ReadAction","target":["https:\/\/tienda.rigelec.com.ar\/?product=lampara-led-macroled-luz-fria-e27-a60-15w-1400-lm"]}]},{"@type":"ImageObject","inLanguage":"es-AR","@id":"https:\/\/tienda.rigelec.com.ar\/?product=lampara-led-macroled-luz-fria-e27-a60-15w-1400-lm#primaryimage","url":"https:\/\/tienda.rigelec.com.ar\/wp-content\/uploads\/2024\/12\/LAMPARALEDLUZFRIA.jpg","contentUrl":"https:\/\/tienda.rigelec.com.ar\/wp-content\/uploads\/2024\/12\/LAMPARALEDLUZFRIA.jpg","width":942,"height":957},{"@type":"BreadcrumbList","@id":"https:\/\/tienda.rigelec.com.ar\/?product=lampara-led-macroled-luz-fria-e27-a60-15w-1400-lm#breadcrumb","itemListElement":[{"@type":"ListItem","position":1,"name":"Inicio","item":"https:\/\/tienda.rigelec.com.ar\/"},{"@type":"ListItem","position":2,"name":"Shop","item":"https:\/\/tienda.rigelec.com.ar\/?page_id=12"},{"@type":"ListItem","position":3,"name":"LAMPARA LED LUZ FRIA E27 &#8211; A60 15W &#8211; 1400LM"}]},{"@type":"WebSite","@id":"https:\/\/tienda.rigelec.com.ar\/#website","url":"https:\/\/tienda.rigelec.com.ar\/","name":"Tienda Rigelec","description":"Energia en movimiento","publisher":{"@id":"https:\/\/tienda.rigelec.com.ar\/#organization"},"potentialAction":[{"@type":"SearchAction","target":{"@type":"EntryPoint","urlTemplate":"https:\/\/tienda.rigelec.com.ar\/?s={search_term_string}"},"query-input":{"@type":"PropertyValueSpecification","valueRequired":true,"valueName":"search_term_string"}}],"inLanguage":"es-AR"},{"@type":"Organization","@id":"https:\/\/tienda.rigelec.com.ar\/#organization","name":"Tienda Rigelec","url":"https:\/\/tienda.rigelec.com.ar\/","logo":{"@type":"ImageObject","inLanguage":"es-AR","@id":"https:\/\/tienda.rigelec.com.ar\/#\/schema\/logo\/image\/","url":"https:\/\/tienda.rigelec.com.ar\/wp-content\/uploads\/2024\/09\/isologo-blanco-rigelec.png","contentUrl":"https:\/\/tienda.rigelec.com.ar\/wp-content\/uploads\/2024\/09\/isologo-blanco-rigelec.png","width":94,"height":97,"caption":"Tienda Rigelec"},"image":{"@id":"https:\/\/tienda.rigelec.com.ar\/#\/schema\/logo\/image\/"}}]}},"jetpack_sharing_enabled":true,"_links":{"self":[{"href":"https:\/\/tienda.rigelec.com.ar\/index.php?rest_route=\/wp\/v2\/product\/20282","targetHints":{"allow":["GET"]}}],"collection":[{"href":"https:\/\/tienda.rigelec.com.ar\/index.php?rest_route=\/wp\/v2\/product"}],"about":[{"href":"https:\/\/tienda.rigelec.com.ar\/index.php?rest_route=\/wp\/v2\/types\/product"}],"replies":[{"embeddable":true,"href":"https:\/\/tienda.rigelec.com.ar\/index.php?rest_route=%2Fwp%2Fv2%2Fcomments&post=20282"}],"wp:featuredmedia":[{"embeddable":true,"href":"https:\/\/tienda.rigelec.com.ar\/index.php?rest_route=\/wp\/v2\/media\/20283"}],"wp:attachment":[{"href":"https:\/\/tienda.rigelec.com.ar\/index.php?rest_route=%2Fwp%2Fv2%2Fmedia&parent=20282"}],"wp:term":[{"taxonomy":"product_brand","embeddable":true,"href":"https:\/\/tienda.rigelec.com.ar\/index.php?rest_route=%2Fwp%2Fv2%2Fproduct_brand&post=20282"},{"taxonomy":"product_cat","embeddable":true,"href":"https:\/\/tienda.rigelec.com.ar\/index.php?rest_route=%2Fwp%2Fv2%2Fproduct_cat&post=20282"},{"taxonomy":"product_tag","embeddable":true,"href":"https:\/\/tienda.rigelec.com.ar\/index.php?rest_route=%2Fwp%2Fv2%2Fproduct_tag&post=20282"}],"curies":[{"name":"wp","href":"https:\/\/api.w.org\/{rel}","templated":true}]}}