{"id":20825,"date":"2024-12-19T12:05:01","date_gmt":"2024-12-19T15:05:01","guid":{"rendered":"https:\/\/tienda.test.rigelec.com.ar\/?product=rack-con-visor-negro-q-rack-de-pie-19px20ux600mm"},"modified":"2026-05-01T12:51:40","modified_gmt":"2026-05-01T15:51:40","slug":"rack-con-visor-negro","status":"publish","type":"product","link":"https:\/\/tienda.rigelec.com.ar\/?product=rack-con-visor-negro","title":{"rendered":"RACK CON VISOR Q RACK DE PIE 19PX20UX600MM"},"content":{"rendered":"<p>RACK CON VISOR NEGRO<\/p>\n<p data-start=\"344\" data-end=\"586\">El Rack de pie Q-Rack 19&#8243; \u2013 20U \u2013 600 mm es una soluci\u00f3n pr\u00e1ctica y segura para la instalaci\u00f3n de redes de datos, fibra \u00f3ptica y equipos de medici\u00f3n. Su dise\u00f1o robusto garantiza protecci\u00f3n y organizaci\u00f3n en cualquier entorno de trabajo.<\/p>\n<p data-start=\"588\" data-end=\"885\">Cuenta con una puerta frontal con visor de vidrio templado serigrafiado de 4 mm, que ofrece mayor resistencia y permite controlar el interior sin necesidad de abrirla. Adem\u00e1s, incluye laterales desmontables que facilitan el acceso a los equipos y simplifican las tareas de mantenimiento.<\/p>\n<p data-start=\"887\" data-end=\"1223\">Con una altura \u00fatil de 20U (aprox. 100 cm), un ancho de 60 cm y una profundidad de 60 cm, ofrece espacio suficiente para instalar hasta 20 unidades de rack est\u00e1ndar de 1U o la combinaci\u00f3n equivalente de equipos de diferentes tama\u00f1os. Tambi\u00e9n incorpora un fondo abierto, que mejora la ventilaci\u00f3n y el pasaje de cables.<\/p>\n<p data-start=\"1225\" data-end=\"1441\">El rack se entrega con todos los accesorios necesarios para su instalaci\u00f3n: 4 soportes rackeables, 4 gu\u00edas de montaje, 4 patas de nivelaci\u00f3n, cierre plano con llave, bisagras met\u00e1licas y laterales desmontables.<\/p>\n<p data-start=\"1443\" data-end=\"1628\">En definitiva, el Q-Rack 19&#8243; \u2013 20U es una opci\u00f3n confiable, vers\u00e1til y resistente, dise\u00f1ada para profesionales que necesitan orden, seguridad y accesibilidad en sus instalaciones.<\/p>\n","protected":false},"excerpt":{"rendered":"<p>Q Rack de pie de 19&#8243; (600 mm. de ancho), es apto para la instalaci\u00f3n de redes de datos, fibra \u00f3ptica, elementos de medidas, tanto normalizadas como no normalizadas. Cuenta con fondo abierto.<\/p>\n<p>Accesorios incluidos:<br \/>\n\u00b7 4 soportes rackeables.<br \/>\n\u00b7 Puerta con visor de vidrio templado de 4 mm espesor,<br \/>\nserigrafiado.<br \/>\n\u00b7 4 Gu\u00edas de montaje.<br \/>\n\u00b7 4 Patas de nivelaci\u00f3n.<br \/>\n\u00b7 Cierre plano con llave, color negro.<br \/>\n\u00b7 Bisagras altas met\u00e1licas.<br \/>\n\u00b7 Laterales desmontables.<\/p>\n","protected":false},"featured_media":32283,"comment_status":"open","ping_status":"closed","template":"","meta":{"_monsterinsights_skip_tracking":false,"_monsterinsights_sitenote_active":false,"_monsterinsights_sitenote_note":"","_monsterinsights_sitenote_category":0},"product_brand":[],"product_cat":[260],"product_tag":[66],"class_list":{"0":"post-20825","1":"product","2":"type-product","3":"status-publish","4":"has-post-thumbnail","6":"product_cat-i-accesorios","7":"product_tag-genrod","9":"first","10":"instock","11":"shipping-taxable","12":"purchasable","13":"product-type-simple"},"yoast_head":"<!-- This site is optimized with the Yoast SEO plugin v25.3.1 - https:\/\/yoast.com\/wordpress\/plugins\/seo\/ -->\n<title>RACK CON VISOR Q RACK DE PIE 19PX20UX600MM - Tienda Rigelec<\/title>\n<meta name=\"description\" content=\"RACK CON VISOR Q RACK DE PIE 19PX20UX600MM Tienda Rigelec RACK CON VISOR Q RACK DE PIE 19PX20UX600MM RACK CON VISOR NEGRO\" \/>\n<meta name=\"robots\" content=\"index, follow, max-snippet:-1, max-image-preview:large, max-video-preview:-1\" \/>\n<link rel=\"canonical\" href=\"https:\/\/tienda.rigelec.com.ar\/?product=rack-con-visor-negro\" \/>\n<meta property=\"og:locale\" content=\"es_ES\" \/>\n<meta property=\"og:type\" content=\"article\" \/>\n<meta property=\"og:title\" content=\"RACK CON VISOR Q RACK DE PIE 19PX20UX600MM - Tienda Rigelec\" \/>\n<meta property=\"og:description\" content=\"RACK CON VISOR Q RACK DE PIE 19PX20UX600MM Tienda Rigelec RACK CON VISOR Q RACK DE PIE 19PX20UX600MM RACK CON VISOR NEGRO\" \/>\n<meta property=\"og:url\" content=\"https:\/\/tienda.rigelec.com.ar\/?product=rack-con-visor-negro\" \/>\n<meta property=\"og:site_name\" content=\"Tienda Rigelec\" \/>\n<meta property=\"article:modified_time\" content=\"2026-05-01T15:51:40+00:00\" \/>\n<meta property=\"og:image\" content=\"https:\/\/tienda.rigelec.com.ar\/wp-content\/uploads\/2024\/12\/Diseno-sin-titulo-77-scaled.png\" \/>\n\t<meta property=\"og:image:width\" content=\"2560\" \/>\n\t<meta property=\"og:image:height\" content=\"2560\" \/>\n\t<meta property=\"og:image:type\" content=\"image\/png\" \/>\n<meta name=\"twitter:card\" content=\"summary_large_image\" \/>\n<meta name=\"twitter:label1\" content=\"Tiempo de lectura\" \/>\n\t<meta name=\"twitter:data1\" content=\"1 minuto\" \/>\n<script type=\"application\/ld+json\" class=\"yoast-schema-graph\">{\"@context\":\"https:\/\/schema.org\",\"@graph\":[{\"@type\":\"WebPage\",\"@id\":\"https:\/\/tienda.rigelec.com.ar\/?product=rack-con-visor-negro\",\"url\":\"https:\/\/tienda.rigelec.com.ar\/?product=rack-con-visor-negro\",\"name\":\"RACK CON VISOR Q RACK DE PIE 19PX20UX600MM - Tienda Rigelec\",\"isPartOf\":{\"@id\":\"https:\/\/tienda.rigelec.com.ar\/#website\"},\"primaryImageOfPage\":{\"@id\":\"https:\/\/tienda.rigelec.com.ar\/?product=rack-con-visor-negro#primaryimage\"},\"image\":{\"@id\":\"https:\/\/tienda.rigelec.com.ar\/?product=rack-con-visor-negro#primaryimage\"},\"thumbnailUrl\":\"https:\/\/tienda.rigelec.com.ar\/wp-content\/uploads\/2024\/12\/Diseno-sin-titulo-77-scaled.png\",\"datePublished\":\"2024-12-19T15:05:01+00:00\",\"dateModified\":\"2026-05-01T15:51:40+00:00\",\"description\":\"RACK CON VISOR Q RACK DE PIE 19PX20UX600MM Tienda Rigelec RACK CON VISOR Q RACK DE PIE 19PX20UX600MM RACK CON VISOR NEGRO\",\"breadcrumb\":{\"@id\":\"https:\/\/tienda.rigelec.com.ar\/?product=rack-con-visor-negro#breadcrumb\"},\"inLanguage\":\"es-AR\",\"potentialAction\":[{\"@type\":\"ReadAction\",\"target\":[\"https:\/\/tienda.rigelec.com.ar\/?product=rack-con-visor-negro\"]}]},{\"@type\":\"ImageObject\",\"inLanguage\":\"es-AR\",\"@id\":\"https:\/\/tienda.rigelec.com.ar\/?product=rack-con-visor-negro#primaryimage\",\"url\":\"https:\/\/tienda.rigelec.com.ar\/wp-content\/uploads\/2024\/12\/Diseno-sin-titulo-77-scaled.png\",\"contentUrl\":\"https:\/\/tienda.rigelec.com.ar\/wp-content\/uploads\/2024\/12\/Diseno-sin-titulo-77-scaled.png\",\"width\":2560,\"height\":2560},{\"@type\":\"BreadcrumbList\",\"@id\":\"https:\/\/tienda.rigelec.com.ar\/?product=rack-con-visor-negro#breadcrumb\",\"itemListElement\":[{\"@type\":\"ListItem\",\"position\":1,\"name\":\"Inicio\",\"item\":\"https:\/\/tienda.rigelec.com.ar\/\"},{\"@type\":\"ListItem\",\"position\":2,\"name\":\"Shop\",\"item\":\"https:\/\/tienda.rigelec.com.ar\/?page_id=12\"},{\"@type\":\"ListItem\",\"position\":3,\"name\":\"RACK CON VISOR Q RACK DE PIE 19PX20UX600MM\"}]},{\"@type\":\"WebSite\",\"@id\":\"https:\/\/tienda.rigelec.com.ar\/#website\",\"url\":\"https:\/\/tienda.rigelec.com.ar\/\",\"name\":\"Tienda Rigelec\",\"description\":\"Energia en movimiento\",\"publisher\":{\"@id\":\"https:\/\/tienda.rigelec.com.ar\/#organization\"},\"potentialAction\":[{\"@type\":\"SearchAction\",\"target\":{\"@type\":\"EntryPoint\",\"urlTemplate\":\"https:\/\/tienda.rigelec.com.ar\/?s={search_term_string}\"},\"query-input\":{\"@type\":\"PropertyValueSpecification\",\"valueRequired\":true,\"valueName\":\"search_term_string\"}}],\"inLanguage\":\"es-AR\"},{\"@type\":\"Organization\",\"@id\":\"https:\/\/tienda.rigelec.com.ar\/#organization\",\"name\":\"Tienda Rigelec\",\"url\":\"https:\/\/tienda.rigelec.com.ar\/\",\"logo\":{\"@type\":\"ImageObject\",\"inLanguage\":\"es-AR\",\"@id\":\"https:\/\/tienda.rigelec.com.ar\/#\/schema\/logo\/image\/\",\"url\":\"https:\/\/tienda.rigelec.com.ar\/wp-content\/uploads\/2024\/09\/isologo-blanco-rigelec.png\",\"contentUrl\":\"https:\/\/tienda.rigelec.com.ar\/wp-content\/uploads\/2024\/09\/isologo-blanco-rigelec.png\",\"width\":94,\"height\":97,\"caption\":\"Tienda Rigelec\"},\"image\":{\"@id\":\"https:\/\/tienda.rigelec.com.ar\/#\/schema\/logo\/image\/\"}}]}<\/script>\n<!-- \/ Yoast SEO plugin. -->","yoast_head_json":{"title":"RACK CON VISOR Q RACK DE PIE 19PX20UX600MM - Tienda Rigelec","description":"RACK CON VISOR Q RACK DE PIE 19PX20UX600MM Tienda Rigelec RACK CON VISOR Q RACK DE PIE 19PX20UX600MM RACK CON VISOR NEGRO","robots":{"index":"index","follow":"follow","max-snippet":"max-snippet:-1","max-image-preview":"max-image-preview:large","max-video-preview":"max-video-preview:-1"},"canonical":"https:\/\/tienda.rigelec.com.ar\/?product=rack-con-visor-negro","og_locale":"es_ES","og_type":"article","og_title":"RACK CON VISOR Q RACK DE PIE 19PX20UX600MM - Tienda Rigelec","og_description":"RACK CON VISOR Q RACK DE PIE 19PX20UX600MM Tienda Rigelec RACK CON VISOR Q RACK DE PIE 19PX20UX600MM RACK CON VISOR NEGRO","og_url":"https:\/\/tienda.rigelec.com.ar\/?product=rack-con-visor-negro","og_site_name":"Tienda Rigelec","article_modified_time":"2026-05-01T15:51:40+00:00","og_image":[{"width":2560,"height":2560,"url":"https:\/\/tienda.rigelec.com.ar\/wp-content\/uploads\/2024\/12\/Diseno-sin-titulo-77-scaled.png","type":"image\/png"}],"twitter_card":"summary_large_image","twitter_misc":{"Tiempo de lectura":"1 minuto"},"schema":{"@context":"https:\/\/schema.org","@graph":[{"@type":"WebPage","@id":"https:\/\/tienda.rigelec.com.ar\/?product=rack-con-visor-negro","url":"https:\/\/tienda.rigelec.com.ar\/?product=rack-con-visor-negro","name":"RACK CON VISOR Q RACK DE PIE 19PX20UX600MM - Tienda Rigelec","isPartOf":{"@id":"https:\/\/tienda.rigelec.com.ar\/#website"},"primaryImageOfPage":{"@id":"https:\/\/tienda.rigelec.com.ar\/?product=rack-con-visor-negro#primaryimage"},"image":{"@id":"https:\/\/tienda.rigelec.com.ar\/?product=rack-con-visor-negro#primaryimage"},"thumbnailUrl":"https:\/\/tienda.rigelec.com.ar\/wp-content\/uploads\/2024\/12\/Diseno-sin-titulo-77-scaled.png","datePublished":"2024-12-19T15:05:01+00:00","dateModified":"2026-05-01T15:51:40+00:00","description":"RACK CON VISOR Q RACK DE PIE 19PX20UX600MM Tienda Rigelec RACK CON VISOR Q RACK DE PIE 19PX20UX600MM RACK CON VISOR NEGRO","breadcrumb":{"@id":"https:\/\/tienda.rigelec.com.ar\/?product=rack-con-visor-negro#breadcrumb"},"inLanguage":"es-AR","potentialAction":[{"@type":"ReadAction","target":["https:\/\/tienda.rigelec.com.ar\/?product=rack-con-visor-negro"]}]},{"@type":"ImageObject","inLanguage":"es-AR","@id":"https:\/\/tienda.rigelec.com.ar\/?product=rack-con-visor-negro#primaryimage","url":"https:\/\/tienda.rigelec.com.ar\/wp-content\/uploads\/2024\/12\/Diseno-sin-titulo-77-scaled.png","contentUrl":"https:\/\/tienda.rigelec.com.ar\/wp-content\/uploads\/2024\/12\/Diseno-sin-titulo-77-scaled.png","width":2560,"height":2560},{"@type":"BreadcrumbList","@id":"https:\/\/tienda.rigelec.com.ar\/?product=rack-con-visor-negro#breadcrumb","itemListElement":[{"@type":"ListItem","position":1,"name":"Inicio","item":"https:\/\/tienda.rigelec.com.ar\/"},{"@type":"ListItem","position":2,"name":"Shop","item":"https:\/\/tienda.rigelec.com.ar\/?page_id=12"},{"@type":"ListItem","position":3,"name":"RACK CON VISOR Q RACK DE PIE 19PX20UX600MM"}]},{"@type":"WebSite","@id":"https:\/\/tienda.rigelec.com.ar\/#website","url":"https:\/\/tienda.rigelec.com.ar\/","name":"Tienda Rigelec","description":"Energia en movimiento","publisher":{"@id":"https:\/\/tienda.rigelec.com.ar\/#organization"},"potentialAction":[{"@type":"SearchAction","target":{"@type":"EntryPoint","urlTemplate":"https:\/\/tienda.rigelec.com.ar\/?s={search_term_string}"},"query-input":{"@type":"PropertyValueSpecification","valueRequired":true,"valueName":"search_term_string"}}],"inLanguage":"es-AR"},{"@type":"Organization","@id":"https:\/\/tienda.rigelec.com.ar\/#organization","name":"Tienda Rigelec","url":"https:\/\/tienda.rigelec.com.ar\/","logo":{"@type":"ImageObject","inLanguage":"es-AR","@id":"https:\/\/tienda.rigelec.com.ar\/#\/schema\/logo\/image\/","url":"https:\/\/tienda.rigelec.com.ar\/wp-content\/uploads\/2024\/09\/isologo-blanco-rigelec.png","contentUrl":"https:\/\/tienda.rigelec.com.ar\/wp-content\/uploads\/2024\/09\/isologo-blanco-rigelec.png","width":94,"height":97,"caption":"Tienda Rigelec"},"image":{"@id":"https:\/\/tienda.rigelec.com.ar\/#\/schema\/logo\/image\/"}}]}},"jetpack_sharing_enabled":true,"_links":{"self":[{"href":"https:\/\/tienda.rigelec.com.ar\/index.php?rest_route=\/wp\/v2\/product\/20825","targetHints":{"allow":["GET"]}}],"collection":[{"href":"https:\/\/tienda.rigelec.com.ar\/index.php?rest_route=\/wp\/v2\/product"}],"about":[{"href":"https:\/\/tienda.rigelec.com.ar\/index.php?rest_route=\/wp\/v2\/types\/product"}],"replies":[{"embeddable":true,"href":"https:\/\/tienda.rigelec.com.ar\/index.php?rest_route=%2Fwp%2Fv2%2Fcomments&post=20825"}],"wp:featuredmedia":[{"embeddable":true,"href":"https:\/\/tienda.rigelec.com.ar\/index.php?rest_route=\/wp\/v2\/media\/32283"}],"wp:attachment":[{"href":"https:\/\/tienda.rigelec.com.ar\/index.php?rest_route=%2Fwp%2Fv2%2Fmedia&parent=20825"}],"wp:term":[{"taxonomy":"product_brand","embeddable":true,"href":"https:\/\/tienda.rigelec.com.ar\/index.php?rest_route=%2Fwp%2Fv2%2Fproduct_brand&post=20825"},{"taxonomy":"product_cat","embeddable":true,"href":"https:\/\/tienda.rigelec.com.ar\/index.php?rest_route=%2Fwp%2Fv2%2Fproduct_cat&post=20825"},{"taxonomy":"product_tag","embeddable":true,"href":"https:\/\/tienda.rigelec.com.ar\/index.php?rest_route=%2Fwp%2Fv2%2Fproduct_tag&post=20825"}],"curies":[{"name":"wp","href":"https:\/\/api.w.org\/{rel}","templated":true}]}}

<p>RACK CON VISOR NEGRO</p>
<p data-start="344" data-end="586">El Rack de pie Q-Rack 19&#8243; – 20U – 600 mm es una solución práctica y segura para la instalación de redes de datos, fibra óptica y equipos de medición. Su diseño robusto garantiza protección y organización en cualquier entorno de trabajo.</p>
<p data-start="588" data-end="885">Cuenta con una puerta frontal con visor de vidrio templado serigrafiado de 4 mm, que ofrece mayor resistencia y permite controlar el interior sin necesidad de abrirla. Además, incluye laterales desmontables que facilitan el acceso a los equipos y simplifican las tareas de mantenimiento.</p>
<p data-start="887" data-end="1223">Con una altura útil de 20U (aprox. 100 cm), un ancho de 60 cm y una profundidad de 60 cm, ofrece espacio suficiente para instalar hasta 20 unidades de rack estándar de 1U o la combinación equivalente de equipos de diferentes tamaños. También incorpora un fondo abierto, que mejora la ventilación y el pasaje de cables.</p>
<p data-start="1225" data-end="1441">El rack se entrega con todos los accesorios necesarios para su instalación: 4 soportes rackeables, 4 guías de montaje, 4 patas de nivelación, cierre plano con llave, bisagras metálicas y laterales desmontables.</p>
<p data-start="1443" data-end="1628">En definitiva, el Q-Rack 19&#8243; – 20U es una opción confiable, versátil y resistente, diseñada para profesionales que necesitan orden, seguridad y accesibilidad en sus instalaciones.</p>

<p>Q Rack de pie de 19&#8243; (600 mm. de ancho), es apto para la instalación de redes de datos, fibra óptica, elementos de medidas, tanto normalizadas como no normalizadas. Cuenta con fondo abierto.</p>
<p>Accesorios incluidos:<br />
· 4 soportes rackeables.<br />
· Puerta con visor de vidrio templado de 4 mm espesor,<br />
serigrafiado.<br />
· 4 Guías de montaje.<br />
· 4 Patas de nivelación.<br />
· Cierre plano con llave, color negro.<br />
· Bisagras altas metálicas.<br />
· Laterales desmontables.</p>
