{"id":21941,"date":"2024-12-19T13:15:04","date_gmt":"2024-12-19T16:15:04","guid":{"rendered":"https:\/\/tienda.test.rigelec.com.ar\/?product=gabinete-modular-estandar-con-tapa-trasera-serie-97-1200x2100x450-mm"},"modified":"2026-05-04T10:23:32","modified_gmt":"2026-05-04T13:23:32","slug":"gabinete-modular-estandar-con-tapa-trasera-serie-97-1200x2100x450-mm","status":"publish","type":"product","link":"https:\/\/tienda.rigelec.com.ar\/?product=gabinete-modular-estandar-con-tapa-trasera-serie-97-1200x2100x450-mm","title":{"rendered":"GABINETE MODULAR ESTANDAR CON TAPA TRASERA SERIE 97 1200X2100X450 MM"},"content":{"rendered":"<p>GABINETE MODULAR ESTANDAR CON TAPA TRASERA<\/p>\n","protected":false},"excerpt":{"rendered":"<p>Es un sistema de gabinetes modulares, componibles entre s\u00ed, con un grado de protecci\u00f3n IP42. Todas las partes son de f\u00e1cil ensamblado, mediante el uso de herramientas de mano, utilizando bulones est\u00e1ndar.<br \/>\nNo incluye: bandeja y, laterales<br \/>\nSon aptos para la colocaci\u00f3n de c\u00e1ncamos. <\/p>\n","protected":false},"featured_media":21942,"comment_status":"open","ping_status":"closed","template":"","meta":{"_monsterinsights_skip_tracking":false,"_monsterinsights_sitenote_active":false,"_monsterinsights_sitenote_note":"","_monsterinsights_sitenote_category":0},"product_brand":[],"product_cat":[353],"product_tag":[66],"class_list":{"0":"post-21941","1":"product","2":"type-product","3":"status-publish","4":"has-post-thumbnail","6":"product_cat-e-gabinetes","7":"product_tag-genrod","9":"first","10":"outofstock","11":"shipping-taxable","12":"purchasable","13":"product-type-simple"},"yoast_head":"<!-- This site is optimized with the Yoast SEO plugin v25.3.1 - https:\/\/yoast.com\/wordpress\/plugins\/seo\/ -->\n<title>GABINETE MODULAR ESTANDAR CON TAPA TRASERA SERIE 97 1200X2100X450 MM - Tienda Rigelec<\/title>\n<meta name=\"robots\" content=\"index, follow, max-snippet:-1, max-image-preview:large, max-video-preview:-1\" \/>\n<link rel=\"canonical\" href=\"https:\/\/tienda.rigelec.com.ar\/?product=gabinete-modular-estandar-con-tapa-trasera-serie-97-1200x2100x450-mm\" \/>\n<meta property=\"og:locale\" content=\"es_ES\" \/>\n<meta property=\"og:type\" content=\"article\" \/>\n<meta property=\"og:title\" content=\"GABINETE MODULAR ESTANDAR CON TAPA TRASERA SERIE 97 1200X2100X450 MM - Tienda Rigelec\" \/>\n<meta property=\"og:description\" content=\"Es un sistema de gabinetes modulares, componibles entre s\u00ed, con un grado de protecci\u00f3n IP42. Todas las partes son de f\u00e1cil ensamblado, mediante el uso de herramientas de mano, utilizando bulones est\u00e1ndar. No incluye: bandeja y, laterales Son aptos para la colocaci\u00f3n de c\u00e1ncamos.\" \/>\n<meta property=\"og:url\" content=\"https:\/\/tienda.rigelec.com.ar\/?product=gabinete-modular-estandar-con-tapa-trasera-serie-97-1200x2100x450-mm\" \/>\n<meta property=\"og:site_name\" content=\"Tienda Rigelec\" \/>\n<meta property=\"article:modified_time\" content=\"2026-05-04T13:23:32+00:00\" \/>\n<meta property=\"og:image\" content=\"https:\/\/tienda.rigelec.com.ar\/wp-content\/uploads\/2024\/12\/GABINETEMODULARESTANDARCONTAPATRASERA-1.jpg\" \/>\n\t<meta property=\"og:image:width\" content=\"1080\" \/>\n\t<meta property=\"og:image:height\" content=\"961\" \/>\n\t<meta property=\"og:image:type\" content=\"image\/jpeg\" \/>\n<meta name=\"twitter:card\" content=\"summary_large_image\" \/>\n<script type=\"application\/ld+json\" class=\"yoast-schema-graph\">{\"@context\":\"https:\/\/schema.org\",\"@graph\":[{\"@type\":\"WebPage\",\"@id\":\"https:\/\/tienda.rigelec.com.ar\/?product=gabinete-modular-estandar-con-tapa-trasera-serie-97-1200x2100x450-mm\",\"url\":\"https:\/\/tienda.rigelec.com.ar\/?product=gabinete-modular-estandar-con-tapa-trasera-serie-97-1200x2100x450-mm\",\"name\":\"GABINETE MODULAR ESTANDAR CON TAPA TRASERA SERIE 97 1200X2100X450 MM - Tienda Rigelec\",\"isPartOf\":{\"@id\":\"https:\/\/tienda.rigelec.com.ar\/#website\"},\"primaryImageOfPage\":{\"@id\":\"https:\/\/tienda.rigelec.com.ar\/?product=gabinete-modular-estandar-con-tapa-trasera-serie-97-1200x2100x450-mm#primaryimage\"},\"image\":{\"@id\":\"https:\/\/tienda.rigelec.com.ar\/?product=gabinete-modular-estandar-con-tapa-trasera-serie-97-1200x2100x450-mm#primaryimage\"},\"thumbnailUrl\":\"https:\/\/tienda.rigelec.com.ar\/wp-content\/uploads\/2024\/12\/GABINETEMODULARESTANDARCONTAPATRASERA-1.jpg\",\"datePublished\":\"2024-12-19T16:15:04+00:00\",\"dateModified\":\"2026-05-04T13:23:32+00:00\",\"breadcrumb\":{\"@id\":\"https:\/\/tienda.rigelec.com.ar\/?product=gabinete-modular-estandar-con-tapa-trasera-serie-97-1200x2100x450-mm#breadcrumb\"},\"inLanguage\":\"es-AR\",\"potentialAction\":[{\"@type\":\"ReadAction\",\"target\":[\"https:\/\/tienda.rigelec.com.ar\/?product=gabinete-modular-estandar-con-tapa-trasera-serie-97-1200x2100x450-mm\"]}]},{\"@type\":\"ImageObject\",\"inLanguage\":\"es-AR\",\"@id\":\"https:\/\/tienda.rigelec.com.ar\/?product=gabinete-modular-estandar-con-tapa-trasera-serie-97-1200x2100x450-mm#primaryimage\",\"url\":\"https:\/\/tienda.rigelec.com.ar\/wp-content\/uploads\/2024\/12\/GABINETEMODULARESTANDARCONTAPATRASERA-1.jpg\",\"contentUrl\":\"https:\/\/tienda.rigelec.com.ar\/wp-content\/uploads\/2024\/12\/GABINETEMODULARESTANDARCONTAPATRASERA-1.jpg\",\"width\":1080,\"height\":961},{\"@type\":\"BreadcrumbList\",\"@id\":\"https:\/\/tienda.rigelec.com.ar\/?product=gabinete-modular-estandar-con-tapa-trasera-serie-97-1200x2100x450-mm#breadcrumb\",\"itemListElement\":[{\"@type\":\"ListItem\",\"position\":1,\"name\":\"Inicio\",\"item\":\"https:\/\/tienda.rigelec.com.ar\/\"},{\"@type\":\"ListItem\",\"position\":2,\"name\":\"Shop\",\"item\":\"https:\/\/tienda.rigelec.com.ar\/?page_id=12\"},{\"@type\":\"ListItem\",\"position\":3,\"name\":\"GABINETE MODULAR ESTANDAR CON TAPA TRASERA SERIE 97 1200X2100X450 MM\"}]},{\"@type\":\"WebSite\",\"@id\":\"https:\/\/tienda.rigelec.com.ar\/#website\",\"url\":\"https:\/\/tienda.rigelec.com.ar\/\",\"name\":\"Tienda Rigelec\",\"description\":\"Energia en movimiento\",\"publisher\":{\"@id\":\"https:\/\/tienda.rigelec.com.ar\/#organization\"},\"potentialAction\":[{\"@type\":\"SearchAction\",\"target\":{\"@type\":\"EntryPoint\",\"urlTemplate\":\"https:\/\/tienda.rigelec.com.ar\/?s={search_term_string}\"},\"query-input\":{\"@type\":\"PropertyValueSpecification\",\"valueRequired\":true,\"valueName\":\"search_term_string\"}}],\"inLanguage\":\"es-AR\"},{\"@type\":\"Organization\",\"@id\":\"https:\/\/tienda.rigelec.com.ar\/#organization\",\"name\":\"Tienda Rigelec\",\"url\":\"https:\/\/tienda.rigelec.com.ar\/\",\"logo\":{\"@type\":\"ImageObject\",\"inLanguage\":\"es-AR\",\"@id\":\"https:\/\/tienda.rigelec.com.ar\/#\/schema\/logo\/image\/\",\"url\":\"https:\/\/tienda.rigelec.com.ar\/wp-content\/uploads\/2024\/09\/isologo-blanco-rigelec.png\",\"contentUrl\":\"https:\/\/tienda.rigelec.com.ar\/wp-content\/uploads\/2024\/09\/isologo-blanco-rigelec.png\",\"width\":94,\"height\":97,\"caption\":\"Tienda Rigelec\"},\"image\":{\"@id\":\"https:\/\/tienda.rigelec.com.ar\/#\/schema\/logo\/image\/\"}}]}<\/script>\n<!-- \/ Yoast SEO plugin. -->","yoast_head_json":{"title":"GABINETE MODULAR ESTANDAR CON TAPA TRASERA SERIE 97 1200X2100X450 MM - Tienda Rigelec","robots":{"index":"index","follow":"follow","max-snippet":"max-snippet:-1","max-image-preview":"max-image-preview:large","max-video-preview":"max-video-preview:-1"},"canonical":"https:\/\/tienda.rigelec.com.ar\/?product=gabinete-modular-estandar-con-tapa-trasera-serie-97-1200x2100x450-mm","og_locale":"es_ES","og_type":"article","og_title":"GABINETE MODULAR ESTANDAR CON TAPA TRASERA SERIE 97 1200X2100X450 MM - Tienda Rigelec","og_description":"Es un sistema de gabinetes modulares, componibles entre s\u00ed, con un grado de protecci\u00f3n IP42. Todas las partes son de f\u00e1cil ensamblado, mediante el uso de herramientas de mano, utilizando bulones est\u00e1ndar. No incluye: bandeja y, laterales Son aptos para la colocaci\u00f3n de c\u00e1ncamos.","og_url":"https:\/\/tienda.rigelec.com.ar\/?product=gabinete-modular-estandar-con-tapa-trasera-serie-97-1200x2100x450-mm","og_site_name":"Tienda Rigelec","article_modified_time":"2026-05-04T13:23:32+00:00","og_image":[{"width":1080,"height":961,"url":"https:\/\/tienda.rigelec.com.ar\/wp-content\/uploads\/2024\/12\/GABINETEMODULARESTANDARCONTAPATRASERA-1.jpg","type":"image\/jpeg"}],"twitter_card":"summary_large_image","schema":{"@context":"https:\/\/schema.org","@graph":[{"@type":"WebPage","@id":"https:\/\/tienda.rigelec.com.ar\/?product=gabinete-modular-estandar-con-tapa-trasera-serie-97-1200x2100x450-mm","url":"https:\/\/tienda.rigelec.com.ar\/?product=gabinete-modular-estandar-con-tapa-trasera-serie-97-1200x2100x450-mm","name":"GABINETE MODULAR ESTANDAR CON TAPA TRASERA SERIE 97 1200X2100X450 MM - Tienda Rigelec","isPartOf":{"@id":"https:\/\/tienda.rigelec.com.ar\/#website"},"primaryImageOfPage":{"@id":"https:\/\/tienda.rigelec.com.ar\/?product=gabinete-modular-estandar-con-tapa-trasera-serie-97-1200x2100x450-mm#primaryimage"},"image":{"@id":"https:\/\/tienda.rigelec.com.ar\/?product=gabinete-modular-estandar-con-tapa-trasera-serie-97-1200x2100x450-mm#primaryimage"},"thumbnailUrl":"https:\/\/tienda.rigelec.com.ar\/wp-content\/uploads\/2024\/12\/GABINETEMODULARESTANDARCONTAPATRASERA-1.jpg","datePublished":"2024-12-19T16:15:04+00:00","dateModified":"2026-05-04T13:23:32+00:00","breadcrumb":{"@id":"https:\/\/tienda.rigelec.com.ar\/?product=gabinete-modular-estandar-con-tapa-trasera-serie-97-1200x2100x450-mm#breadcrumb"},"inLanguage":"es-AR","potentialAction":[{"@type":"ReadAction","target":["https:\/\/tienda.rigelec.com.ar\/?product=gabinete-modular-estandar-con-tapa-trasera-serie-97-1200x2100x450-mm"]}]},{"@type":"ImageObject","inLanguage":"es-AR","@id":"https:\/\/tienda.rigelec.com.ar\/?product=gabinete-modular-estandar-con-tapa-trasera-serie-97-1200x2100x450-mm#primaryimage","url":"https:\/\/tienda.rigelec.com.ar\/wp-content\/uploads\/2024\/12\/GABINETEMODULARESTANDARCONTAPATRASERA-1.jpg","contentUrl":"https:\/\/tienda.rigelec.com.ar\/wp-content\/uploads\/2024\/12\/GABINETEMODULARESTANDARCONTAPATRASERA-1.jpg","width":1080,"height":961},{"@type":"BreadcrumbList","@id":"https:\/\/tienda.rigelec.com.ar\/?product=gabinete-modular-estandar-con-tapa-trasera-serie-97-1200x2100x450-mm#breadcrumb","itemListElement":[{"@type":"ListItem","position":1,"name":"Inicio","item":"https:\/\/tienda.rigelec.com.ar\/"},{"@type":"ListItem","position":2,"name":"Shop","item":"https:\/\/tienda.rigelec.com.ar\/?page_id=12"},{"@type":"ListItem","position":3,"name":"GABINETE MODULAR ESTANDAR CON TAPA TRASERA SERIE 97 1200X2100X450 MM"}]},{"@type":"WebSite","@id":"https:\/\/tienda.rigelec.com.ar\/#website","url":"https:\/\/tienda.rigelec.com.ar\/","name":"Tienda Rigelec","description":"Energia en movimiento","publisher":{"@id":"https:\/\/tienda.rigelec.com.ar\/#organization"},"potentialAction":[{"@type":"SearchAction","target":{"@type":"EntryPoint","urlTemplate":"https:\/\/tienda.rigelec.com.ar\/?s={search_term_string}"},"query-input":{"@type":"PropertyValueSpecification","valueRequired":true,"valueName":"search_term_string"}}],"inLanguage":"es-AR"},{"@type":"Organization","@id":"https:\/\/tienda.rigelec.com.ar\/#organization","name":"Tienda Rigelec","url":"https:\/\/tienda.rigelec.com.ar\/","logo":{"@type":"ImageObject","inLanguage":"es-AR","@id":"https:\/\/tienda.rigelec.com.ar\/#\/schema\/logo\/image\/","url":"https:\/\/tienda.rigelec.com.ar\/wp-content\/uploads\/2024\/09\/isologo-blanco-rigelec.png","contentUrl":"https:\/\/tienda.rigelec.com.ar\/wp-content\/uploads\/2024\/09\/isologo-blanco-rigelec.png","width":94,"height":97,"caption":"Tienda Rigelec"},"image":{"@id":"https:\/\/tienda.rigelec.com.ar\/#\/schema\/logo\/image\/"}}]}},"jetpack_sharing_enabled":true,"_links":{"self":[{"href":"https:\/\/tienda.rigelec.com.ar\/index.php?rest_route=\/wp\/v2\/product\/21941","targetHints":{"allow":["GET"]}}],"collection":[{"href":"https:\/\/tienda.rigelec.com.ar\/index.php?rest_route=\/wp\/v2\/product"}],"about":[{"href":"https:\/\/tienda.rigelec.com.ar\/index.php?rest_route=\/wp\/v2\/types\/product"}],"replies":[{"embeddable":true,"href":"https:\/\/tienda.rigelec.com.ar\/index.php?rest_route=%2Fwp%2Fv2%2Fcomments&post=21941"}],"wp:featuredmedia":[{"embeddable":true,"href":"https:\/\/tienda.rigelec.com.ar\/index.php?rest_route=\/wp\/v2\/media\/21942"}],"wp:attachment":[{"href":"https:\/\/tienda.rigelec.com.ar\/index.php?rest_route=%2Fwp%2Fv2%2Fmedia&parent=21941"}],"wp:term":[{"taxonomy":"product_brand","embeddable":true,"href":"https:\/\/tienda.rigelec.com.ar\/index.php?rest_route=%2Fwp%2Fv2%2Fproduct_brand&post=21941"},{"taxonomy":"product_cat","embeddable":true,"href":"https:\/\/tienda.rigelec.com.ar\/index.php?rest_route=%2Fwp%2Fv2%2Fproduct_cat&post=21941"},{"taxonomy":"product_tag","embeddable":true,"href":"https:\/\/tienda.rigelec.com.ar\/index.php?rest_route=%2Fwp%2Fv2%2Fproduct_tag&post=21941"}],"curies":[{"name":"wp","href":"https:\/\/api.w.org\/{rel}","templated":true}]}}