{"id":21975,"date":"2024-12-19T13:17:50","date_gmt":"2024-12-19T16:17:50","guid":{"rendered":"https:\/\/tienda.test.rigelec.com.ar\/?product=modulo-toma-usb-doble-a-c-blanco-220v-5a"},"modified":"2026-05-01T00:51:14","modified_gmt":"2026-05-01T03:51:14","slug":"modulo-toma-usb-doble-a-c-blanco-220v-5a","status":"publish","type":"product","link":"https:\/\/tienda.rigelec.com.ar\/?product=modulo-toma-usb-doble-a-c-blanco-220v-5a","title":{"rendered":"MODULO TOMA USB DOBLE A + C BLANCO  220V &#8211; 5A"},"content":{"rendered":"<p>MODULO TOMA USB DOBLE A + C BLANCO<\/p>\n","protected":false},"excerpt":{"rendered":"<p>MODULO CARGADOR USB DOBLE &#8220;A&#8221; + &#8220;C&#8221; 220v BLANCO 5<br \/>\nTomacorrientes USB doble tipo A+C. 2 m\u00f3dulos. 100-240Vac. 5V 5A.<\/p>\n<p>Funci\u00f3n<br \/>\nPermite cargar la bater\u00eda de dispositivos m\u00f3viles con conexi\u00f3n a puerto USB que cumplen con la normas USB 2.0 BC1.2 (Battery Charging Specification, Revision 1.2); Apple\u00ae 2.4A\/2.0A\/1.0A, Samsung\u00ae 2.0A. Conecte su dispositivo m\u00f3vil al conector USB frontal y el mismo comenzar\u00e1 a cargarse autom\u00e1ticamente, la velocidad de carga e indicaci\u00f3n de la finalizaci\u00f3n de dicho proceso es controlada e indicada por el dispositivo m\u00f3vil. Un LED ilumina de forma tenue y de color azul el interior del conector, para facilitar su ubicaci\u00f3n en ambientes poco iluminados y a la vez indicar que el m\u00f3dulo se encuentra energizado. \u0095 Apple\u00ae es marca registrada de Apple Inc. \u0095 Samsung\u00ae es marca registrada de Samsung Group.<\/p>\n<p>Caracter\u00edsticas el\u00e9ctricas: 100-240V~ \/ 5Vcc 5A<br \/>\nCaracter\u00edsticas: Doble<br \/>\nColor: Blanco<br \/>\nAcabado: Brillante<br \/>\nCertificado 1: LCS-2969<\/p>\n","protected":false},"featured_media":21976,"comment_status":"open","ping_status":"closed","template":"","meta":{"_monsterinsights_skip_tracking":false,"_monsterinsights_sitenote_active":false,"_monsterinsights_sitenote_note":"","_monsterinsights_sitenote_category":0},"product_brand":[],"product_cat":[301],"product_tag":[139],"class_list":{"0":"post-21975","1":"product","2":"type-product","3":"status-publish","4":"has-post-thumbnail","6":"product_cat-4-accesorios","7":"product_tag-cambre","9":"first","10":"instock","11":"shipping-taxable","12":"purchasable","13":"product-type-simple"},"yoast_head":"<!-- This site is optimized with the Yoast SEO plugin v25.3.1 - https:\/\/yoast.com\/wordpress\/plugins\/seo\/ -->\n<title>MODULO TOMA USB DOBLE A + C BLANCO 220V - 5A - Tienda Rigelec<\/title>\n<meta name=\"robots\" content=\"index, follow, max-snippet:-1, max-image-preview:large, max-video-preview:-1\" \/>\n<link rel=\"canonical\" href=\"https:\/\/tienda.rigelec.com.ar\/?product=modulo-toma-usb-doble-a-c-blanco-220v-5a\" \/>\n<meta property=\"og:locale\" content=\"es_ES\" \/>\n<meta property=\"og:type\" content=\"article\" \/>\n<meta property=\"og:title\" content=\"MODULO TOMA USB DOBLE A + C BLANCO 220V - 5A - Tienda Rigelec\" \/>\n<meta property=\"og:description\" content=\"MODULO CARGADOR USB DOBLE &quot;A&quot; + &quot;C&quot; 220v BLANCO 5 Tomacorrientes USB doble tipo A+C. 2 m\u00f3dulos. 100-240Vac. 5V 5A.  Funci\u00f3n Permite cargar la bater\u00eda de dispositivos m\u00f3viles con conexi\u00f3n a puerto USB que cumplen con la normas USB 2.0 BC1.2 (Battery Charging Specification, Revision 1.2); Apple\u00ae 2.4A\/2.0A\/1.0A, Samsung\u00ae 2.0A. Conecte su dispositivo m\u00f3vil al conector USB frontal y el mismo comenzar\u00e1 a cargarse autom\u00e1ticamente, la velocidad de carga e indicaci\u00f3n de la finalizaci\u00f3n de dicho proceso es controlada e indicada por el dispositivo m\u00f3vil. Un LED ilumina de forma tenue y de color azul el interior del conector, para facilitar su ubicaci\u00f3n en ambientes poco iluminados y a la vez indicar que el m\u00f3dulo se encuentra energizado. \u0095 Apple\u00ae es marca registrada de Apple Inc. \u0095 Samsung\u00ae es marca registrada de Samsung Group.  Caracter\u00edsticas el\u00e9ctricas: 100-240V~ \/ 5Vcc 5A Caracter\u00edsticas: Doble Color: Blanco Acabado: Brillante Certificado 1: LCS-2969\" \/>\n<meta property=\"og:url\" content=\"https:\/\/tienda.rigelec.com.ar\/?product=modulo-toma-usb-doble-a-c-blanco-220v-5a\" \/>\n<meta property=\"og:site_name\" content=\"Tienda Rigelec\" \/>\n<meta property=\"article:modified_time\" content=\"2026-05-01T03:51:14+00:00\" \/>\n<meta property=\"og:image\" content=\"https:\/\/tienda.rigelec.com.ar\/wp-content\/uploads\/2024\/12\/MODULOTOMAUSBDOBLEACBLANCO.jpg\" \/>\n\t<meta property=\"og:image:width\" content=\"948\" \/>\n\t<meta property=\"og:image:height\" content=\"957\" \/>\n\t<meta property=\"og:image:type\" content=\"image\/jpeg\" \/>\n<meta name=\"twitter:card\" content=\"summary_large_image\" \/>\n<script type=\"application\/ld+json\" class=\"yoast-schema-graph\">{\"@context\":\"https:\/\/schema.org\",\"@graph\":[{\"@type\":\"WebPage\",\"@id\":\"https:\/\/tienda.rigelec.com.ar\/?product=modulo-toma-usb-doble-a-c-blanco-220v-5a\",\"url\":\"https:\/\/tienda.rigelec.com.ar\/?product=modulo-toma-usb-doble-a-c-blanco-220v-5a\",\"name\":\"MODULO TOMA USB DOBLE A + C BLANCO 220V - 5A - Tienda Rigelec\",\"isPartOf\":{\"@id\":\"https:\/\/tienda.rigelec.com.ar\/#website\"},\"primaryImageOfPage\":{\"@id\":\"https:\/\/tienda.rigelec.com.ar\/?product=modulo-toma-usb-doble-a-c-blanco-220v-5a#primaryimage\"},\"image\":{\"@id\":\"https:\/\/tienda.rigelec.com.ar\/?product=modulo-toma-usb-doble-a-c-blanco-220v-5a#primaryimage\"},\"thumbnailUrl\":\"https:\/\/tienda.rigelec.com.ar\/wp-content\/uploads\/2024\/12\/MODULOTOMAUSBDOBLEACBLANCO.jpg\",\"datePublished\":\"2024-12-19T16:17:50+00:00\",\"dateModified\":\"2026-05-01T03:51:14+00:00\",\"breadcrumb\":{\"@id\":\"https:\/\/tienda.rigelec.com.ar\/?product=modulo-toma-usb-doble-a-c-blanco-220v-5a#breadcrumb\"},\"inLanguage\":\"es-AR\",\"potentialAction\":[{\"@type\":\"ReadAction\",\"target\":[\"https:\/\/tienda.rigelec.com.ar\/?product=modulo-toma-usb-doble-a-c-blanco-220v-5a\"]}]},{\"@type\":\"ImageObject\",\"inLanguage\":\"es-AR\",\"@id\":\"https:\/\/tienda.rigelec.com.ar\/?product=modulo-toma-usb-doble-a-c-blanco-220v-5a#primaryimage\",\"url\":\"https:\/\/tienda.rigelec.com.ar\/wp-content\/uploads\/2024\/12\/MODULOTOMAUSBDOBLEACBLANCO.jpg\",\"contentUrl\":\"https:\/\/tienda.rigelec.com.ar\/wp-content\/uploads\/2024\/12\/MODULOTOMAUSBDOBLEACBLANCO.jpg\",\"width\":948,\"height\":957},{\"@type\":\"BreadcrumbList\",\"@id\":\"https:\/\/tienda.rigelec.com.ar\/?product=modulo-toma-usb-doble-a-c-blanco-220v-5a#breadcrumb\",\"itemListElement\":[{\"@type\":\"ListItem\",\"position\":1,\"name\":\"Inicio\",\"item\":\"https:\/\/tienda.rigelec.com.ar\/\"},{\"@type\":\"ListItem\",\"position\":2,\"name\":\"Shop\",\"item\":\"https:\/\/tienda.rigelec.com.ar\/?page_id=12\"},{\"@type\":\"ListItem\",\"position\":3,\"name\":\"MODULO TOMA USB DOBLE A + C BLANCO 220V &#8211; 5A\"}]},{\"@type\":\"WebSite\",\"@id\":\"https:\/\/tienda.rigelec.com.ar\/#website\",\"url\":\"https:\/\/tienda.rigelec.com.ar\/\",\"name\":\"Tienda Rigelec\",\"description\":\"Energia en movimiento\",\"publisher\":{\"@id\":\"https:\/\/tienda.rigelec.com.ar\/#organization\"},\"potentialAction\":[{\"@type\":\"SearchAction\",\"target\":{\"@type\":\"EntryPoint\",\"urlTemplate\":\"https:\/\/tienda.rigelec.com.ar\/?s={search_term_string}\"},\"query-input\":{\"@type\":\"PropertyValueSpecification\",\"valueRequired\":true,\"valueName\":\"search_term_string\"}}],\"inLanguage\":\"es-AR\"},{\"@type\":\"Organization\",\"@id\":\"https:\/\/tienda.rigelec.com.ar\/#organization\",\"name\":\"Tienda Rigelec\",\"url\":\"https:\/\/tienda.rigelec.com.ar\/\",\"logo\":{\"@type\":\"ImageObject\",\"inLanguage\":\"es-AR\",\"@id\":\"https:\/\/tienda.rigelec.com.ar\/#\/schema\/logo\/image\/\",\"url\":\"https:\/\/tienda.rigelec.com.ar\/wp-content\/uploads\/2024\/09\/isologo-blanco-rigelec.png\",\"contentUrl\":\"https:\/\/tienda.rigelec.com.ar\/wp-content\/uploads\/2024\/09\/isologo-blanco-rigelec.png\",\"width\":94,\"height\":97,\"caption\":\"Tienda Rigelec\"},\"image\":{\"@id\":\"https:\/\/tienda.rigelec.com.ar\/#\/schema\/logo\/image\/\"}}]}<\/script>\n<!-- \/ Yoast SEO plugin. -->","yoast_head_json":{"title":"MODULO TOMA USB DOBLE A + C BLANCO 220V - 5A - Tienda Rigelec","robots":{"index":"index","follow":"follow","max-snippet":"max-snippet:-1","max-image-preview":"max-image-preview:large","max-video-preview":"max-video-preview:-1"},"canonical":"https:\/\/tienda.rigelec.com.ar\/?product=modulo-toma-usb-doble-a-c-blanco-220v-5a","og_locale":"es_ES","og_type":"article","og_title":"MODULO TOMA USB DOBLE A + C BLANCO 220V - 5A - Tienda Rigelec","og_description":"MODULO CARGADOR USB DOBLE \"A\" + \"C\" 220v BLANCO 5 Tomacorrientes USB doble tipo A+C. 2 m\u00f3dulos. 100-240Vac. 5V 5A.  Funci\u00f3n Permite cargar la bater\u00eda de dispositivos m\u00f3viles con conexi\u00f3n a puerto USB que cumplen con la normas USB 2.0 BC1.2 (Battery Charging Specification, Revision 1.2); Apple\u00ae 2.4A\/2.0A\/1.0A, Samsung\u00ae 2.0A. Conecte su dispositivo m\u00f3vil al conector USB frontal y el mismo comenzar\u00e1 a cargarse autom\u00e1ticamente, la velocidad de carga e indicaci\u00f3n de la finalizaci\u00f3n de dicho proceso es controlada e indicada por el dispositivo m\u00f3vil. Un LED ilumina de forma tenue y de color azul el interior del conector, para facilitar su ubicaci\u00f3n en ambientes poco iluminados y a la vez indicar que el m\u00f3dulo se encuentra energizado. \u0095 Apple\u00ae es marca registrada de Apple Inc. \u0095 Samsung\u00ae es marca registrada de Samsung Group.  Caracter\u00edsticas el\u00e9ctricas: 100-240V~ \/ 5Vcc 5A Caracter\u00edsticas: Doble Color: Blanco Acabado: Brillante Certificado 1: LCS-2969","og_url":"https:\/\/tienda.rigelec.com.ar\/?product=modulo-toma-usb-doble-a-c-blanco-220v-5a","og_site_name":"Tienda Rigelec","article_modified_time":"2026-05-01T03:51:14+00:00","og_image":[{"width":948,"height":957,"url":"https:\/\/tienda.rigelec.com.ar\/wp-content\/uploads\/2024\/12\/MODULOTOMAUSBDOBLEACBLANCO.jpg","type":"image\/jpeg"}],"twitter_card":"summary_large_image","schema":{"@context":"https:\/\/schema.org","@graph":[{"@type":"WebPage","@id":"https:\/\/tienda.rigelec.com.ar\/?product=modulo-toma-usb-doble-a-c-blanco-220v-5a","url":"https:\/\/tienda.rigelec.com.ar\/?product=modulo-toma-usb-doble-a-c-blanco-220v-5a","name":"MODULO TOMA USB DOBLE A + C BLANCO 220V - 5A - Tienda Rigelec","isPartOf":{"@id":"https:\/\/tienda.rigelec.com.ar\/#website"},"primaryImageOfPage":{"@id":"https:\/\/tienda.rigelec.com.ar\/?product=modulo-toma-usb-doble-a-c-blanco-220v-5a#primaryimage"},"image":{"@id":"https:\/\/tienda.rigelec.com.ar\/?product=modulo-toma-usb-doble-a-c-blanco-220v-5a#primaryimage"},"thumbnailUrl":"https:\/\/tienda.rigelec.com.ar\/wp-content\/uploads\/2024\/12\/MODULOTOMAUSBDOBLEACBLANCO.jpg","datePublished":"2024-12-19T16:17:50+00:00","dateModified":"2026-05-01T03:51:14+00:00","breadcrumb":{"@id":"https:\/\/tienda.rigelec.com.ar\/?product=modulo-toma-usb-doble-a-c-blanco-220v-5a#breadcrumb"},"inLanguage":"es-AR","potentialAction":[{"@type":"ReadAction","target":["https:\/\/tienda.rigelec.com.ar\/?product=modulo-toma-usb-doble-a-c-blanco-220v-5a"]}]},{"@type":"ImageObject","inLanguage":"es-AR","@id":"https:\/\/tienda.rigelec.com.ar\/?product=modulo-toma-usb-doble-a-c-blanco-220v-5a#primaryimage","url":"https:\/\/tienda.rigelec.com.ar\/wp-content\/uploads\/2024\/12\/MODULOTOMAUSBDOBLEACBLANCO.jpg","contentUrl":"https:\/\/tienda.rigelec.com.ar\/wp-content\/uploads\/2024\/12\/MODULOTOMAUSBDOBLEACBLANCO.jpg","width":948,"height":957},{"@type":"BreadcrumbList","@id":"https:\/\/tienda.rigelec.com.ar\/?product=modulo-toma-usb-doble-a-c-blanco-220v-5a#breadcrumb","itemListElement":[{"@type":"ListItem","position":1,"name":"Inicio","item":"https:\/\/tienda.rigelec.com.ar\/"},{"@type":"ListItem","position":2,"name":"Shop","item":"https:\/\/tienda.rigelec.com.ar\/?page_id=12"},{"@type":"ListItem","position":3,"name":"MODULO TOMA USB DOBLE A + C BLANCO 220V &#8211; 5A"}]},{"@type":"WebSite","@id":"https:\/\/tienda.rigelec.com.ar\/#website","url":"https:\/\/tienda.rigelec.com.ar\/","name":"Tienda Rigelec","description":"Energia en movimiento","publisher":{"@id":"https:\/\/tienda.rigelec.com.ar\/#organization"},"potentialAction":[{"@type":"SearchAction","target":{"@type":"EntryPoint","urlTemplate":"https:\/\/tienda.rigelec.com.ar\/?s={search_term_string}"},"query-input":{"@type":"PropertyValueSpecification","valueRequired":true,"valueName":"search_term_string"}}],"inLanguage":"es-AR"},{"@type":"Organization","@id":"https:\/\/tienda.rigelec.com.ar\/#organization","name":"Tienda Rigelec","url":"https:\/\/tienda.rigelec.com.ar\/","logo":{"@type":"ImageObject","inLanguage":"es-AR","@id":"https:\/\/tienda.rigelec.com.ar\/#\/schema\/logo\/image\/","url":"https:\/\/tienda.rigelec.com.ar\/wp-content\/uploads\/2024\/09\/isologo-blanco-rigelec.png","contentUrl":"https:\/\/tienda.rigelec.com.ar\/wp-content\/uploads\/2024\/09\/isologo-blanco-rigelec.png","width":94,"height":97,"caption":"Tienda Rigelec"},"image":{"@id":"https:\/\/tienda.rigelec.com.ar\/#\/schema\/logo\/image\/"}}]}},"jetpack_sharing_enabled":true,"_links":{"self":[{"href":"https:\/\/tienda.rigelec.com.ar\/index.php?rest_route=\/wp\/v2\/product\/21975","targetHints":{"allow":["GET"]}}],"collection":[{"href":"https:\/\/tienda.rigelec.com.ar\/index.php?rest_route=\/wp\/v2\/product"}],"about":[{"href":"https:\/\/tienda.rigelec.com.ar\/index.php?rest_route=\/wp\/v2\/types\/product"}],"replies":[{"embeddable":true,"href":"https:\/\/tienda.rigelec.com.ar\/index.php?rest_route=%2Fwp%2Fv2%2Fcomments&post=21975"}],"wp:featuredmedia":[{"embeddable":true,"href":"https:\/\/tienda.rigelec.com.ar\/index.php?rest_route=\/wp\/v2\/media\/21976"}],"wp:attachment":[{"href":"https:\/\/tienda.rigelec.com.ar\/index.php?rest_route=%2Fwp%2Fv2%2Fmedia&parent=21975"}],"wp:term":[{"taxonomy":"product_brand","embeddable":true,"href":"https:\/\/tienda.rigelec.com.ar\/index.php?rest_route=%2Fwp%2Fv2%2Fproduct_brand&post=21975"},{"taxonomy":"product_cat","embeddable":true,"href":"https:\/\/tienda.rigelec.com.ar\/index.php?rest_route=%2Fwp%2Fv2%2Fproduct_cat&post=21975"},{"taxonomy":"product_tag","embeddable":true,"href":"https:\/\/tienda.rigelec.com.ar\/index.php?rest_route=%2Fwp%2Fv2%2Fproduct_tag&post=21975"}],"curies":[{"name":"wp","href":"https:\/\/api.w.org\/{rel}","templated":true}]}}