{"id":22931,"date":"2024-12-19T14:14:41","date_gmt":"2024-12-19T17:14:41","guid":{"rendered":"https:\/\/tienda.test.rigelec.com.ar\/?product=ficha-hembra-industrial-movil-6h-ip67-rojo-63a-380v-5p"},"modified":"2026-05-01T05:43:44","modified_gmt":"2026-05-01T08:43:44","slug":"ficha-hembra-industrial-movil-6h-ip67-rojo-63a-380v-5p","status":"publish","type":"product","link":"https:\/\/tienda.rigelec.com.ar\/?product=ficha-hembra-industrial-movil-6h-ip67-rojo-63a-380v-5p","title":{"rendered":"FICHA HEMBRA INDUSTRIAL MOVIL 6H &#8211; IP67 &#8211; ROJO 63A &#8211; 380V &#8211; 5P"},"content":{"rendered":"<p>FICHA HEMBRA INDUSTRIAL MOVIL<\/p>\n","protected":false},"excerpt":{"rendered":"<p>Los acoples de la l\u00ednea Shock Tite\u00ae permiten extender, por medio de cables, la alimentaci\u00f3n de instalaciones o equipamientos el\u00e9ctricos fijos m\u00f3viles a trav\u00e9s de la conexi\u00f3n con enchufes, garantizado protecci\u00f3n total contra la penetraci\u00f3n de l\u00edquido y polvo<\/p>\n","protected":false},"featured_media":22932,"comment_status":"open","ping_status":"closed","template":"","meta":{"_monsterinsights_skip_tracking":false,"_monsterinsights_sitenote_active":false,"_monsterinsights_sitenote_note":"","_monsterinsights_sitenote_category":0},"product_brand":[],"product_cat":[339],"product_tag":[137],"class_list":{"0":"post-22931","1":"product","2":"type-product","3":"status-publish","4":"has-post-thumbnail","6":"product_cat-ii-fichas-industriales","7":"product_tag-steck","9":"first","10":"instock","11":"shipping-taxable","12":"purchasable","13":"product-type-simple"},"yoast_head":"<!-- This site is optimized with the Yoast SEO plugin v25.3.1 - https:\/\/yoast.com\/wordpress\/plugins\/seo\/ -->\n<title>FICHA HEMBRA INDUSTRIAL MOVIL 6H - IP67 - ROJO 63A - 380V - 5P - Tienda Rigelec<\/title>\n<meta name=\"robots\" content=\"index, follow, max-snippet:-1, max-image-preview:large, max-video-preview:-1\" \/>\n<link rel=\"canonical\" href=\"https:\/\/tienda.rigelec.com.ar\/?product=ficha-hembra-industrial-movil-6h-ip67-rojo-63a-380v-5p\" \/>\n<meta property=\"og:locale\" content=\"es_ES\" \/>\n<meta property=\"og:type\" content=\"article\" \/>\n<meta property=\"og:title\" content=\"FICHA HEMBRA INDUSTRIAL MOVIL 6H - IP67 - ROJO 63A - 380V - 5P - Tienda Rigelec\" \/>\n<meta property=\"og:description\" content=\"Los acoples de la l\u00ednea Shock Tite\u00ae permiten extender, por medio de cables, la alimentaci\u00f3n de instalaciones o equipamientos el\u00e9ctricos fijos m\u00f3viles a trav\u00e9s de la conexi\u00f3n con enchufes, garantizado protecci\u00f3n total contra la penetraci\u00f3n de l\u00edquido y polvo\" \/>\n<meta property=\"og:url\" content=\"https:\/\/tienda.rigelec.com.ar\/?product=ficha-hembra-industrial-movil-6h-ip67-rojo-63a-380v-5p\" \/>\n<meta property=\"og:site_name\" content=\"Tienda Rigelec\" \/>\n<meta property=\"article:modified_time\" content=\"2026-05-01T08:43:44+00:00\" \/>\n<meta property=\"og:image\" content=\"https:\/\/tienda.rigelec.com.ar\/wp-content\/uploads\/2024\/12\/FICHAHEMBRAINDUSTRIALMOVIL-2.jpg\" \/>\n\t<meta property=\"og:image:width\" content=\"750\" \/>\n\t<meta property=\"og:image:height\" content=\"1022\" \/>\n\t<meta property=\"og:image:type\" content=\"image\/jpeg\" \/>\n<meta name=\"twitter:card\" content=\"summary_large_image\" \/>\n<script type=\"application\/ld+json\" class=\"yoast-schema-graph\">{\"@context\":\"https:\/\/schema.org\",\"@graph\":[{\"@type\":\"WebPage\",\"@id\":\"https:\/\/tienda.rigelec.com.ar\/?product=ficha-hembra-industrial-movil-6h-ip67-rojo-63a-380v-5p\",\"url\":\"https:\/\/tienda.rigelec.com.ar\/?product=ficha-hembra-industrial-movil-6h-ip67-rojo-63a-380v-5p\",\"name\":\"FICHA HEMBRA INDUSTRIAL MOVIL 6H - IP67 - ROJO 63A - 380V - 5P - Tienda Rigelec\",\"isPartOf\":{\"@id\":\"https:\/\/tienda.rigelec.com.ar\/#website\"},\"primaryImageOfPage\":{\"@id\":\"https:\/\/tienda.rigelec.com.ar\/?product=ficha-hembra-industrial-movil-6h-ip67-rojo-63a-380v-5p#primaryimage\"},\"image\":{\"@id\":\"https:\/\/tienda.rigelec.com.ar\/?product=ficha-hembra-industrial-movil-6h-ip67-rojo-63a-380v-5p#primaryimage\"},\"thumbnailUrl\":\"https:\/\/tienda.rigelec.com.ar\/wp-content\/uploads\/2024\/12\/FICHAHEMBRAINDUSTRIALMOVIL-2.jpg\",\"datePublished\":\"2024-12-19T17:14:41+00:00\",\"dateModified\":\"2026-05-01T08:43:44+00:00\",\"breadcrumb\":{\"@id\":\"https:\/\/tienda.rigelec.com.ar\/?product=ficha-hembra-industrial-movil-6h-ip67-rojo-63a-380v-5p#breadcrumb\"},\"inLanguage\":\"es-AR\",\"potentialAction\":[{\"@type\":\"ReadAction\",\"target\":[\"https:\/\/tienda.rigelec.com.ar\/?product=ficha-hembra-industrial-movil-6h-ip67-rojo-63a-380v-5p\"]}]},{\"@type\":\"ImageObject\",\"inLanguage\":\"es-AR\",\"@id\":\"https:\/\/tienda.rigelec.com.ar\/?product=ficha-hembra-industrial-movil-6h-ip67-rojo-63a-380v-5p#primaryimage\",\"url\":\"https:\/\/tienda.rigelec.com.ar\/wp-content\/uploads\/2024\/12\/FICHAHEMBRAINDUSTRIALMOVIL-2.jpg\",\"contentUrl\":\"https:\/\/tienda.rigelec.com.ar\/wp-content\/uploads\/2024\/12\/FICHAHEMBRAINDUSTRIALMOVIL-2.jpg\",\"width\":750,\"height\":1022},{\"@type\":\"BreadcrumbList\",\"@id\":\"https:\/\/tienda.rigelec.com.ar\/?product=ficha-hembra-industrial-movil-6h-ip67-rojo-63a-380v-5p#breadcrumb\",\"itemListElement\":[{\"@type\":\"ListItem\",\"position\":1,\"name\":\"Inicio\",\"item\":\"https:\/\/tienda.rigelec.com.ar\/\"},{\"@type\":\"ListItem\",\"position\":2,\"name\":\"Shop\",\"item\":\"https:\/\/tienda.rigelec.com.ar\/?page_id=12\"},{\"@type\":\"ListItem\",\"position\":3,\"name\":\"FICHA HEMBRA INDUSTRIAL MOVIL 6H &#8211; IP67 &#8211; ROJO 63A &#8211; 380V &#8211; 5P\"}]},{\"@type\":\"WebSite\",\"@id\":\"https:\/\/tienda.rigelec.com.ar\/#website\",\"url\":\"https:\/\/tienda.rigelec.com.ar\/\",\"name\":\"Tienda Rigelec\",\"description\":\"Energia en movimiento\",\"publisher\":{\"@id\":\"https:\/\/tienda.rigelec.com.ar\/#organization\"},\"potentialAction\":[{\"@type\":\"SearchAction\",\"target\":{\"@type\":\"EntryPoint\",\"urlTemplate\":\"https:\/\/tienda.rigelec.com.ar\/?s={search_term_string}\"},\"query-input\":{\"@type\":\"PropertyValueSpecification\",\"valueRequired\":true,\"valueName\":\"search_term_string\"}}],\"inLanguage\":\"es-AR\"},{\"@type\":\"Organization\",\"@id\":\"https:\/\/tienda.rigelec.com.ar\/#organization\",\"name\":\"Tienda Rigelec\",\"url\":\"https:\/\/tienda.rigelec.com.ar\/\",\"logo\":{\"@type\":\"ImageObject\",\"inLanguage\":\"es-AR\",\"@id\":\"https:\/\/tienda.rigelec.com.ar\/#\/schema\/logo\/image\/\",\"url\":\"https:\/\/tienda.rigelec.com.ar\/wp-content\/uploads\/2024\/09\/isologo-blanco-rigelec.png\",\"contentUrl\":\"https:\/\/tienda.rigelec.com.ar\/wp-content\/uploads\/2024\/09\/isologo-blanco-rigelec.png\",\"width\":94,\"height\":97,\"caption\":\"Tienda Rigelec\"},\"image\":{\"@id\":\"https:\/\/tienda.rigelec.com.ar\/#\/schema\/logo\/image\/\"}}]}<\/script>\n<!-- \/ Yoast SEO plugin. -->","yoast_head_json":{"title":"FICHA HEMBRA INDUSTRIAL MOVIL 6H - IP67 - ROJO 63A - 380V - 5P - Tienda Rigelec","robots":{"index":"index","follow":"follow","max-snippet":"max-snippet:-1","max-image-preview":"max-image-preview:large","max-video-preview":"max-video-preview:-1"},"canonical":"https:\/\/tienda.rigelec.com.ar\/?product=ficha-hembra-industrial-movil-6h-ip67-rojo-63a-380v-5p","og_locale":"es_ES","og_type":"article","og_title":"FICHA HEMBRA INDUSTRIAL MOVIL 6H - IP67 - ROJO 63A - 380V - 5P - Tienda Rigelec","og_description":"Los acoples de la l\u00ednea Shock Tite\u00ae permiten extender, por medio de cables, la alimentaci\u00f3n de instalaciones o equipamientos el\u00e9ctricos fijos m\u00f3viles a trav\u00e9s de la conexi\u00f3n con enchufes, garantizado protecci\u00f3n total contra la penetraci\u00f3n de l\u00edquido y polvo","og_url":"https:\/\/tienda.rigelec.com.ar\/?product=ficha-hembra-industrial-movil-6h-ip67-rojo-63a-380v-5p","og_site_name":"Tienda Rigelec","article_modified_time":"2026-05-01T08:43:44+00:00","og_image":[{"width":750,"height":1022,"url":"https:\/\/tienda.rigelec.com.ar\/wp-content\/uploads\/2024\/12\/FICHAHEMBRAINDUSTRIALMOVIL-2.jpg","type":"image\/jpeg"}],"twitter_card":"summary_large_image","schema":{"@context":"https:\/\/schema.org","@graph":[{"@type":"WebPage","@id":"https:\/\/tienda.rigelec.com.ar\/?product=ficha-hembra-industrial-movil-6h-ip67-rojo-63a-380v-5p","url":"https:\/\/tienda.rigelec.com.ar\/?product=ficha-hembra-industrial-movil-6h-ip67-rojo-63a-380v-5p","name":"FICHA HEMBRA INDUSTRIAL MOVIL 6H - IP67 - ROJO 63A - 380V - 5P - Tienda Rigelec","isPartOf":{"@id":"https:\/\/tienda.rigelec.com.ar\/#website"},"primaryImageOfPage":{"@id":"https:\/\/tienda.rigelec.com.ar\/?product=ficha-hembra-industrial-movil-6h-ip67-rojo-63a-380v-5p#primaryimage"},"image":{"@id":"https:\/\/tienda.rigelec.com.ar\/?product=ficha-hembra-industrial-movil-6h-ip67-rojo-63a-380v-5p#primaryimage"},"thumbnailUrl":"https:\/\/tienda.rigelec.com.ar\/wp-content\/uploads\/2024\/12\/FICHAHEMBRAINDUSTRIALMOVIL-2.jpg","datePublished":"2024-12-19T17:14:41+00:00","dateModified":"2026-05-01T08:43:44+00:00","breadcrumb":{"@id":"https:\/\/tienda.rigelec.com.ar\/?product=ficha-hembra-industrial-movil-6h-ip67-rojo-63a-380v-5p#breadcrumb"},"inLanguage":"es-AR","potentialAction":[{"@type":"ReadAction","target":["https:\/\/tienda.rigelec.com.ar\/?product=ficha-hembra-industrial-movil-6h-ip67-rojo-63a-380v-5p"]}]},{"@type":"ImageObject","inLanguage":"es-AR","@id":"https:\/\/tienda.rigelec.com.ar\/?product=ficha-hembra-industrial-movil-6h-ip67-rojo-63a-380v-5p#primaryimage","url":"https:\/\/tienda.rigelec.com.ar\/wp-content\/uploads\/2024\/12\/FICHAHEMBRAINDUSTRIALMOVIL-2.jpg","contentUrl":"https:\/\/tienda.rigelec.com.ar\/wp-content\/uploads\/2024\/12\/FICHAHEMBRAINDUSTRIALMOVIL-2.jpg","width":750,"height":1022},{"@type":"BreadcrumbList","@id":"https:\/\/tienda.rigelec.com.ar\/?product=ficha-hembra-industrial-movil-6h-ip67-rojo-63a-380v-5p#breadcrumb","itemListElement":[{"@type":"ListItem","position":1,"name":"Inicio","item":"https:\/\/tienda.rigelec.com.ar\/"},{"@type":"ListItem","position":2,"name":"Shop","item":"https:\/\/tienda.rigelec.com.ar\/?page_id=12"},{"@type":"ListItem","position":3,"name":"FICHA HEMBRA INDUSTRIAL MOVIL 6H &#8211; IP67 &#8211; ROJO 63A &#8211; 380V &#8211; 5P"}]},{"@type":"WebSite","@id":"https:\/\/tienda.rigelec.com.ar\/#website","url":"https:\/\/tienda.rigelec.com.ar\/","name":"Tienda Rigelec","description":"Energia en movimiento","publisher":{"@id":"https:\/\/tienda.rigelec.com.ar\/#organization"},"potentialAction":[{"@type":"SearchAction","target":{"@type":"EntryPoint","urlTemplate":"https:\/\/tienda.rigelec.com.ar\/?s={search_term_string}"},"query-input":{"@type":"PropertyValueSpecification","valueRequired":true,"valueName":"search_term_string"}}],"inLanguage":"es-AR"},{"@type":"Organization","@id":"https:\/\/tienda.rigelec.com.ar\/#organization","name":"Tienda Rigelec","url":"https:\/\/tienda.rigelec.com.ar\/","logo":{"@type":"ImageObject","inLanguage":"es-AR","@id":"https:\/\/tienda.rigelec.com.ar\/#\/schema\/logo\/image\/","url":"https:\/\/tienda.rigelec.com.ar\/wp-content\/uploads\/2024\/09\/isologo-blanco-rigelec.png","contentUrl":"https:\/\/tienda.rigelec.com.ar\/wp-content\/uploads\/2024\/09\/isologo-blanco-rigelec.png","width":94,"height":97,"caption":"Tienda Rigelec"},"image":{"@id":"https:\/\/tienda.rigelec.com.ar\/#\/schema\/logo\/image\/"}}]}},"jetpack_sharing_enabled":true,"_links":{"self":[{"href":"https:\/\/tienda.rigelec.com.ar\/index.php?rest_route=\/wp\/v2\/product\/22931","targetHints":{"allow":["GET"]}}],"collection":[{"href":"https:\/\/tienda.rigelec.com.ar\/index.php?rest_route=\/wp\/v2\/product"}],"about":[{"href":"https:\/\/tienda.rigelec.com.ar\/index.php?rest_route=\/wp\/v2\/types\/product"}],"replies":[{"embeddable":true,"href":"https:\/\/tienda.rigelec.com.ar\/index.php?rest_route=%2Fwp%2Fv2%2Fcomments&post=22931"}],"wp:featuredmedia":[{"embeddable":true,"href":"https:\/\/tienda.rigelec.com.ar\/index.php?rest_route=\/wp\/v2\/media\/22932"}],"wp:attachment":[{"href":"https:\/\/tienda.rigelec.com.ar\/index.php?rest_route=%2Fwp%2Fv2%2Fmedia&parent=22931"}],"wp:term":[{"taxonomy":"product_brand","embeddable":true,"href":"https:\/\/tienda.rigelec.com.ar\/index.php?rest_route=%2Fwp%2Fv2%2Fproduct_brand&post=22931"},{"taxonomy":"product_cat","embeddable":true,"href":"https:\/\/tienda.rigelec.com.ar\/index.php?rest_route=%2Fwp%2Fv2%2Fproduct_cat&post=22931"},{"taxonomy":"product_tag","embeddable":true,"href":"https:\/\/tienda.rigelec.com.ar\/index.php?rest_route=%2Fwp%2Fv2%2Fproduct_tag&post=22931"}],"curies":[{"name":"wp","href":"https:\/\/api.w.org\/{rel}","templated":true}]}}