{"id":25068,"date":"2024-12-19T16:16:34","date_gmt":"2024-12-19T19:16:34","guid":{"rendered":"https:\/\/tienda.test.rigelec.com.ar\/?product=detector-tension-acustico-luminoso-con-linterna-90-1000vca-s4mm"},"modified":"2026-04-30T18:41:36","modified_gmt":"2026-04-30T21:41:36","slug":"detector-tension-acustico-luminoso-con-linterna-90-1000vca-s4mm","status":"publish","type":"product","link":"https:\/\/tienda.rigelec.com.ar\/?product=detector-tension-acustico-luminoso-con-linterna-90-1000vca-s4mm","title":{"rendered":"DETECTOR TENSION ACUSTICO LUMINOSO CON LINTERNA 90 &#8211; 1000Vca &#8211; S:4mm"},"content":{"rendered":"<p>DETECTOR TENSION ACUSTICO LUMINOSO<\/p>\n","protected":false},"excerpt":{"rendered":"<p>Electr\u00f3nico tipo lapicera.<br \/>\nIndicaci\u00f3n luminosa y sonora (2 en1).<br \/>\nRango: 90~1000Vca, sensibilidad 4mm.<br \/>\nEquipado con pr\u00e1ctica linterna LED.<br \/>\nNorma IEC 61010-1.<br \/>\nEmplea 2 bater\u00edas de 1,5V AAA (no provistas).<\/p>\n","protected":false},"featured_media":25069,"comment_status":"open","ping_status":"closed","template":"","meta":{"_monsterinsights_skip_tracking":false,"_monsterinsights_sitenote_active":false,"_monsterinsights_sitenote_note":"","_monsterinsights_sitenote_category":0},"product_brand":[],"product_cat":[367],"product_tag":[65],"class_list":{"0":"post-25068","1":"product","2":"type-product","3":"status-publish","4":"has-post-thumbnail","6":"product_cat-d-instrumentos-de-medicion","7":"product_tag-baw","9":"first","10":"instock","11":"shipping-taxable","12":"purchasable","13":"product-type-simple"},"yoast_head":"<!-- This site is optimized with the Yoast SEO plugin v25.3.1 - https:\/\/yoast.com\/wordpress\/plugins\/seo\/ -->\n<title>DETECTOR TENSION ACUSTICO LUMINOSO CON LINTERNA 90 - 1000Vca - S:4mm - Tienda Rigelec<\/title>\n<meta name=\"robots\" content=\"index, follow, max-snippet:-1, max-image-preview:large, max-video-preview:-1\" \/>\n<link rel=\"canonical\" href=\"https:\/\/tienda.rigelec.com.ar\/?product=detector-tension-acustico-luminoso-con-linterna-90-1000vca-s4mm\" \/>\n<meta property=\"og:locale\" content=\"es_ES\" \/>\n<meta property=\"og:type\" content=\"article\" \/>\n<meta property=\"og:title\" content=\"DETECTOR TENSION ACUSTICO LUMINOSO CON LINTERNA 90 - 1000Vca - S:4mm - Tienda Rigelec\" \/>\n<meta property=\"og:description\" content=\"Electr\u00f3nico tipo lapicera.  Indicaci\u00f3n luminosa y sonora (2 en1).  Rango: 90~1000Vca, sensibilidad 4mm.  Equipado con pr\u00e1ctica linterna LED.  Norma IEC 61010-1.  Emplea 2 bater\u00edas de 1,5V AAA (no provistas).\" \/>\n<meta property=\"og:url\" content=\"https:\/\/tienda.rigelec.com.ar\/?product=detector-tension-acustico-luminoso-con-linterna-90-1000vca-s4mm\" \/>\n<meta property=\"og:site_name\" content=\"Tienda Rigelec\" \/>\n<meta property=\"article:modified_time\" content=\"2026-04-30T21:41:36+00:00\" \/>\n<meta property=\"og:image\" content=\"https:\/\/tienda.rigelec.com.ar\/wp-content\/uploads\/2024\/12\/DETECTORTENSIONACUSTICOLUMINOSO.jpg\" \/>\n\t<meta property=\"og:image:width\" content=\"968\" \/>\n\t<meta property=\"og:image:height\" content=\"924\" \/>\n\t<meta property=\"og:image:type\" content=\"image\/jpeg\" \/>\n<meta name=\"twitter:card\" content=\"summary_large_image\" \/>\n<script type=\"application\/ld+json\" class=\"yoast-schema-graph\">{\"@context\":\"https:\/\/schema.org\",\"@graph\":[{\"@type\":\"WebPage\",\"@id\":\"https:\/\/tienda.rigelec.com.ar\/?product=detector-tension-acustico-luminoso-con-linterna-90-1000vca-s4mm\",\"url\":\"https:\/\/tienda.rigelec.com.ar\/?product=detector-tension-acustico-luminoso-con-linterna-90-1000vca-s4mm\",\"name\":\"DETECTOR TENSION ACUSTICO LUMINOSO CON LINTERNA 90 - 1000Vca - S:4mm - Tienda Rigelec\",\"isPartOf\":{\"@id\":\"https:\/\/tienda.rigelec.com.ar\/#website\"},\"primaryImageOfPage\":{\"@id\":\"https:\/\/tienda.rigelec.com.ar\/?product=detector-tension-acustico-luminoso-con-linterna-90-1000vca-s4mm#primaryimage\"},\"image\":{\"@id\":\"https:\/\/tienda.rigelec.com.ar\/?product=detector-tension-acustico-luminoso-con-linterna-90-1000vca-s4mm#primaryimage\"},\"thumbnailUrl\":\"https:\/\/tienda.rigelec.com.ar\/wp-content\/uploads\/2024\/12\/DETECTORTENSIONACUSTICOLUMINOSO.jpg\",\"datePublished\":\"2024-12-19T19:16:34+00:00\",\"dateModified\":\"2026-04-30T21:41:36+00:00\",\"breadcrumb\":{\"@id\":\"https:\/\/tienda.rigelec.com.ar\/?product=detector-tension-acustico-luminoso-con-linterna-90-1000vca-s4mm#breadcrumb\"},\"inLanguage\":\"es-AR\",\"potentialAction\":[{\"@type\":\"ReadAction\",\"target\":[\"https:\/\/tienda.rigelec.com.ar\/?product=detector-tension-acustico-luminoso-con-linterna-90-1000vca-s4mm\"]}]},{\"@type\":\"ImageObject\",\"inLanguage\":\"es-AR\",\"@id\":\"https:\/\/tienda.rigelec.com.ar\/?product=detector-tension-acustico-luminoso-con-linterna-90-1000vca-s4mm#primaryimage\",\"url\":\"https:\/\/tienda.rigelec.com.ar\/wp-content\/uploads\/2024\/12\/DETECTORTENSIONACUSTICOLUMINOSO.jpg\",\"contentUrl\":\"https:\/\/tienda.rigelec.com.ar\/wp-content\/uploads\/2024\/12\/DETECTORTENSIONACUSTICOLUMINOSO.jpg\",\"width\":968,\"height\":924},{\"@type\":\"BreadcrumbList\",\"@id\":\"https:\/\/tienda.rigelec.com.ar\/?product=detector-tension-acustico-luminoso-con-linterna-90-1000vca-s4mm#breadcrumb\",\"itemListElement\":[{\"@type\":\"ListItem\",\"position\":1,\"name\":\"Inicio\",\"item\":\"https:\/\/tienda.rigelec.com.ar\/\"},{\"@type\":\"ListItem\",\"position\":2,\"name\":\"Shop\",\"item\":\"https:\/\/tienda.rigelec.com.ar\/?page_id=12\"},{\"@type\":\"ListItem\",\"position\":3,\"name\":\"DETECTOR TENSION ACUSTICO LUMINOSO CON LINTERNA 90 &#8211; 1000Vca &#8211; S:4mm\"}]},{\"@type\":\"WebSite\",\"@id\":\"https:\/\/tienda.rigelec.com.ar\/#website\",\"url\":\"https:\/\/tienda.rigelec.com.ar\/\",\"name\":\"Tienda Rigelec\",\"description\":\"Energia en movimiento\",\"publisher\":{\"@id\":\"https:\/\/tienda.rigelec.com.ar\/#organization\"},\"potentialAction\":[{\"@type\":\"SearchAction\",\"target\":{\"@type\":\"EntryPoint\",\"urlTemplate\":\"https:\/\/tienda.rigelec.com.ar\/?s={search_term_string}\"},\"query-input\":{\"@type\":\"PropertyValueSpecification\",\"valueRequired\":true,\"valueName\":\"search_term_string\"}}],\"inLanguage\":\"es-AR\"},{\"@type\":\"Organization\",\"@id\":\"https:\/\/tienda.rigelec.com.ar\/#organization\",\"name\":\"Tienda Rigelec\",\"url\":\"https:\/\/tienda.rigelec.com.ar\/\",\"logo\":{\"@type\":\"ImageObject\",\"inLanguage\":\"es-AR\",\"@id\":\"https:\/\/tienda.rigelec.com.ar\/#\/schema\/logo\/image\/\",\"url\":\"https:\/\/tienda.rigelec.com.ar\/wp-content\/uploads\/2024\/09\/isologo-blanco-rigelec.png\",\"contentUrl\":\"https:\/\/tienda.rigelec.com.ar\/wp-content\/uploads\/2024\/09\/isologo-blanco-rigelec.png\",\"width\":94,\"height\":97,\"caption\":\"Tienda Rigelec\"},\"image\":{\"@id\":\"https:\/\/tienda.rigelec.com.ar\/#\/schema\/logo\/image\/\"}}]}<\/script>\n<!-- \/ Yoast SEO plugin. -->","yoast_head_json":{"title":"DETECTOR TENSION ACUSTICO LUMINOSO CON LINTERNA 90 - 1000Vca - S:4mm - Tienda Rigelec","robots":{"index":"index","follow":"follow","max-snippet":"max-snippet:-1","max-image-preview":"max-image-preview:large","max-video-preview":"max-video-preview:-1"},"canonical":"https:\/\/tienda.rigelec.com.ar\/?product=detector-tension-acustico-luminoso-con-linterna-90-1000vca-s4mm","og_locale":"es_ES","og_type":"article","og_title":"DETECTOR TENSION ACUSTICO LUMINOSO CON LINTERNA 90 - 1000Vca - S:4mm - Tienda Rigelec","og_description":"Electr\u00f3nico tipo lapicera.  Indicaci\u00f3n luminosa y sonora (2 en1).  Rango: 90~1000Vca, sensibilidad 4mm.  Equipado con pr\u00e1ctica linterna LED.  Norma IEC 61010-1.  Emplea 2 bater\u00edas de 1,5V AAA (no provistas).","og_url":"https:\/\/tienda.rigelec.com.ar\/?product=detector-tension-acustico-luminoso-con-linterna-90-1000vca-s4mm","og_site_name":"Tienda Rigelec","article_modified_time":"2026-04-30T21:41:36+00:00","og_image":[{"width":968,"height":924,"url":"https:\/\/tienda.rigelec.com.ar\/wp-content\/uploads\/2024\/12\/DETECTORTENSIONACUSTICOLUMINOSO.jpg","type":"image\/jpeg"}],"twitter_card":"summary_large_image","schema":{"@context":"https:\/\/schema.org","@graph":[{"@type":"WebPage","@id":"https:\/\/tienda.rigelec.com.ar\/?product=detector-tension-acustico-luminoso-con-linterna-90-1000vca-s4mm","url":"https:\/\/tienda.rigelec.com.ar\/?product=detector-tension-acustico-luminoso-con-linterna-90-1000vca-s4mm","name":"DETECTOR TENSION ACUSTICO LUMINOSO CON LINTERNA 90 - 1000Vca - S:4mm - Tienda Rigelec","isPartOf":{"@id":"https:\/\/tienda.rigelec.com.ar\/#website"},"primaryImageOfPage":{"@id":"https:\/\/tienda.rigelec.com.ar\/?product=detector-tension-acustico-luminoso-con-linterna-90-1000vca-s4mm#primaryimage"},"image":{"@id":"https:\/\/tienda.rigelec.com.ar\/?product=detector-tension-acustico-luminoso-con-linterna-90-1000vca-s4mm#primaryimage"},"thumbnailUrl":"https:\/\/tienda.rigelec.com.ar\/wp-content\/uploads\/2024\/12\/DETECTORTENSIONACUSTICOLUMINOSO.jpg","datePublished":"2024-12-19T19:16:34+00:00","dateModified":"2026-04-30T21:41:36+00:00","breadcrumb":{"@id":"https:\/\/tienda.rigelec.com.ar\/?product=detector-tension-acustico-luminoso-con-linterna-90-1000vca-s4mm#breadcrumb"},"inLanguage":"es-AR","potentialAction":[{"@type":"ReadAction","target":["https:\/\/tienda.rigelec.com.ar\/?product=detector-tension-acustico-luminoso-con-linterna-90-1000vca-s4mm"]}]},{"@type":"ImageObject","inLanguage":"es-AR","@id":"https:\/\/tienda.rigelec.com.ar\/?product=detector-tension-acustico-luminoso-con-linterna-90-1000vca-s4mm#primaryimage","url":"https:\/\/tienda.rigelec.com.ar\/wp-content\/uploads\/2024\/12\/DETECTORTENSIONACUSTICOLUMINOSO.jpg","contentUrl":"https:\/\/tienda.rigelec.com.ar\/wp-content\/uploads\/2024\/12\/DETECTORTENSIONACUSTICOLUMINOSO.jpg","width":968,"height":924},{"@type":"BreadcrumbList","@id":"https:\/\/tienda.rigelec.com.ar\/?product=detector-tension-acustico-luminoso-con-linterna-90-1000vca-s4mm#breadcrumb","itemListElement":[{"@type":"ListItem","position":1,"name":"Inicio","item":"https:\/\/tienda.rigelec.com.ar\/"},{"@type":"ListItem","position":2,"name":"Shop","item":"https:\/\/tienda.rigelec.com.ar\/?page_id=12"},{"@type":"ListItem","position":3,"name":"DETECTOR TENSION ACUSTICO LUMINOSO CON LINTERNA 90 &#8211; 1000Vca &#8211; S:4mm"}]},{"@type":"WebSite","@id":"https:\/\/tienda.rigelec.com.ar\/#website","url":"https:\/\/tienda.rigelec.com.ar\/","name":"Tienda Rigelec","description":"Energia en movimiento","publisher":{"@id":"https:\/\/tienda.rigelec.com.ar\/#organization"},"potentialAction":[{"@type":"SearchAction","target":{"@type":"EntryPoint","urlTemplate":"https:\/\/tienda.rigelec.com.ar\/?s={search_term_string}"},"query-input":{"@type":"PropertyValueSpecification","valueRequired":true,"valueName":"search_term_string"}}],"inLanguage":"es-AR"},{"@type":"Organization","@id":"https:\/\/tienda.rigelec.com.ar\/#organization","name":"Tienda Rigelec","url":"https:\/\/tienda.rigelec.com.ar\/","logo":{"@type":"ImageObject","inLanguage":"es-AR","@id":"https:\/\/tienda.rigelec.com.ar\/#\/schema\/logo\/image\/","url":"https:\/\/tienda.rigelec.com.ar\/wp-content\/uploads\/2024\/09\/isologo-blanco-rigelec.png","contentUrl":"https:\/\/tienda.rigelec.com.ar\/wp-content\/uploads\/2024\/09\/isologo-blanco-rigelec.png","width":94,"height":97,"caption":"Tienda Rigelec"},"image":{"@id":"https:\/\/tienda.rigelec.com.ar\/#\/schema\/logo\/image\/"}}]}},"jetpack_sharing_enabled":true,"_links":{"self":[{"href":"https:\/\/tienda.rigelec.com.ar\/index.php?rest_route=\/wp\/v2\/product\/25068","targetHints":{"allow":["GET"]}}],"collection":[{"href":"https:\/\/tienda.rigelec.com.ar\/index.php?rest_route=\/wp\/v2\/product"}],"about":[{"href":"https:\/\/tienda.rigelec.com.ar\/index.php?rest_route=\/wp\/v2\/types\/product"}],"replies":[{"embeddable":true,"href":"https:\/\/tienda.rigelec.com.ar\/index.php?rest_route=%2Fwp%2Fv2%2Fcomments&post=25068"}],"wp:featuredmedia":[{"embeddable":true,"href":"https:\/\/tienda.rigelec.com.ar\/index.php?rest_route=\/wp\/v2\/media\/25069"}],"wp:attachment":[{"href":"https:\/\/tienda.rigelec.com.ar\/index.php?rest_route=%2Fwp%2Fv2%2Fmedia&parent=25068"}],"wp:term":[{"taxonomy":"product_brand","embeddable":true,"href":"https:\/\/tienda.rigelec.com.ar\/index.php?rest_route=%2Fwp%2Fv2%2Fproduct_brand&post=25068"},{"taxonomy":"product_cat","embeddable":true,"href":"https:\/\/tienda.rigelec.com.ar\/index.php?rest_route=%2Fwp%2Fv2%2Fproduct_cat&post=25068"},{"taxonomy":"product_tag","embeddable":true,"href":"https:\/\/tienda.rigelec.com.ar\/index.php?rest_route=%2Fwp%2Fv2%2Fproduct_tag&post=25068"}],"curies":[{"name":"wp","href":"https:\/\/api.w.org\/{rel}","templated":true}]}}