{"id":25575,"date":"2024-12-19T16:50:11","date_gmt":"2024-12-19T19:50:11","guid":{"rendered":"https:\/\/tienda.test.rigelec.com.ar\/?product=plafon-2-luces-redondo-base-metalica-policarbonato-policarbonato-o25cm-e27"},"modified":"2026-04-30T19:20:48","modified_gmt":"2026-04-30T22:20:48","slug":"plafon-2-luces-redondo-base-metalica-policarbonato-policarbonato-o25cm-e27","status":"publish","type":"product","link":"https:\/\/tienda.rigelec.com.ar\/?product=plafon-2-luces-redondo-base-metalica-policarbonato-policarbonato-o25cm-e27","title":{"rendered":"PLAFON 2 LUCES REDONDO BASE METALICA POLICARBONATO POLICARBONATO \u00d825CM &#8211; E27"},"content":{"rendered":"<p>PLAFON 2 LUCES REDONDO BASE METALICA VIDRIO POLICARBONATO<\/p>\n","protected":false},"excerpt":{"rendered":"<p>Plaf\u00f3n redondo 2 luces<br \/>\nLampara: E27<br \/>\nDimensiones: \u00d8 25 cm<\/p>\n","protected":false},"featured_media":25576,"comment_status":"open","ping_status":"closed","template":"","meta":{"_monsterinsights_skip_tracking":false,"_monsterinsights_sitenote_active":false,"_monsterinsights_sitenote_note":"","_monsterinsights_sitenote_category":0},"product_brand":[],"product_cat":[185],"product_tag":[78],"class_list":{"0":"post-25575","1":"product","2":"type-product","3":"status-publish","4":"has-post-thumbnail","6":"product_cat-j-plafones","7":"product_tag-san-justo","9":"first","10":"instock","11":"shipping-taxable","12":"purchasable","13":"product-type-simple"},"yoast_head":"<!-- This site is optimized with the Yoast SEO plugin v25.3.1 - https:\/\/yoast.com\/wordpress\/plugins\/seo\/ -->\n<title>PLAFON 2 LUCES REDONDO BASE METALICA POLICARBONATO POLICARBONATO \u00d825CM - E27 - Tienda Rigelec<\/title>\n<meta name=\"robots\" content=\"index, follow, max-snippet:-1, max-image-preview:large, max-video-preview:-1\" \/>\n<link rel=\"canonical\" href=\"https:\/\/tienda.rigelec.com.ar\/?product=plafon-2-luces-redondo-base-metalica-policarbonato-policarbonato-o25cm-e27\" \/>\n<meta property=\"og:locale\" content=\"es_ES\" \/>\n<meta property=\"og:type\" content=\"article\" \/>\n<meta property=\"og:title\" content=\"PLAFON 2 LUCES REDONDO BASE METALICA POLICARBONATO POLICARBONATO \u00d825CM - E27 - Tienda Rigelec\" \/>\n<meta property=\"og:description\" content=\"Plaf\u00f3n redondo 2 luces Lampara: E27 Dimensiones: \u00d8 25 cm\" \/>\n<meta property=\"og:url\" content=\"https:\/\/tienda.rigelec.com.ar\/?product=plafon-2-luces-redondo-base-metalica-policarbonato-policarbonato-o25cm-e27\" \/>\n<meta property=\"og:site_name\" content=\"Tienda Rigelec\" \/>\n<meta property=\"article:modified_time\" content=\"2026-04-30T22:20:48+00:00\" \/>\n<meta property=\"og:image\" content=\"https:\/\/tienda.rigelec.com.ar\/wp-content\/uploads\/2024\/12\/PLAFON2LUCESREDONDOBASEMETALICAPOLICARBONATO.jpg\" \/>\n\t<meta property=\"og:image:width\" content=\"1080\" \/>\n\t<meta property=\"og:image:height\" content=\"1080\" \/>\n\t<meta property=\"og:image:type\" content=\"image\/jpeg\" \/>\n<meta name=\"twitter:card\" content=\"summary_large_image\" \/>\n<script type=\"application\/ld+json\" class=\"yoast-schema-graph\">{\"@context\":\"https:\/\/schema.org\",\"@graph\":[{\"@type\":\"WebPage\",\"@id\":\"https:\/\/tienda.rigelec.com.ar\/?product=plafon-2-luces-redondo-base-metalica-policarbonato-policarbonato-o25cm-e27\",\"url\":\"https:\/\/tienda.rigelec.com.ar\/?product=plafon-2-luces-redondo-base-metalica-policarbonato-policarbonato-o25cm-e27\",\"name\":\"PLAFON 2 LUCES REDONDO BASE METALICA POLICARBONATO POLICARBONATO \u00d825CM - E27 - Tienda Rigelec\",\"isPartOf\":{\"@id\":\"https:\/\/tienda.rigelec.com.ar\/#website\"},\"primaryImageOfPage\":{\"@id\":\"https:\/\/tienda.rigelec.com.ar\/?product=plafon-2-luces-redondo-base-metalica-policarbonato-policarbonato-o25cm-e27#primaryimage\"},\"image\":{\"@id\":\"https:\/\/tienda.rigelec.com.ar\/?product=plafon-2-luces-redondo-base-metalica-policarbonato-policarbonato-o25cm-e27#primaryimage\"},\"thumbnailUrl\":\"https:\/\/tienda.rigelec.com.ar\/wp-content\/uploads\/2024\/12\/PLAFON2LUCESREDONDOBASEMETALICAPOLICARBONATO.jpg\",\"datePublished\":\"2024-12-19T19:50:11+00:00\",\"dateModified\":\"2026-04-30T22:20:48+00:00\",\"breadcrumb\":{\"@id\":\"https:\/\/tienda.rigelec.com.ar\/?product=plafon-2-luces-redondo-base-metalica-policarbonato-policarbonato-o25cm-e27#breadcrumb\"},\"inLanguage\":\"es-AR\",\"potentialAction\":[{\"@type\":\"ReadAction\",\"target\":[\"https:\/\/tienda.rigelec.com.ar\/?product=plafon-2-luces-redondo-base-metalica-policarbonato-policarbonato-o25cm-e27\"]}]},{\"@type\":\"ImageObject\",\"inLanguage\":\"es-AR\",\"@id\":\"https:\/\/tienda.rigelec.com.ar\/?product=plafon-2-luces-redondo-base-metalica-policarbonato-policarbonato-o25cm-e27#primaryimage\",\"url\":\"https:\/\/tienda.rigelec.com.ar\/wp-content\/uploads\/2024\/12\/PLAFON2LUCESREDONDOBASEMETALICAPOLICARBONATO.jpg\",\"contentUrl\":\"https:\/\/tienda.rigelec.com.ar\/wp-content\/uploads\/2024\/12\/PLAFON2LUCESREDONDOBASEMETALICAPOLICARBONATO.jpg\",\"width\":1080,\"height\":1080},{\"@type\":\"BreadcrumbList\",\"@id\":\"https:\/\/tienda.rigelec.com.ar\/?product=plafon-2-luces-redondo-base-metalica-policarbonato-policarbonato-o25cm-e27#breadcrumb\",\"itemListElement\":[{\"@type\":\"ListItem\",\"position\":1,\"name\":\"Inicio\",\"item\":\"https:\/\/tienda.rigelec.com.ar\/\"},{\"@type\":\"ListItem\",\"position\":2,\"name\":\"Shop\",\"item\":\"https:\/\/tienda.rigelec.com.ar\/?page_id=12\"},{\"@type\":\"ListItem\",\"position\":3,\"name\":\"PLAFON 2 LUCES REDONDO BASE METALICA POLICARBONATO POLICARBONATO \u00d825CM &#8211; E27\"}]},{\"@type\":\"WebSite\",\"@id\":\"https:\/\/tienda.rigelec.com.ar\/#website\",\"url\":\"https:\/\/tienda.rigelec.com.ar\/\",\"name\":\"Tienda Rigelec\",\"description\":\"Energia en movimiento\",\"publisher\":{\"@id\":\"https:\/\/tienda.rigelec.com.ar\/#organization\"},\"potentialAction\":[{\"@type\":\"SearchAction\",\"target\":{\"@type\":\"EntryPoint\",\"urlTemplate\":\"https:\/\/tienda.rigelec.com.ar\/?s={search_term_string}\"},\"query-input\":{\"@type\":\"PropertyValueSpecification\",\"valueRequired\":true,\"valueName\":\"search_term_string\"}}],\"inLanguage\":\"es-AR\"},{\"@type\":\"Organization\",\"@id\":\"https:\/\/tienda.rigelec.com.ar\/#organization\",\"name\":\"Tienda Rigelec\",\"url\":\"https:\/\/tienda.rigelec.com.ar\/\",\"logo\":{\"@type\":\"ImageObject\",\"inLanguage\":\"es-AR\",\"@id\":\"https:\/\/tienda.rigelec.com.ar\/#\/schema\/logo\/image\/\",\"url\":\"https:\/\/tienda.rigelec.com.ar\/wp-content\/uploads\/2024\/09\/isologo-blanco-rigelec.png\",\"contentUrl\":\"https:\/\/tienda.rigelec.com.ar\/wp-content\/uploads\/2024\/09\/isologo-blanco-rigelec.png\",\"width\":94,\"height\":97,\"caption\":\"Tienda Rigelec\"},\"image\":{\"@id\":\"https:\/\/tienda.rigelec.com.ar\/#\/schema\/logo\/image\/\"}}]}<\/script>\n<!-- \/ Yoast SEO plugin. -->","yoast_head_json":{"title":"PLAFON 2 LUCES REDONDO BASE METALICA POLICARBONATO POLICARBONATO \u00d825CM - E27 - Tienda Rigelec","robots":{"index":"index","follow":"follow","max-snippet":"max-snippet:-1","max-image-preview":"max-image-preview:large","max-video-preview":"max-video-preview:-1"},"canonical":"https:\/\/tienda.rigelec.com.ar\/?product=plafon-2-luces-redondo-base-metalica-policarbonato-policarbonato-o25cm-e27","og_locale":"es_ES","og_type":"article","og_title":"PLAFON 2 LUCES REDONDO BASE METALICA POLICARBONATO POLICARBONATO \u00d825CM - E27 - Tienda Rigelec","og_description":"Plaf\u00f3n redondo 2 luces Lampara: E27 Dimensiones: \u00d8 25 cm","og_url":"https:\/\/tienda.rigelec.com.ar\/?product=plafon-2-luces-redondo-base-metalica-policarbonato-policarbonato-o25cm-e27","og_site_name":"Tienda Rigelec","article_modified_time":"2026-04-30T22:20:48+00:00","og_image":[{"width":1080,"height":1080,"url":"https:\/\/tienda.rigelec.com.ar\/wp-content\/uploads\/2024\/12\/PLAFON2LUCESREDONDOBASEMETALICAPOLICARBONATO.jpg","type":"image\/jpeg"}],"twitter_card":"summary_large_image","schema":{"@context":"https:\/\/schema.org","@graph":[{"@type":"WebPage","@id":"https:\/\/tienda.rigelec.com.ar\/?product=plafon-2-luces-redondo-base-metalica-policarbonato-policarbonato-o25cm-e27","url":"https:\/\/tienda.rigelec.com.ar\/?product=plafon-2-luces-redondo-base-metalica-policarbonato-policarbonato-o25cm-e27","name":"PLAFON 2 LUCES REDONDO BASE METALICA POLICARBONATO POLICARBONATO \u00d825CM - E27 - Tienda Rigelec","isPartOf":{"@id":"https:\/\/tienda.rigelec.com.ar\/#website"},"primaryImageOfPage":{"@id":"https:\/\/tienda.rigelec.com.ar\/?product=plafon-2-luces-redondo-base-metalica-policarbonato-policarbonato-o25cm-e27#primaryimage"},"image":{"@id":"https:\/\/tienda.rigelec.com.ar\/?product=plafon-2-luces-redondo-base-metalica-policarbonato-policarbonato-o25cm-e27#primaryimage"},"thumbnailUrl":"https:\/\/tienda.rigelec.com.ar\/wp-content\/uploads\/2024\/12\/PLAFON2LUCESREDONDOBASEMETALICAPOLICARBONATO.jpg","datePublished":"2024-12-19T19:50:11+00:00","dateModified":"2026-04-30T22:20:48+00:00","breadcrumb":{"@id":"https:\/\/tienda.rigelec.com.ar\/?product=plafon-2-luces-redondo-base-metalica-policarbonato-policarbonato-o25cm-e27#breadcrumb"},"inLanguage":"es-AR","potentialAction":[{"@type":"ReadAction","target":["https:\/\/tienda.rigelec.com.ar\/?product=plafon-2-luces-redondo-base-metalica-policarbonato-policarbonato-o25cm-e27"]}]},{"@type":"ImageObject","inLanguage":"es-AR","@id":"https:\/\/tienda.rigelec.com.ar\/?product=plafon-2-luces-redondo-base-metalica-policarbonato-policarbonato-o25cm-e27#primaryimage","url":"https:\/\/tienda.rigelec.com.ar\/wp-content\/uploads\/2024\/12\/PLAFON2LUCESREDONDOBASEMETALICAPOLICARBONATO.jpg","contentUrl":"https:\/\/tienda.rigelec.com.ar\/wp-content\/uploads\/2024\/12\/PLAFON2LUCESREDONDOBASEMETALICAPOLICARBONATO.jpg","width":1080,"height":1080},{"@type":"BreadcrumbList","@id":"https:\/\/tienda.rigelec.com.ar\/?product=plafon-2-luces-redondo-base-metalica-policarbonato-policarbonato-o25cm-e27#breadcrumb","itemListElement":[{"@type":"ListItem","position":1,"name":"Inicio","item":"https:\/\/tienda.rigelec.com.ar\/"},{"@type":"ListItem","position":2,"name":"Shop","item":"https:\/\/tienda.rigelec.com.ar\/?page_id=12"},{"@type":"ListItem","position":3,"name":"PLAFON 2 LUCES REDONDO BASE METALICA POLICARBONATO POLICARBONATO \u00d825CM &#8211; E27"}]},{"@type":"WebSite","@id":"https:\/\/tienda.rigelec.com.ar\/#website","url":"https:\/\/tienda.rigelec.com.ar\/","name":"Tienda Rigelec","description":"Energia en movimiento","publisher":{"@id":"https:\/\/tienda.rigelec.com.ar\/#organization"},"potentialAction":[{"@type":"SearchAction","target":{"@type":"EntryPoint","urlTemplate":"https:\/\/tienda.rigelec.com.ar\/?s={search_term_string}"},"query-input":{"@type":"PropertyValueSpecification","valueRequired":true,"valueName":"search_term_string"}}],"inLanguage":"es-AR"},{"@type":"Organization","@id":"https:\/\/tienda.rigelec.com.ar\/#organization","name":"Tienda Rigelec","url":"https:\/\/tienda.rigelec.com.ar\/","logo":{"@type":"ImageObject","inLanguage":"es-AR","@id":"https:\/\/tienda.rigelec.com.ar\/#\/schema\/logo\/image\/","url":"https:\/\/tienda.rigelec.com.ar\/wp-content\/uploads\/2024\/09\/isologo-blanco-rigelec.png","contentUrl":"https:\/\/tienda.rigelec.com.ar\/wp-content\/uploads\/2024\/09\/isologo-blanco-rigelec.png","width":94,"height":97,"caption":"Tienda Rigelec"},"image":{"@id":"https:\/\/tienda.rigelec.com.ar\/#\/schema\/logo\/image\/"}}]}},"jetpack_sharing_enabled":true,"_links":{"self":[{"href":"https:\/\/tienda.rigelec.com.ar\/index.php?rest_route=\/wp\/v2\/product\/25575","targetHints":{"allow":["GET"]}}],"collection":[{"href":"https:\/\/tienda.rigelec.com.ar\/index.php?rest_route=\/wp\/v2\/product"}],"about":[{"href":"https:\/\/tienda.rigelec.com.ar\/index.php?rest_route=\/wp\/v2\/types\/product"}],"replies":[{"embeddable":true,"href":"https:\/\/tienda.rigelec.com.ar\/index.php?rest_route=%2Fwp%2Fv2%2Fcomments&post=25575"}],"wp:featuredmedia":[{"embeddable":true,"href":"https:\/\/tienda.rigelec.com.ar\/index.php?rest_route=\/wp\/v2\/media\/25576"}],"wp:attachment":[{"href":"https:\/\/tienda.rigelec.com.ar\/index.php?rest_route=%2Fwp%2Fv2%2Fmedia&parent=25575"}],"wp:term":[{"taxonomy":"product_brand","embeddable":true,"href":"https:\/\/tienda.rigelec.com.ar\/index.php?rest_route=%2Fwp%2Fv2%2Fproduct_brand&post=25575"},{"taxonomy":"product_cat","embeddable":true,"href":"https:\/\/tienda.rigelec.com.ar\/index.php?rest_route=%2Fwp%2Fv2%2Fproduct_cat&post=25575"},{"taxonomy":"product_tag","embeddable":true,"href":"https:\/\/tienda.rigelec.com.ar\/index.php?rest_route=%2Fwp%2Fv2%2Fproduct_tag&post=25575"}],"curies":[{"name":"wp","href":"https:\/\/api.w.org\/{rel}","templated":true}]}}

PLAFON 2 LUCES REDONDO BASE METALICA POLICARBONATO POLICARBONATO Ø25CM &#8211; E27

<p>Plafón redondo 2 luces<br />
Lampara: E27<br />
Dimensiones: Ø 25 cm</p>

<!-- This site is optimized with the Yoast SEO plugin v25.3.1 - https://yoast.com/wordpress/plugins/seo/ -->
<title>PLAFON 2 LUCES REDONDO BASE METALICA POLICARBONATO POLICARBONATO Ø25CM - E27 - Tienda Rigelec</title>
<meta name="robots" content="index, follow, max-snippet:-1, max-image-preview:large, max-video-preview:-1" />
<link rel="canonical" href="https://tienda.rigelec.com.ar/?product=plafon-2-luces-redondo-base-metalica-policarbonato-policarbonato-o25cm-e27" />
<meta property="og:locale" content="es_ES" />
<meta property="og:type" content="article" />
<meta property="og:title" content="PLAFON 2 LUCES REDONDO BASE METALICA POLICARBONATO POLICARBONATO Ø25CM - E27 - Tienda Rigelec" />
<meta property="og:description" content="Plafón redondo 2 luces Lampara: E27 Dimensiones: Ø 25 cm" />
<meta property="og:url" content="https://tienda.rigelec.com.ar/?product=plafon-2-luces-redondo-base-metalica-policarbonato-policarbonato-o25cm-e27" />
<meta property="og:site_name" content="Tienda Rigelec" />
<meta property="article:modified_time" content="2026-04-30T22:20:48+00:00" />
<meta property="og:image" content="https://tienda.rigelec.com.ar/wp-content/uploads/2024/12/PLAFON2LUCESREDONDOBASEMETALICAPOLICARBONATO.jpg" />
	<meta property="og:image:width" content="1080" />
	<meta property="og:image:height" content="1080" />
	<meta property="og:image:type" content="image/jpeg" />
<meta name="twitter:card" content="summary_large_image" />
<script type="application/ld+json" class="yoast-schema-graph">{"@context":"https://schema.org","@graph":[{"@type":"WebPage","@id":"https://tienda.rigelec.com.ar/?product=plafon-2-luces-redondo-base-metalica-policarbonato-policarbonato-o25cm-e27","url":"https://tienda.rigelec.com.ar/?product=plafon-2-luces-redondo-base-metalica-policarbonato-policarbonato-o25cm-e27","name":"PLAFON 2 LUCES REDONDO BASE METALICA POLICARBONATO POLICARBONATO Ø25CM - E27 - Tienda Rigelec","isPartOf":{"@id":"https://tienda.rigelec.com.ar/#website"},"primaryImageOfPage":{"@id":"https://tienda.rigelec.com.ar/?product=plafon-2-luces-redondo-base-metalica-policarbonato-policarbonato-o25cm-e27#primaryimage"},"image":{"@id":"https://tienda.rigelec.com.ar/?product=plafon-2-luces-redondo-base-metalica-policarbonato-policarbonato-o25cm-e27#primaryimage"},"thumbnailUrl":"https://tienda.rigelec.com.ar/wp-content/uploads/2024/12/PLAFON2LUCESREDONDOBASEMETALICAPOLICARBONATO.jpg","datePublished":"2024-12-19T19:50:11+00:00","dateModified":"2026-04-30T22:20:48+00:00","breadcrumb":{"@id":"https://tienda.rigelec.com.ar/?product=plafon-2-luces-redondo-base-metalica-policarbonato-policarbonato-o25cm-e27#breadcrumb"},"inLanguage":"es-AR","potentialAction":[{"@type":"ReadAction","target":["https://tienda.rigelec.com.ar/?product=plafon-2-luces-redondo-base-metalica-policarbonato-policarbonato-o25cm-e27"]}]},{"@type":"ImageObject","inLanguage":"es-AR","@id":"https://tienda.rigelec.com.ar/?product=plafon-2-luces-redondo-base-metalica-policarbonato-policarbonato-o25cm-e27#primaryimage","url":"https://tienda.rigelec.com.ar/wp-content/uploads/2024/12/PLAFON2LUCESREDONDOBASEMETALICAPOLICARBONATO.jpg","contentUrl":"https://tienda.rigelec.com.ar/wp-content/uploads/2024/12/PLAFON2LUCESREDONDOBASEMETALICAPOLICARBONATO.jpg","width":1080,"height":1080},{"@type":"BreadcrumbList","@id":"https://tienda.rigelec.com.ar/?product=plafon-2-luces-redondo-base-metalica-policarbonato-policarbonato-o25cm-e27#breadcrumb","itemListElement":[{"@type":"ListItem","position":1,"name":"Inicio","item":"https://tienda.rigelec.com.ar/"},{"@type":"ListItem","position":2,"name":"Shop","item":"https://tienda.rigelec.com.ar/?page_id=12"},{"@type":"ListItem","position":3,"name":"PLAFON 2 LUCES REDONDO BASE METALICA POLICARBONATO POLICARBONATO Ø25CM &#8211; E27"}]},{"@type":"WebSite","@id":"https://tienda.rigelec.com.ar/#website","url":"https://tienda.rigelec.com.ar/","name":"Tienda Rigelec","description":"Energia en movimiento","publisher":{"@id":"https://tienda.rigelec.com.ar/#organization"},"potentialAction":[{"@type":"SearchAction","target":{"@type":"EntryPoint","urlTemplate":"https://tienda.rigelec.com.ar/?s={search_term_string}"},"query-input":{"@type":"PropertyValueSpecification","valueRequired":true,"valueName":"search_term_string"}}],"inLanguage":"es-AR"},{"@type":"Organization","@id":"https://tienda.rigelec.com.ar/#organization","name":"Tienda Rigelec","url":"https://tienda.rigelec.com.ar/","logo":{"@type":"ImageObject","inLanguage":"es-AR","@id":"https://tienda.rigelec.com.ar/#/schema/logo/image/","url":"https://tienda.rigelec.com.ar/wp-content/uploads/2024/09/isologo-blanco-rigelec.png","contentUrl":"https://tienda.rigelec.com.ar/wp-content/uploads/2024/09/isologo-blanco-rigelec.png","width":94,"height":97,"caption":"Tienda Rigelec"},"image":{"@id":"https://tienda.rigelec.com.ar/#/schema/logo/image/"}}]}</script>
<!-- / Yoast SEO plugin. -->

PLAFON 2 LUCES REDONDO BASE METALICA POLICARBONATO POLICARBONATO Ø25CM - E27 - Tienda Rigelec

Plafón redondo 2 luces Lampara: E27 Dimensiones: Ø 25 cm
