{"id":25777,"date":"2024-12-19T17:02:57","date_gmt":"2024-12-19T20:02:57","guid":{"rendered":"https:\/\/tienda.test.rigelec.com.ar\/?product=botonera-colgante-8-perforaciones-kit-plb08k"},"modified":"2026-05-12T04:27:51","modified_gmt":"2026-05-12T07:27:51","slug":"botonera-colgante-8-perforaciones-kit-plb08k","status":"publish","type":"product","link":"https:\/\/tienda.rigelec.com.ar\/?product=botonera-colgante-8-perforaciones-kit-plb08k","title":{"rendered":"BOTONERA COLGANTE 8 PERFORACIONES KIT PLB08K"},"content":{"rendered":"<p>BOTONERA COLGANTE 8 PERFORACIONES<\/p>\n","protected":false},"excerpt":{"rendered":"<p>La l\u00ednea de Botoneras Colgantes atiende perfectamente las necesidades del operador posibilitando un f\u00e1cil manoseo, utilizaci\u00f3n y operaci\u00f3n a trav\u00e9s de un equipamiento ergon\u00f3micamente correcto, pr\u00e1ctico y leve.<br \/>\nLas botoneras de Steck permiten una libertad de movimientos al operador y son espec\u00edficas para aplicar en puentes rotativos, gr\u00faas de columna y equipamientos de elevaci\u00f3n y transporte.<\/p>\n","protected":false},"featured_media":25778,"comment_status":"open","ping_status":"closed","template":"","meta":{"_monsterinsights_skip_tracking":false,"_monsterinsights_sitenote_active":false,"_monsterinsights_sitenote_note":"","_monsterinsights_sitenote_category":0},"product_brand":[],"product_cat":[170],"product_tag":[137],"class_list":{"0":"post-25777","1":"product","2":"type-product","3":"status-publish","4":"has-post-thumbnail","6":"product_cat-b-pulsadores","7":"product_tag-steck","9":"first","10":"instock","11":"shipping-taxable","12":"purchasable","13":"product-type-simple"},"yoast_head":"<!-- This site is optimized with the Yoast SEO plugin v25.3.1 - https:\/\/yoast.com\/wordpress\/plugins\/seo\/ -->\n<title>BOTONERA COLGANTE 8 PERFORACIONES KIT PLB08K - Tienda Rigelec<\/title>\n<meta name=\"robots\" content=\"index, follow, max-snippet:-1, max-image-preview:large, max-video-preview:-1\" \/>\n<link rel=\"canonical\" href=\"https:\/\/tienda.rigelec.com.ar\/?product=botonera-colgante-8-perforaciones-kit-plb08k\" \/>\n<meta property=\"og:locale\" content=\"es_ES\" \/>\n<meta property=\"og:type\" content=\"article\" \/>\n<meta property=\"og:title\" content=\"BOTONERA COLGANTE 8 PERFORACIONES KIT PLB08K - Tienda Rigelec\" \/>\n<meta property=\"og:description\" content=\"La l\u00ednea de Botoneras Colgantes atiende perfectamente las necesidades del operador posibilitando un f\u00e1cil manoseo, utilizaci\u00f3n y operaci\u00f3n a trav\u00e9s de un equipamiento ergon\u00f3micamente correcto, pr\u00e1ctico y leve. Las botoneras de Steck permiten una libertad de movimientos al operador y son espec\u00edficas para aplicar en puentes rotativos, gr\u00faas de columna y equipamientos de elevaci\u00f3n y transporte.\" \/>\n<meta property=\"og:url\" content=\"https:\/\/tienda.rigelec.com.ar\/?product=botonera-colgante-8-perforaciones-kit-plb08k\" \/>\n<meta property=\"og:site_name\" content=\"Tienda Rigelec\" \/>\n<meta property=\"article:modified_time\" content=\"2026-05-12T07:27:51+00:00\" \/>\n<meta property=\"og:image\" content=\"https:\/\/tienda.rigelec.com.ar\/wp-content\/uploads\/2024\/12\/BOTONERACOLGANTE8PERFORACIONES.jpg\" \/>\n\t<meta property=\"og:image:width\" content=\"1000\" \/>\n\t<meta property=\"og:image:height\" content=\"944\" \/>\n\t<meta property=\"og:image:type\" content=\"image\/jpeg\" \/>\n<meta name=\"twitter:card\" content=\"summary_large_image\" \/>\n<script type=\"application\/ld+json\" class=\"yoast-schema-graph\">{\"@context\":\"https:\/\/schema.org\",\"@graph\":[{\"@type\":\"WebPage\",\"@id\":\"https:\/\/tienda.rigelec.com.ar\/?product=botonera-colgante-8-perforaciones-kit-plb08k\",\"url\":\"https:\/\/tienda.rigelec.com.ar\/?product=botonera-colgante-8-perforaciones-kit-plb08k\",\"name\":\"BOTONERA COLGANTE 8 PERFORACIONES KIT PLB08K - Tienda Rigelec\",\"isPartOf\":{\"@id\":\"https:\/\/tienda.rigelec.com.ar\/#website\"},\"primaryImageOfPage\":{\"@id\":\"https:\/\/tienda.rigelec.com.ar\/?product=botonera-colgante-8-perforaciones-kit-plb08k#primaryimage\"},\"image\":{\"@id\":\"https:\/\/tienda.rigelec.com.ar\/?product=botonera-colgante-8-perforaciones-kit-plb08k#primaryimage\"},\"thumbnailUrl\":\"https:\/\/tienda.rigelec.com.ar\/wp-content\/uploads\/2024\/12\/BOTONERACOLGANTE8PERFORACIONES.jpg\",\"datePublished\":\"2024-12-19T20:02:57+00:00\",\"dateModified\":\"2026-05-12T07:27:51+00:00\",\"breadcrumb\":{\"@id\":\"https:\/\/tienda.rigelec.com.ar\/?product=botonera-colgante-8-perforaciones-kit-plb08k#breadcrumb\"},\"inLanguage\":\"es-AR\",\"potentialAction\":[{\"@type\":\"ReadAction\",\"target\":[\"https:\/\/tienda.rigelec.com.ar\/?product=botonera-colgante-8-perforaciones-kit-plb08k\"]}]},{\"@type\":\"ImageObject\",\"inLanguage\":\"es-AR\",\"@id\":\"https:\/\/tienda.rigelec.com.ar\/?product=botonera-colgante-8-perforaciones-kit-plb08k#primaryimage\",\"url\":\"https:\/\/tienda.rigelec.com.ar\/wp-content\/uploads\/2024\/12\/BOTONERACOLGANTE8PERFORACIONES.jpg\",\"contentUrl\":\"https:\/\/tienda.rigelec.com.ar\/wp-content\/uploads\/2024\/12\/BOTONERACOLGANTE8PERFORACIONES.jpg\",\"width\":1000,\"height\":944},{\"@type\":\"BreadcrumbList\",\"@id\":\"https:\/\/tienda.rigelec.com.ar\/?product=botonera-colgante-8-perforaciones-kit-plb08k#breadcrumb\",\"itemListElement\":[{\"@type\":\"ListItem\",\"position\":1,\"name\":\"Inicio\",\"item\":\"https:\/\/tienda.rigelec.com.ar\/\"},{\"@type\":\"ListItem\",\"position\":2,\"name\":\"Shop\",\"item\":\"https:\/\/tienda.rigelec.com.ar\/?page_id=12\"},{\"@type\":\"ListItem\",\"position\":3,\"name\":\"BOTONERA COLGANTE 8 PERFORACIONES KIT PLB08K\"}]},{\"@type\":\"WebSite\",\"@id\":\"https:\/\/tienda.rigelec.com.ar\/#website\",\"url\":\"https:\/\/tienda.rigelec.com.ar\/\",\"name\":\"Tienda Rigelec\",\"description\":\"Energia en movimiento\",\"publisher\":{\"@id\":\"https:\/\/tienda.rigelec.com.ar\/#organization\"},\"potentialAction\":[{\"@type\":\"SearchAction\",\"target\":{\"@type\":\"EntryPoint\",\"urlTemplate\":\"https:\/\/tienda.rigelec.com.ar\/?s={search_term_string}\"},\"query-input\":{\"@type\":\"PropertyValueSpecification\",\"valueRequired\":true,\"valueName\":\"search_term_string\"}}],\"inLanguage\":\"es-AR\"},{\"@type\":\"Organization\",\"@id\":\"https:\/\/tienda.rigelec.com.ar\/#organization\",\"name\":\"Tienda Rigelec\",\"url\":\"https:\/\/tienda.rigelec.com.ar\/\",\"logo\":{\"@type\":\"ImageObject\",\"inLanguage\":\"es-AR\",\"@id\":\"https:\/\/tienda.rigelec.com.ar\/#\/schema\/logo\/image\/\",\"url\":\"https:\/\/tienda.rigelec.com.ar\/wp-content\/uploads\/2024\/09\/isologo-blanco-rigelec.png\",\"contentUrl\":\"https:\/\/tienda.rigelec.com.ar\/wp-content\/uploads\/2024\/09\/isologo-blanco-rigelec.png\",\"width\":94,\"height\":97,\"caption\":\"Tienda Rigelec\"},\"image\":{\"@id\":\"https:\/\/tienda.rigelec.com.ar\/#\/schema\/logo\/image\/\"}}]}<\/script>\n<!-- \/ Yoast SEO plugin. -->","yoast_head_json":{"title":"BOTONERA COLGANTE 8 PERFORACIONES KIT PLB08K - Tienda Rigelec","robots":{"index":"index","follow":"follow","max-snippet":"max-snippet:-1","max-image-preview":"max-image-preview:large","max-video-preview":"max-video-preview:-1"},"canonical":"https:\/\/tienda.rigelec.com.ar\/?product=botonera-colgante-8-perforaciones-kit-plb08k","og_locale":"es_ES","og_type":"article","og_title":"BOTONERA COLGANTE 8 PERFORACIONES KIT PLB08K - Tienda Rigelec","og_description":"La l\u00ednea de Botoneras Colgantes atiende perfectamente las necesidades del operador posibilitando un f\u00e1cil manoseo, utilizaci\u00f3n y operaci\u00f3n a trav\u00e9s de un equipamiento ergon\u00f3micamente correcto, pr\u00e1ctico y leve. Las botoneras de Steck permiten una libertad de movimientos al operador y son espec\u00edficas para aplicar en puentes rotativos, gr\u00faas de columna y equipamientos de elevaci\u00f3n y transporte.","og_url":"https:\/\/tienda.rigelec.com.ar\/?product=botonera-colgante-8-perforaciones-kit-plb08k","og_site_name":"Tienda Rigelec","article_modified_time":"2026-05-12T07:27:51+00:00","og_image":[{"width":1000,"height":944,"url":"https:\/\/tienda.rigelec.com.ar\/wp-content\/uploads\/2024\/12\/BOTONERACOLGANTE8PERFORACIONES.jpg","type":"image\/jpeg"}],"twitter_card":"summary_large_image","schema":{"@context":"https:\/\/schema.org","@graph":[{"@type":"WebPage","@id":"https:\/\/tienda.rigelec.com.ar\/?product=botonera-colgante-8-perforaciones-kit-plb08k","url":"https:\/\/tienda.rigelec.com.ar\/?product=botonera-colgante-8-perforaciones-kit-plb08k","name":"BOTONERA COLGANTE 8 PERFORACIONES KIT PLB08K - Tienda Rigelec","isPartOf":{"@id":"https:\/\/tienda.rigelec.com.ar\/#website"},"primaryImageOfPage":{"@id":"https:\/\/tienda.rigelec.com.ar\/?product=botonera-colgante-8-perforaciones-kit-plb08k#primaryimage"},"image":{"@id":"https:\/\/tienda.rigelec.com.ar\/?product=botonera-colgante-8-perforaciones-kit-plb08k#primaryimage"},"thumbnailUrl":"https:\/\/tienda.rigelec.com.ar\/wp-content\/uploads\/2024\/12\/BOTONERACOLGANTE8PERFORACIONES.jpg","datePublished":"2024-12-19T20:02:57+00:00","dateModified":"2026-05-12T07:27:51+00:00","breadcrumb":{"@id":"https:\/\/tienda.rigelec.com.ar\/?product=botonera-colgante-8-perforaciones-kit-plb08k#breadcrumb"},"inLanguage":"es-AR","potentialAction":[{"@type":"ReadAction","target":["https:\/\/tienda.rigelec.com.ar\/?product=botonera-colgante-8-perforaciones-kit-plb08k"]}]},{"@type":"ImageObject","inLanguage":"es-AR","@id":"https:\/\/tienda.rigelec.com.ar\/?product=botonera-colgante-8-perforaciones-kit-plb08k#primaryimage","url":"https:\/\/tienda.rigelec.com.ar\/wp-content\/uploads\/2024\/12\/BOTONERACOLGANTE8PERFORACIONES.jpg","contentUrl":"https:\/\/tienda.rigelec.com.ar\/wp-content\/uploads\/2024\/12\/BOTONERACOLGANTE8PERFORACIONES.jpg","width":1000,"height":944},{"@type":"BreadcrumbList","@id":"https:\/\/tienda.rigelec.com.ar\/?product=botonera-colgante-8-perforaciones-kit-plb08k#breadcrumb","itemListElement":[{"@type":"ListItem","position":1,"name":"Inicio","item":"https:\/\/tienda.rigelec.com.ar\/"},{"@type":"ListItem","position":2,"name":"Shop","item":"https:\/\/tienda.rigelec.com.ar\/?page_id=12"},{"@type":"ListItem","position":3,"name":"BOTONERA COLGANTE 8 PERFORACIONES KIT PLB08K"}]},{"@type":"WebSite","@id":"https:\/\/tienda.rigelec.com.ar\/#website","url":"https:\/\/tienda.rigelec.com.ar\/","name":"Tienda Rigelec","description":"Energia en movimiento","publisher":{"@id":"https:\/\/tienda.rigelec.com.ar\/#organization"},"potentialAction":[{"@type":"SearchAction","target":{"@type":"EntryPoint","urlTemplate":"https:\/\/tienda.rigelec.com.ar\/?s={search_term_string}"},"query-input":{"@type":"PropertyValueSpecification","valueRequired":true,"valueName":"search_term_string"}}],"inLanguage":"es-AR"},{"@type":"Organization","@id":"https:\/\/tienda.rigelec.com.ar\/#organization","name":"Tienda Rigelec","url":"https:\/\/tienda.rigelec.com.ar\/","logo":{"@type":"ImageObject","inLanguage":"es-AR","@id":"https:\/\/tienda.rigelec.com.ar\/#\/schema\/logo\/image\/","url":"https:\/\/tienda.rigelec.com.ar\/wp-content\/uploads\/2024\/09\/isologo-blanco-rigelec.png","contentUrl":"https:\/\/tienda.rigelec.com.ar\/wp-content\/uploads\/2024\/09\/isologo-blanco-rigelec.png","width":94,"height":97,"caption":"Tienda Rigelec"},"image":{"@id":"https:\/\/tienda.rigelec.com.ar\/#\/schema\/logo\/image\/"}}]}},"jetpack_sharing_enabled":true,"_links":{"self":[{"href":"https:\/\/tienda.rigelec.com.ar\/index.php?rest_route=\/wp\/v2\/product\/25777","targetHints":{"allow":["GET"]}}],"collection":[{"href":"https:\/\/tienda.rigelec.com.ar\/index.php?rest_route=\/wp\/v2\/product"}],"about":[{"href":"https:\/\/tienda.rigelec.com.ar\/index.php?rest_route=\/wp\/v2\/types\/product"}],"replies":[{"embeddable":true,"href":"https:\/\/tienda.rigelec.com.ar\/index.php?rest_route=%2Fwp%2Fv2%2Fcomments&post=25777"}],"wp:featuredmedia":[{"embeddable":true,"href":"https:\/\/tienda.rigelec.com.ar\/index.php?rest_route=\/wp\/v2\/media\/25778"}],"wp:attachment":[{"href":"https:\/\/tienda.rigelec.com.ar\/index.php?rest_route=%2Fwp%2Fv2%2Fmedia&parent=25777"}],"wp:term":[{"taxonomy":"product_brand","embeddable":true,"href":"https:\/\/tienda.rigelec.com.ar\/index.php?rest_route=%2Fwp%2Fv2%2Fproduct_brand&post=25777"},{"taxonomy":"product_cat","embeddable":true,"href":"https:\/\/tienda.rigelec.com.ar\/index.php?rest_route=%2Fwp%2Fv2%2Fproduct_cat&post=25777"},{"taxonomy":"product_tag","embeddable":true,"href":"https:\/\/tienda.rigelec.com.ar\/index.php?rest_route=%2Fwp%2Fv2%2Fproduct_tag&post=25777"}],"curies":[{"name":"wp","href":"https:\/\/api.w.org\/{rel}","templated":true}]}}