{"id":26549,"date":"2024-12-19T17:51:26","date_gmt":"2024-12-19T20:51:26","guid":{"rendered":"https:\/\/tienda.test.rigelec.com.ar\/?product=lampara-led-vela-luz-calida-e14-c37-6w-540lm"},"modified":"2026-02-05T09:34:18","modified_gmt":"2026-02-05T12:34:18","slug":"lampara-led-vela-luz-calida-e14-c37-6w-540lm","status":"publish","type":"product","link":"https:\/\/tienda.rigelec.com.ar\/?product=lampara-led-vela-luz-calida-e14-c37-6w-540lm","title":{"rendered":"LAMPARA LED VELA LUZ CALIDA E14 &#8211; C37 6W &#8211; 540LM"},"content":{"rendered":"<p>LAMPARA LED VELA LUZ CALIDA<\/p>\n","protected":false},"excerpt":{"rendered":"<p>Potencia: 6W<br \/>\nModelo :C37-6-E14<br \/>\nTensi\u00f3n :AC180-240V<br \/>\nReemplazo :Incandescente 40W<br \/>\nConector :E14<br \/>\nCorriente\t41mA<br \/>\nFactor de Potencia\t0.5<br \/>\nProtecci\u00f3n IP\tIP20<br \/>\nProtecci\u00f3n IK\tIK00<br \/>\nFunci\u00f3n Dimeable\tNo<br \/>\n\u00c1ngulo de Apertura\t200\u00b0<br \/>\nMaterial del Cuerpo\tPC y Aluminio<br \/>\nMaterial del Lente :Policarbonato<br \/>\nTipo de Chip : 2835 &#8211; 10pcs<br \/>\nTama\u00f1o de Lampara :37x100mm<br \/>\nPeso de L\u00e1mpara\t23g<br \/>\nTama\u00f1o de Master\t40x21x20cm<br \/>\nCantidad por Master\t100(10x10pcs c\/u)                                                                   Tipo de Blanco\tC\u00e1lido 3000K<br \/>\nTipo de Blanco\tFr\u00edo 6500k<br \/>\nFlujo Luminoso\t540lm<br \/>\nFrecuencia\t50-60Hz<br \/>\nAnti-High-Volt :3000V<br \/>\nEMC :Si<br \/>\nClase :2<br \/>\nVida \u00datil (horas)\t25.000hs<br \/>\nVida \u00datil (ON\/OFF)\t15000 maniobras<br \/>\nSDCM:6<br \/>\nTemperatura de Trabajo :-25\u00b0 +40\u00b0<br \/>\nR9: Alto<br \/>\nCRI :80Ra<br \/>\nIC Driver :No<br \/>\nL\u00famenes por Watt :90 lm x W<\/p>\n","protected":false},"featured_media":26550,"comment_status":"open","ping_status":"closed","template":"","meta":{"_monsterinsights_skip_tracking":false,"_monsterinsights_sitenote_active":false,"_monsterinsights_sitenote_note":"","_monsterinsights_sitenote_category":0},"product_brand":[],"product_cat":[214],"product_tag":[146],"class_list":{"0":"post-26549","1":"product","2":"type-product","3":"status-publish","4":"has-post-thumbnail","6":"product_cat-i-lamparas","7":"product_tag-macroled","9":"first","10":"outofstock","11":"shipping-taxable","12":"purchasable","13":"product-type-simple"},"yoast_head":"<!-- This site is optimized with the Yoast SEO plugin v25.3.1 - https:\/\/yoast.com\/wordpress\/plugins\/seo\/ -->\n<title>LAMPARA LED VELA LUZ CALIDA E14 - C37 6W - 540LM - Tienda Rigelec<\/title>\n<meta name=\"robots\" content=\"index, follow, max-snippet:-1, max-image-preview:large, max-video-preview:-1\" \/>\n<link rel=\"canonical\" href=\"https:\/\/tienda.rigelec.com.ar\/?product=lampara-led-vela-luz-calida-e14-c37-6w-540lm\" \/>\n<meta property=\"og:locale\" content=\"es_ES\" \/>\n<meta property=\"og:type\" content=\"article\" \/>\n<meta property=\"og:title\" content=\"LAMPARA LED VELA LUZ CALIDA E14 - C37 6W - 540LM - Tienda Rigelec\" \/>\n<meta property=\"og:description\" content=\"Potencia: 6W Modelo :C37-6-E14 Tensi\u00f3n :AC180-240V Reemplazo :Incandescente 40W Conector :E14 Corriente 41mA Factor de Potencia 0.5 Protecci\u00f3n IP IP20 Protecci\u00f3n IK IK00 Funci\u00f3n Dimeable No \u00c1ngulo de Apertura 200\u00b0 Material del Cuerpo PC y Aluminio Material del Lente :Policarbonato Tipo de Chip : 2835 - 10pcs Tama\u00f1o de Lampara :37x100mm Peso de L\u00e1mpara 23g Tama\u00f1o de Master 40x21x20cm Cantidad por Master 100(10x10pcs c\/u)                                  Tipo de Blanco C\u00e1lido 3000K Tipo de Blanco Fr\u00edo 6500k Flujo Luminoso 540lm Frecuencia 50-60Hz Anti-High-Volt :3000V EMC :Si Clase :2 Vida \u00datil (horas) 25.000hs Vida \u00datil (ON\/OFF) 15000 maniobras SDCM:6 Temperatura de Trabajo :-25\u00b0 +40\u00b0 R9: Alto CRI :80Ra IC Driver :No L\u00famenes por Watt :90 lm x W\" \/>\n<meta property=\"og:url\" content=\"https:\/\/tienda.rigelec.com.ar\/?product=lampara-led-vela-luz-calida-e14-c37-6w-540lm\" \/>\n<meta property=\"og:site_name\" content=\"Tienda Rigelec\" \/>\n<meta property=\"article:modified_time\" content=\"2026-02-05T12:34:18+00:00\" \/>\n<meta property=\"og:image\" content=\"https:\/\/tienda.rigelec.com.ar\/wp-content\/uploads\/2024\/12\/LAMPARALEDVELALUZCALIDA-1.jpg\" \/>\n\t<meta property=\"og:image:width\" content=\"1080\" \/>\n\t<meta property=\"og:image:height\" content=\"952\" \/>\n\t<meta property=\"og:image:type\" content=\"image\/jpeg\" \/>\n<meta name=\"twitter:card\" content=\"summary_large_image\" \/>\n<script type=\"application\/ld+json\" class=\"yoast-schema-graph\">{\"@context\":\"https:\/\/schema.org\",\"@graph\":[{\"@type\":\"WebPage\",\"@id\":\"https:\/\/tienda.rigelec.com.ar\/?product=lampara-led-vela-luz-calida-e14-c37-6w-540lm\",\"url\":\"https:\/\/tienda.rigelec.com.ar\/?product=lampara-led-vela-luz-calida-e14-c37-6w-540lm\",\"name\":\"LAMPARA LED VELA LUZ CALIDA E14 - C37 6W - 540LM - Tienda Rigelec\",\"isPartOf\":{\"@id\":\"https:\/\/tienda.rigelec.com.ar\/#website\"},\"primaryImageOfPage\":{\"@id\":\"https:\/\/tienda.rigelec.com.ar\/?product=lampara-led-vela-luz-calida-e14-c37-6w-540lm#primaryimage\"},\"image\":{\"@id\":\"https:\/\/tienda.rigelec.com.ar\/?product=lampara-led-vela-luz-calida-e14-c37-6w-540lm#primaryimage\"},\"thumbnailUrl\":\"https:\/\/tienda.rigelec.com.ar\/wp-content\/uploads\/2024\/12\/LAMPARALEDVELALUZCALIDA-1.jpg\",\"datePublished\":\"2024-12-19T20:51:26+00:00\",\"dateModified\":\"2026-02-05T12:34:18+00:00\",\"breadcrumb\":{\"@id\":\"https:\/\/tienda.rigelec.com.ar\/?product=lampara-led-vela-luz-calida-e14-c37-6w-540lm#breadcrumb\"},\"inLanguage\":\"es-AR\",\"potentialAction\":[{\"@type\":\"ReadAction\",\"target\":[\"https:\/\/tienda.rigelec.com.ar\/?product=lampara-led-vela-luz-calida-e14-c37-6w-540lm\"]}]},{\"@type\":\"ImageObject\",\"inLanguage\":\"es-AR\",\"@id\":\"https:\/\/tienda.rigelec.com.ar\/?product=lampara-led-vela-luz-calida-e14-c37-6w-540lm#primaryimage\",\"url\":\"https:\/\/tienda.rigelec.com.ar\/wp-content\/uploads\/2024\/12\/LAMPARALEDVELALUZCALIDA-1.jpg\",\"contentUrl\":\"https:\/\/tienda.rigelec.com.ar\/wp-content\/uploads\/2024\/12\/LAMPARALEDVELALUZCALIDA-1.jpg\",\"width\":1080,\"height\":952},{\"@type\":\"BreadcrumbList\",\"@id\":\"https:\/\/tienda.rigelec.com.ar\/?product=lampara-led-vela-luz-calida-e14-c37-6w-540lm#breadcrumb\",\"itemListElement\":[{\"@type\":\"ListItem\",\"position\":1,\"name\":\"Inicio\",\"item\":\"https:\/\/tienda.rigelec.com.ar\/\"},{\"@type\":\"ListItem\",\"position\":2,\"name\":\"Shop\",\"item\":\"https:\/\/tienda.rigelec.com.ar\/?page_id=12\"},{\"@type\":\"ListItem\",\"position\":3,\"name\":\"LAMPARA LED VELA LUZ CALIDA E14 &#8211; C37 6W &#8211; 540LM\"}]},{\"@type\":\"WebSite\",\"@id\":\"https:\/\/tienda.rigelec.com.ar\/#website\",\"url\":\"https:\/\/tienda.rigelec.com.ar\/\",\"name\":\"Tienda Rigelec\",\"description\":\"Energia en movimiento\",\"publisher\":{\"@id\":\"https:\/\/tienda.rigelec.com.ar\/#organization\"},\"potentialAction\":[{\"@type\":\"SearchAction\",\"target\":{\"@type\":\"EntryPoint\",\"urlTemplate\":\"https:\/\/tienda.rigelec.com.ar\/?s={search_term_string}\"},\"query-input\":{\"@type\":\"PropertyValueSpecification\",\"valueRequired\":true,\"valueName\":\"search_term_string\"}}],\"inLanguage\":\"es-AR\"},{\"@type\":\"Organization\",\"@id\":\"https:\/\/tienda.rigelec.com.ar\/#organization\",\"name\":\"Tienda Rigelec\",\"url\":\"https:\/\/tienda.rigelec.com.ar\/\",\"logo\":{\"@type\":\"ImageObject\",\"inLanguage\":\"es-AR\",\"@id\":\"https:\/\/tienda.rigelec.com.ar\/#\/schema\/logo\/image\/\",\"url\":\"https:\/\/tienda.rigelec.com.ar\/wp-content\/uploads\/2024\/09\/isologo-blanco-rigelec.png\",\"contentUrl\":\"https:\/\/tienda.rigelec.com.ar\/wp-content\/uploads\/2024\/09\/isologo-blanco-rigelec.png\",\"width\":94,\"height\":97,\"caption\":\"Tienda Rigelec\"},\"image\":{\"@id\":\"https:\/\/tienda.rigelec.com.ar\/#\/schema\/logo\/image\/\"}}]}<\/script>\n<!-- \/ Yoast SEO plugin. -->","yoast_head_json":{"title":"LAMPARA LED VELA LUZ CALIDA E14 - C37 6W - 540LM - Tienda Rigelec","robots":{"index":"index","follow":"follow","max-snippet":"max-snippet:-1","max-image-preview":"max-image-preview:large","max-video-preview":"max-video-preview:-1"},"canonical":"https:\/\/tienda.rigelec.com.ar\/?product=lampara-led-vela-luz-calida-e14-c37-6w-540lm","og_locale":"es_ES","og_type":"article","og_title":"LAMPARA LED VELA LUZ CALIDA E14 - C37 6W - 540LM - Tienda Rigelec","og_description":"Potencia: 6W Modelo :C37-6-E14 Tensi\u00f3n :AC180-240V Reemplazo :Incandescente 40W Conector :E14 Corriente 41mA Factor de Potencia 0.5 Protecci\u00f3n IP IP20 Protecci\u00f3n IK IK00 Funci\u00f3n Dimeable No \u00c1ngulo de Apertura 200\u00b0 Material del Cuerpo PC y Aluminio Material del Lente :Policarbonato Tipo de Chip : 2835 - 10pcs Tama\u00f1o de Lampara :37x100mm Peso de L\u00e1mpara 23g Tama\u00f1o de Master 40x21x20cm Cantidad por Master 100(10x10pcs c\/u)                                  Tipo de Blanco C\u00e1lido 3000K Tipo de Blanco Fr\u00edo 6500k Flujo Luminoso 540lm Frecuencia 50-60Hz Anti-High-Volt :3000V EMC :Si Clase :2 Vida \u00datil (horas) 25.000hs Vida \u00datil (ON\/OFF) 15000 maniobras SDCM:6 Temperatura de Trabajo :-25\u00b0 +40\u00b0 R9: Alto CRI :80Ra IC Driver :No L\u00famenes por Watt :90 lm x W","og_url":"https:\/\/tienda.rigelec.com.ar\/?product=lampara-led-vela-luz-calida-e14-c37-6w-540lm","og_site_name":"Tienda Rigelec","article_modified_time":"2026-02-05T12:34:18+00:00","og_image":[{"width":1080,"height":952,"url":"https:\/\/tienda.rigelec.com.ar\/wp-content\/uploads\/2024\/12\/LAMPARALEDVELALUZCALIDA-1.jpg","type":"image\/jpeg"}],"twitter_card":"summary_large_image","schema":{"@context":"https:\/\/schema.org","@graph":[{"@type":"WebPage","@id":"https:\/\/tienda.rigelec.com.ar\/?product=lampara-led-vela-luz-calida-e14-c37-6w-540lm","url":"https:\/\/tienda.rigelec.com.ar\/?product=lampara-led-vela-luz-calida-e14-c37-6w-540lm","name":"LAMPARA LED VELA LUZ CALIDA E14 - C37 6W - 540LM - Tienda Rigelec","isPartOf":{"@id":"https:\/\/tienda.rigelec.com.ar\/#website"},"primaryImageOfPage":{"@id":"https:\/\/tienda.rigelec.com.ar\/?product=lampara-led-vela-luz-calida-e14-c37-6w-540lm#primaryimage"},"image":{"@id":"https:\/\/tienda.rigelec.com.ar\/?product=lampara-led-vela-luz-calida-e14-c37-6w-540lm#primaryimage"},"thumbnailUrl":"https:\/\/tienda.rigelec.com.ar\/wp-content\/uploads\/2024\/12\/LAMPARALEDVELALUZCALIDA-1.jpg","datePublished":"2024-12-19T20:51:26+00:00","dateModified":"2026-02-05T12:34:18+00:00","breadcrumb":{"@id":"https:\/\/tienda.rigelec.com.ar\/?product=lampara-led-vela-luz-calida-e14-c37-6w-540lm#breadcrumb"},"inLanguage":"es-AR","potentialAction":[{"@type":"ReadAction","target":["https:\/\/tienda.rigelec.com.ar\/?product=lampara-led-vela-luz-calida-e14-c37-6w-540lm"]}]},{"@type":"ImageObject","inLanguage":"es-AR","@id":"https:\/\/tienda.rigelec.com.ar\/?product=lampara-led-vela-luz-calida-e14-c37-6w-540lm#primaryimage","url":"https:\/\/tienda.rigelec.com.ar\/wp-content\/uploads\/2024\/12\/LAMPARALEDVELALUZCALIDA-1.jpg","contentUrl":"https:\/\/tienda.rigelec.com.ar\/wp-content\/uploads\/2024\/12\/LAMPARALEDVELALUZCALIDA-1.jpg","width":1080,"height":952},{"@type":"BreadcrumbList","@id":"https:\/\/tienda.rigelec.com.ar\/?product=lampara-led-vela-luz-calida-e14-c37-6w-540lm#breadcrumb","itemListElement":[{"@type":"ListItem","position":1,"name":"Inicio","item":"https:\/\/tienda.rigelec.com.ar\/"},{"@type":"ListItem","position":2,"name":"Shop","item":"https:\/\/tienda.rigelec.com.ar\/?page_id=12"},{"@type":"ListItem","position":3,"name":"LAMPARA LED VELA LUZ CALIDA E14 &#8211; C37 6W &#8211; 540LM"}]},{"@type":"WebSite","@id":"https:\/\/tienda.rigelec.com.ar\/#website","url":"https:\/\/tienda.rigelec.com.ar\/","name":"Tienda Rigelec","description":"Energia en movimiento","publisher":{"@id":"https:\/\/tienda.rigelec.com.ar\/#organization"},"potentialAction":[{"@type":"SearchAction","target":{"@type":"EntryPoint","urlTemplate":"https:\/\/tienda.rigelec.com.ar\/?s={search_term_string}"},"query-input":{"@type":"PropertyValueSpecification","valueRequired":true,"valueName":"search_term_string"}}],"inLanguage":"es-AR"},{"@type":"Organization","@id":"https:\/\/tienda.rigelec.com.ar\/#organization","name":"Tienda Rigelec","url":"https:\/\/tienda.rigelec.com.ar\/","logo":{"@type":"ImageObject","inLanguage":"es-AR","@id":"https:\/\/tienda.rigelec.com.ar\/#\/schema\/logo\/image\/","url":"https:\/\/tienda.rigelec.com.ar\/wp-content\/uploads\/2024\/09\/isologo-blanco-rigelec.png","contentUrl":"https:\/\/tienda.rigelec.com.ar\/wp-content\/uploads\/2024\/09\/isologo-blanco-rigelec.png","width":94,"height":97,"caption":"Tienda Rigelec"},"image":{"@id":"https:\/\/tienda.rigelec.com.ar\/#\/schema\/logo\/image\/"}}]}},"jetpack_sharing_enabled":true,"_links":{"self":[{"href":"https:\/\/tienda.rigelec.com.ar\/index.php?rest_route=\/wp\/v2\/product\/26549","targetHints":{"allow":["GET"]}}],"collection":[{"href":"https:\/\/tienda.rigelec.com.ar\/index.php?rest_route=\/wp\/v2\/product"}],"about":[{"href":"https:\/\/tienda.rigelec.com.ar\/index.php?rest_route=\/wp\/v2\/types\/product"}],"replies":[{"embeddable":true,"href":"https:\/\/tienda.rigelec.com.ar\/index.php?rest_route=%2Fwp%2Fv2%2Fcomments&post=26549"}],"wp:featuredmedia":[{"embeddable":true,"href":"https:\/\/tienda.rigelec.com.ar\/index.php?rest_route=\/wp\/v2\/media\/26550"}],"wp:attachment":[{"href":"https:\/\/tienda.rigelec.com.ar\/index.php?rest_route=%2Fwp%2Fv2%2Fmedia&parent=26549"}],"wp:term":[{"taxonomy":"product_brand","embeddable":true,"href":"https:\/\/tienda.rigelec.com.ar\/index.php?rest_route=%2Fwp%2Fv2%2Fproduct_brand&post=26549"},{"taxonomy":"product_cat","embeddable":true,"href":"https:\/\/tienda.rigelec.com.ar\/index.php?rest_route=%2Fwp%2Fv2%2Fproduct_cat&post=26549"},{"taxonomy":"product_tag","embeddable":true,"href":"https:\/\/tienda.rigelec.com.ar\/index.php?rest_route=%2Fwp%2Fv2%2Fproduct_tag&post=26549"}],"curies":[{"name":"wp","href":"https:\/\/api.w.org\/{rel}","templated":true}]}}