{"id":26573,"date":"2024-12-19T17:53:32","date_gmt":"2024-12-19T20:53:32","guid":{"rendered":"https:\/\/tienda.test.rigelec.com.ar\/?product=lampara-led-luz-calida-e40-t160-90w-9000lm"},"modified":"2026-05-01T09:55:09","modified_gmt":"2026-05-01T12:55:09","slug":"lampara-led-luz-calida-e40-t160-90w-9000lm","status":"publish","type":"product","link":"https:\/\/tienda.rigelec.com.ar\/?product=lampara-led-luz-calida-e40-t160-90w-9000lm","title":{"rendered":"LAMPARA LED LUZ CALIDA E40 &#8211; T160 90W &#8211; 9000LM"},"content":{"rendered":"<p>LAMPARA LED LUZ CALIDA<\/p>\n<p data-start=\"248\" data-end=\"525\">El Bulb\u00f3n High Power E40 de 90\u202fW, en tono c\u00e1lido (3000\u202fK), dise\u00f1ado para ofrecer una iluminaci\u00f3n potente, eficiente y confortable en espacios amplios. Con un \u00e1ngulo de apertura de 200\u00b0, esta l\u00e1mpara asegura una dispersi\u00f3n lum\u00ednica uniforme.<\/p>\n<p data-start=\"527\" data-end=\"933\">Dotada con 132 chips SMD2835, alcanza un flujo luminoso de 9000\u202fl\u00famenes, lo que implica una eficiente raz\u00f3n de 100\u202flm\/W, permitiendo grandes ahorros energ\u00e9ticos en comparaci\u00f3n con tecnolog\u00edas tradicionales ([turn0search0]). Posee certificaci\u00f3n de eficiencia energ\u00e9tica A+ y factor de potencia de 0.9, lo que garantiza un rendimiento el\u00e9ctrico estable y de alta calidad.<\/p>\n<p data-start=\"935\" data-end=\"1486\">Su construcci\u00f3n combina un cuerpo disipador de aluminio con una lente de policarbonato, favoreciendo una excelente disipaci\u00f3n t\u00e9rmica y una durabilidad prolongada. La vida \u00fatil estimada es de 25\u202f000 horas o hasta 15\u202f000 ciclos ON\/OFF, respaldada por una garant\u00eda de 2 a\u00f1os.\u00a0Ideal para condiciones exigentes, funciona en un rango de temperatura desde \u201320\u202f\u00b0C hasta +40\u202f\u00b0C, y soporta tensiones desde AC100\u202fV hasta 265\u202fV, adem\u00e1s de contar con protecci\u00f3n anti\u2013high volt de hasta 1000\u202fV .<\/p>\n<p data-start=\"1488\" data-end=\"1707\">Con un peso de 750\u202fg y dimensiones de 140\u202f\u00d7\u202f253\u202fmm, es f\u00e1cil de instalar mediante su conector E40, ideal para instalaciones interiores sin exposici\u00f3n a humedad o condiciones extremas (IP20)<\/p>\n<p data-start=\"1488\" data-end=\"1707\"><a href=\"https:\/\/www.macroled.com.ar\/lamparas\/7428325566897\">https:\/\/www.macroled.com.ar\/lamparas\/7428325566897<\/a><\/p>\n","protected":false},"excerpt":{"rendered":"<p>Potencia: 90W<br \/>\nTensi\u00f3n: AC100-240V<br \/>\nReemplazo: Vapor de Mercurio 200W<br \/>\nConector: Vapor de Mercurio 200W<br \/>\nCorriente: 691mA<br \/>\nFactor de Potencia: 0.9<br \/>\nProtecci\u00f3n IP: IP20<br \/>\nProtecci\u00f3n IK: IK00<br \/>\nFunci\u00f3n Dimeable: No<br \/>\n\u00c1ngulo de Apertura: 200\u00b0<br \/>\nMaterial del Cuerpo: Aluminio<br \/>\nMaterial del Lente: Policarbonato<br \/>\nTipo de Chip: 2835 &#8211; 134pcs<br \/>\nTipo de Blanco: C\u00e1lido 3000K<br \/>\nFlujo Luminoso: 9.000lm<br \/>\nFrecuencia: 50-60Hz<br \/>\nAnti-High-Volt: 3000V<br \/>\nEMC: Si<br \/>\nClase 2<br \/>\nVida \u00datil (horas): 25.000hs<br \/>\nSDCM: 4<br \/>\nTemperatura de Trabajo: -25\u00b0 +40\u00b0<br \/>\nR9: Superior<br \/>\nCRI: 70Ra<br \/>\nIC Driver: Si<br \/>\nL\u00famenes por Watt: 100 lm x W<\/p>\n","protected":false},"featured_media":26574,"comment_status":"open","ping_status":"closed","template":"","meta":{"_monsterinsights_skip_tracking":false,"_monsterinsights_sitenote_active":false,"_monsterinsights_sitenote_note":"","_monsterinsights_sitenote_category":0},"product_brand":[],"product_cat":[214],"product_tag":[146],"class_list":{"0":"post-26573","1":"product","2":"type-product","3":"status-publish","4":"has-post-thumbnail","6":"product_cat-i-lamparas","7":"product_tag-macroled","9":"first","10":"outofstock","11":"shipping-taxable","12":"purchasable","13":"product-type-simple"},"yoast_head":"<!-- This site is optimized with the Yoast SEO plugin v25.3.1 - https:\/\/yoast.com\/wordpress\/plugins\/seo\/ -->\n<title>LAMPARA LED LUZ CALIDA E40 - T160 90W - 9000LM - Tienda Rigelec<\/title>\n<meta name=\"robots\" content=\"index, follow, max-snippet:-1, max-image-preview:large, max-video-preview:-1\" \/>\n<link rel=\"canonical\" href=\"https:\/\/tienda.rigelec.com.ar\/?product=lampara-led-luz-calida-e40-t160-90w-9000lm\" \/>\n<meta property=\"og:locale\" content=\"es_ES\" \/>\n<meta property=\"og:type\" content=\"article\" \/>\n<meta property=\"og:title\" content=\"LAMPARA LED LUZ CALIDA E40 - T160 90W - 9000LM - Tienda Rigelec\" \/>\n<meta property=\"og:description\" content=\"Potencia: 90W Tensi\u00f3n: AC100-240V Reemplazo: Vapor de Mercurio 200W Conector: Vapor de Mercurio 200W Corriente: 691mA Factor de Potencia: 0.9 Protecci\u00f3n IP: IP20 Protecci\u00f3n IK: IK00 Funci\u00f3n Dimeable: No \u00c1ngulo de Apertura: 200\u00b0 Material del Cuerpo: Aluminio Material del Lente: Policarbonato Tipo de Chip: 2835 - 134pcs Tipo de Blanco: C\u00e1lido 3000K Flujo Luminoso: 9.000lm Frecuencia: 50-60Hz Anti-High-Volt: 3000V EMC: Si Clase 2 Vida \u00datil (horas): 25.000hs SDCM: 4 Temperatura de Trabajo: -25\u00b0 +40\u00b0 R9: Superior CRI: 70Ra IC Driver: Si L\u00famenes por Watt: 100 lm x W\" \/>\n<meta property=\"og:url\" content=\"https:\/\/tienda.rigelec.com.ar\/?product=lampara-led-luz-calida-e40-t160-90w-9000lm\" \/>\n<meta property=\"og:site_name\" content=\"Tienda Rigelec\" \/>\n<meta property=\"article:modified_time\" content=\"2026-05-01T12:55:09+00:00\" \/>\n<meta property=\"og:image\" content=\"https:\/\/tienda.rigelec.com.ar\/wp-content\/uploads\/2024\/12\/LAMPARALEDLUZCALIDA-14.jpg\" \/>\n\t<meta property=\"og:image:width\" content=\"952\" \/>\n\t<meta property=\"og:image:height\" content=\"952\" \/>\n\t<meta property=\"og:image:type\" content=\"image\/jpeg\" \/>\n<meta name=\"twitter:card\" content=\"summary_large_image\" \/>\n<meta name=\"twitter:label1\" content=\"Tiempo de lectura\" \/>\n\t<meta name=\"twitter:data1\" content=\"2 minutos\" \/>\n<script type=\"application\/ld+json\" class=\"yoast-schema-graph\">{\"@context\":\"https:\/\/schema.org\",\"@graph\":[{\"@type\":\"WebPage\",\"@id\":\"https:\/\/tienda.rigelec.com.ar\/?product=lampara-led-luz-calida-e40-t160-90w-9000lm\",\"url\":\"https:\/\/tienda.rigelec.com.ar\/?product=lampara-led-luz-calida-e40-t160-90w-9000lm\",\"name\":\"LAMPARA LED LUZ CALIDA E40 - T160 90W - 9000LM - Tienda Rigelec\",\"isPartOf\":{\"@id\":\"https:\/\/tienda.rigelec.com.ar\/#website\"},\"primaryImageOfPage\":{\"@id\":\"https:\/\/tienda.rigelec.com.ar\/?product=lampara-led-luz-calida-e40-t160-90w-9000lm#primaryimage\"},\"image\":{\"@id\":\"https:\/\/tienda.rigelec.com.ar\/?product=lampara-led-luz-calida-e40-t160-90w-9000lm#primaryimage\"},\"thumbnailUrl\":\"https:\/\/tienda.rigelec.com.ar\/wp-content\/uploads\/2024\/12\/LAMPARALEDLUZCALIDA-14.jpg\",\"datePublished\":\"2024-12-19T20:53:32+00:00\",\"dateModified\":\"2026-05-01T12:55:09+00:00\",\"breadcrumb\":{\"@id\":\"https:\/\/tienda.rigelec.com.ar\/?product=lampara-led-luz-calida-e40-t160-90w-9000lm#breadcrumb\"},\"inLanguage\":\"es-AR\",\"potentialAction\":[{\"@type\":\"ReadAction\",\"target\":[\"https:\/\/tienda.rigelec.com.ar\/?product=lampara-led-luz-calida-e40-t160-90w-9000lm\"]}]},{\"@type\":\"ImageObject\",\"inLanguage\":\"es-AR\",\"@id\":\"https:\/\/tienda.rigelec.com.ar\/?product=lampara-led-luz-calida-e40-t160-90w-9000lm#primaryimage\",\"url\":\"https:\/\/tienda.rigelec.com.ar\/wp-content\/uploads\/2024\/12\/LAMPARALEDLUZCALIDA-14.jpg\",\"contentUrl\":\"https:\/\/tienda.rigelec.com.ar\/wp-content\/uploads\/2024\/12\/LAMPARALEDLUZCALIDA-14.jpg\",\"width\":952,\"height\":952},{\"@type\":\"BreadcrumbList\",\"@id\":\"https:\/\/tienda.rigelec.com.ar\/?product=lampara-led-luz-calida-e40-t160-90w-9000lm#breadcrumb\",\"itemListElement\":[{\"@type\":\"ListItem\",\"position\":1,\"name\":\"Inicio\",\"item\":\"https:\/\/tienda.rigelec.com.ar\/\"},{\"@type\":\"ListItem\",\"position\":2,\"name\":\"Shop\",\"item\":\"https:\/\/tienda.rigelec.com.ar\/?page_id=12\"},{\"@type\":\"ListItem\",\"position\":3,\"name\":\"LAMPARA LED LUZ CALIDA E40 &#8211; T160 90W &#8211; 9000LM\"}]},{\"@type\":\"WebSite\",\"@id\":\"https:\/\/tienda.rigelec.com.ar\/#website\",\"url\":\"https:\/\/tienda.rigelec.com.ar\/\",\"name\":\"Tienda Rigelec\",\"description\":\"Energia en movimiento\",\"publisher\":{\"@id\":\"https:\/\/tienda.rigelec.com.ar\/#organization\"},\"potentialAction\":[{\"@type\":\"SearchAction\",\"target\":{\"@type\":\"EntryPoint\",\"urlTemplate\":\"https:\/\/tienda.rigelec.com.ar\/?s={search_term_string}\"},\"query-input\":{\"@type\":\"PropertyValueSpecification\",\"valueRequired\":true,\"valueName\":\"search_term_string\"}}],\"inLanguage\":\"es-AR\"},{\"@type\":\"Organization\",\"@id\":\"https:\/\/tienda.rigelec.com.ar\/#organization\",\"name\":\"Tienda Rigelec\",\"url\":\"https:\/\/tienda.rigelec.com.ar\/\",\"logo\":{\"@type\":\"ImageObject\",\"inLanguage\":\"es-AR\",\"@id\":\"https:\/\/tienda.rigelec.com.ar\/#\/schema\/logo\/image\/\",\"url\":\"https:\/\/tienda.rigelec.com.ar\/wp-content\/uploads\/2024\/09\/isologo-blanco-rigelec.png\",\"contentUrl\":\"https:\/\/tienda.rigelec.com.ar\/wp-content\/uploads\/2024\/09\/isologo-blanco-rigelec.png\",\"width\":94,\"height\":97,\"caption\":\"Tienda Rigelec\"},\"image\":{\"@id\":\"https:\/\/tienda.rigelec.com.ar\/#\/schema\/logo\/image\/\"}}]}<\/script>\n<!-- \/ Yoast SEO plugin. -->","yoast_head_json":{"title":"LAMPARA LED LUZ CALIDA E40 - T160 90W - 9000LM - Tienda Rigelec","robots":{"index":"index","follow":"follow","max-snippet":"max-snippet:-1","max-image-preview":"max-image-preview:large","max-video-preview":"max-video-preview:-1"},"canonical":"https:\/\/tienda.rigelec.com.ar\/?product=lampara-led-luz-calida-e40-t160-90w-9000lm","og_locale":"es_ES","og_type":"article","og_title":"LAMPARA LED LUZ CALIDA E40 - T160 90W - 9000LM - Tienda Rigelec","og_description":"Potencia: 90W Tensi\u00f3n: AC100-240V Reemplazo: Vapor de Mercurio 200W Conector: Vapor de Mercurio 200W Corriente: 691mA Factor de Potencia: 0.9 Protecci\u00f3n IP: IP20 Protecci\u00f3n IK: IK00 Funci\u00f3n Dimeable: No \u00c1ngulo de Apertura: 200\u00b0 Material del Cuerpo: Aluminio Material del Lente: Policarbonato Tipo de Chip: 2835 - 134pcs Tipo de Blanco: C\u00e1lido 3000K Flujo Luminoso: 9.000lm Frecuencia: 50-60Hz Anti-High-Volt: 3000V EMC: Si Clase 2 Vida \u00datil (horas): 25.000hs SDCM: 4 Temperatura de Trabajo: -25\u00b0 +40\u00b0 R9: Superior CRI: 70Ra IC Driver: Si L\u00famenes por Watt: 100 lm x W","og_url":"https:\/\/tienda.rigelec.com.ar\/?product=lampara-led-luz-calida-e40-t160-90w-9000lm","og_site_name":"Tienda Rigelec","article_modified_time":"2026-05-01T12:55:09+00:00","og_image":[{"width":952,"height":952,"url":"https:\/\/tienda.rigelec.com.ar\/wp-content\/uploads\/2024\/12\/LAMPARALEDLUZCALIDA-14.jpg","type":"image\/jpeg"}],"twitter_card":"summary_large_image","twitter_misc":{"Tiempo de lectura":"2 minutos"},"schema":{"@context":"https:\/\/schema.org","@graph":[{"@type":"WebPage","@id":"https:\/\/tienda.rigelec.com.ar\/?product=lampara-led-luz-calida-e40-t160-90w-9000lm","url":"https:\/\/tienda.rigelec.com.ar\/?product=lampara-led-luz-calida-e40-t160-90w-9000lm","name":"LAMPARA LED LUZ CALIDA E40 - T160 90W - 9000LM - Tienda Rigelec","isPartOf":{"@id":"https:\/\/tienda.rigelec.com.ar\/#website"},"primaryImageOfPage":{"@id":"https:\/\/tienda.rigelec.com.ar\/?product=lampara-led-luz-calida-e40-t160-90w-9000lm#primaryimage"},"image":{"@id":"https:\/\/tienda.rigelec.com.ar\/?product=lampara-led-luz-calida-e40-t160-90w-9000lm#primaryimage"},"thumbnailUrl":"https:\/\/tienda.rigelec.com.ar\/wp-content\/uploads\/2024\/12\/LAMPARALEDLUZCALIDA-14.jpg","datePublished":"2024-12-19T20:53:32+00:00","dateModified":"2026-05-01T12:55:09+00:00","breadcrumb":{"@id":"https:\/\/tienda.rigelec.com.ar\/?product=lampara-led-luz-calida-e40-t160-90w-9000lm#breadcrumb"},"inLanguage":"es-AR","potentialAction":[{"@type":"ReadAction","target":["https:\/\/tienda.rigelec.com.ar\/?product=lampara-led-luz-calida-e40-t160-90w-9000lm"]}]},{"@type":"ImageObject","inLanguage":"es-AR","@id":"https:\/\/tienda.rigelec.com.ar\/?product=lampara-led-luz-calida-e40-t160-90w-9000lm#primaryimage","url":"https:\/\/tienda.rigelec.com.ar\/wp-content\/uploads\/2024\/12\/LAMPARALEDLUZCALIDA-14.jpg","contentUrl":"https:\/\/tienda.rigelec.com.ar\/wp-content\/uploads\/2024\/12\/LAMPARALEDLUZCALIDA-14.jpg","width":952,"height":952},{"@type":"BreadcrumbList","@id":"https:\/\/tienda.rigelec.com.ar\/?product=lampara-led-luz-calida-e40-t160-90w-9000lm#breadcrumb","itemListElement":[{"@type":"ListItem","position":1,"name":"Inicio","item":"https:\/\/tienda.rigelec.com.ar\/"},{"@type":"ListItem","position":2,"name":"Shop","item":"https:\/\/tienda.rigelec.com.ar\/?page_id=12"},{"@type":"ListItem","position":3,"name":"LAMPARA LED LUZ CALIDA E40 &#8211; T160 90W &#8211; 9000LM"}]},{"@type":"WebSite","@id":"https:\/\/tienda.rigelec.com.ar\/#website","url":"https:\/\/tienda.rigelec.com.ar\/","name":"Tienda Rigelec","description":"Energia en movimiento","publisher":{"@id":"https:\/\/tienda.rigelec.com.ar\/#organization"},"potentialAction":[{"@type":"SearchAction","target":{"@type":"EntryPoint","urlTemplate":"https:\/\/tienda.rigelec.com.ar\/?s={search_term_string}"},"query-input":{"@type":"PropertyValueSpecification","valueRequired":true,"valueName":"search_term_string"}}],"inLanguage":"es-AR"},{"@type":"Organization","@id":"https:\/\/tienda.rigelec.com.ar\/#organization","name":"Tienda Rigelec","url":"https:\/\/tienda.rigelec.com.ar\/","logo":{"@type":"ImageObject","inLanguage":"es-AR","@id":"https:\/\/tienda.rigelec.com.ar\/#\/schema\/logo\/image\/","url":"https:\/\/tienda.rigelec.com.ar\/wp-content\/uploads\/2024\/09\/isologo-blanco-rigelec.png","contentUrl":"https:\/\/tienda.rigelec.com.ar\/wp-content\/uploads\/2024\/09\/isologo-blanco-rigelec.png","width":94,"height":97,"caption":"Tienda Rigelec"},"image":{"@id":"https:\/\/tienda.rigelec.com.ar\/#\/schema\/logo\/image\/"}}]}},"jetpack_sharing_enabled":true,"_links":{"self":[{"href":"https:\/\/tienda.rigelec.com.ar\/index.php?rest_route=\/wp\/v2\/product\/26573","targetHints":{"allow":["GET"]}}],"collection":[{"href":"https:\/\/tienda.rigelec.com.ar\/index.php?rest_route=\/wp\/v2\/product"}],"about":[{"href":"https:\/\/tienda.rigelec.com.ar\/index.php?rest_route=\/wp\/v2\/types\/product"}],"replies":[{"embeddable":true,"href":"https:\/\/tienda.rigelec.com.ar\/index.php?rest_route=%2Fwp%2Fv2%2Fcomments&post=26573"}],"wp:featuredmedia":[{"embeddable":true,"href":"https:\/\/tienda.rigelec.com.ar\/index.php?rest_route=\/wp\/v2\/media\/26574"}],"wp:attachment":[{"href":"https:\/\/tienda.rigelec.com.ar\/index.php?rest_route=%2Fwp%2Fv2%2Fmedia&parent=26573"}],"wp:term":[{"taxonomy":"product_brand","embeddable":true,"href":"https:\/\/tienda.rigelec.com.ar\/index.php?rest_route=%2Fwp%2Fv2%2Fproduct_brand&post=26573"},{"taxonomy":"product_cat","embeddable":true,"href":"https:\/\/tienda.rigelec.com.ar\/index.php?rest_route=%2Fwp%2Fv2%2Fproduct_cat&post=26573"},{"taxonomy":"product_tag","embeddable":true,"href":"https:\/\/tienda.rigelec.com.ar\/index.php?rest_route=%2Fwp%2Fv2%2Fproduct_tag&post=26573"}],"curies":[{"name":"wp","href":"https:\/\/api.w.org\/{rel}","templated":true}]}}