{"id":26693,"date":"2024-12-19T17:59:58","date_gmt":"2024-12-19T20:59:58","guid":{"rendered":"https:\/\/tienda.test.rigelec.com.ar\/?product=tubo-led-vidrio-luz-calida-conexion-una-punta-12w-90cm"},"modified":"2026-05-01T10:02:40","modified_gmt":"2026-05-01T13:02:40","slug":"tubo-led-vidrio-luz-calida-macroled-12w-90cm-una-punta","status":"publish","type":"product","link":"https:\/\/tienda.rigelec.com.ar\/?product=tubo-led-vidrio-luz-calida-macroled-12w-90cm-una-punta","title":{"rendered":"TUBO LED VIDRIO LUZ CALIDA CONEXION UNA PUNTA 12W &#8211; 90CM"},"content":{"rendered":"<p data-start=\"494\" data-end=\"699\">El <strong data-start=\"497\" data-end=\"557\">Tubo LED Vidrio Luz C\u00e1lida Conexi\u00f3n Una Punta 12W \u2013 90cm<\/strong> de <strong data-start=\"561\" data-end=\"573\">Macroled<\/strong> es una soluci\u00f3n de iluminaci\u00f3n de <strong data-start=\"608\" data-end=\"628\">alto rendimiento<\/strong> que combina bajo consumo y una luz c\u00e1lida que aporta confort visual.<\/p>\n<p data-start=\"701\" data-end=\"967\">Su <strong data-start=\"704\" data-end=\"723\">potencia de 12W<\/strong> es suficiente para reemplazar tubos fluorescentes tradicionales de 90 cm, reduciendo el consumo de energ\u00eda y mejorando la calidad lum\u00ednica.<br data-start=\"863\" data-end=\"866\" \/>El cuerpo de vidrio permite una <strong data-start=\"898\" data-end=\"927\">\u00f3ptima transmisi\u00f3n de luz<\/strong> y prolonga la vida \u00fatil del producto.<\/p>\n<p data-start=\"969\" data-end=\"1089\">Gracias a su <strong data-start=\"982\" data-end=\"1012\">conexi\u00f3n de una sola punta<\/strong>, la instalaci\u00f3n es r\u00e1pida, sencilla y segura, evitando riesgos el\u00e9ctricos.<\/p>\n<h2 data-start=\"1096\" data-end=\"1131\"><strong data-start=\"1099\" data-end=\"1129\">Caracter\u00edsticas<\/strong><\/h2>\n<ul data-start=\"1132\" data-end=\"1451\">\n<li data-start=\"1132\" data-end=\"1155\">\n<p data-start=\"1134\" data-end=\"1155\"><strong data-start=\"1134\" data-end=\"1144\">Marca:<\/strong> Macroled<\/p>\n<\/li>\n<li data-start=\"1156\" data-end=\"1188\">\n<p data-start=\"1158\" data-end=\"1188\"><strong data-start=\"1158\" data-end=\"1167\">Tipo:<\/strong> Tubo LED de vidrio<\/p>\n<\/li>\n<li data-start=\"1189\" data-end=\"1210\">\n<p data-start=\"1191\" data-end=\"1210\"><strong data-start=\"1191\" data-end=\"1204\">Potencia:<\/strong> 12W<\/p>\n<\/li>\n<li data-start=\"1211\" data-end=\"1234\">\n<p data-start=\"1213\" data-end=\"1234\"><strong data-start=\"1213\" data-end=\"1226\">Longitud:<\/strong> 90 cm<\/p>\n<\/li>\n<li data-start=\"1235\" data-end=\"1275\">\n<p data-start=\"1237\" data-end=\"1275\"><strong data-start=\"1237\" data-end=\"1262\">Temperatura de color:<\/strong> Luz c\u00e1lida<\/p>\n<\/li>\n<li data-start=\"1276\" data-end=\"1303\">\n<p data-start=\"1278\" data-end=\"1303\"><strong data-start=\"1278\" data-end=\"1291\">Conexi\u00f3n:<\/strong> Una punta<\/p>\n<\/li>\n<li data-start=\"1304\" data-end=\"1345\">\n<p data-start=\"1306\" data-end=\"1345\">Encendido instant\u00e1neo y sin parpadeos<\/p>\n<\/li>\n<li data-start=\"1346\" data-end=\"1376\">\n<p data-start=\"1348\" data-end=\"1376\">Alta eficiencia energ\u00e9tica<\/p>\n<\/li>\n<li data-start=\"1377\" data-end=\"1410\">\n<p data-start=\"1379\" data-end=\"1410\">Instalaci\u00f3n segura y pr\u00e1ctica<\/p>\n<\/li>\n<li data-start=\"1411\" data-end=\"1451\">\n<p data-start=\"1413\" data-end=\"1451\">Larga vida \u00fatil y bajo mantenimiento<\/p>\n<\/li>\n<\/ul>\n<h2 data-start=\"1458\" data-end=\"1492\"><strong data-start=\"1461\" data-end=\"1490\">Aplicaciones recomendadas<\/strong><\/h2>\n<ul data-start=\"1493\" data-end=\"1690\">\n<li data-start=\"1493\" data-end=\"1541\">\n<p data-start=\"1495\" data-end=\"1541\">Reemplazo de tubos fluorescentes T8 de 90 cm<\/p>\n<\/li>\n<li data-start=\"1542\" data-end=\"1599\">\n<p data-start=\"1544\" data-end=\"1599\">Iluminaci\u00f3n de hogares (salas, dormitorios, pasillos)<\/p>\n<\/li>\n<li data-start=\"1600\" data-end=\"1635\">\n<p data-start=\"1602\" data-end=\"1635\">Comercios, bares y restaurantes<\/p>\n<\/li>\n<li data-start=\"1636\" data-end=\"1690\">\n<p data-start=\"1638\" data-end=\"1690\">Espacios donde se busque una luz suave y agradable<\/p>\n<\/li>\n<\/ul>\n<p><a href=\"https:\/\/www.macroled.com.ar\/lamparas\/7428325569119\">https:\/\/www.macroled.com.ar\/lamparas\/7428325569119<\/a><\/p>\n","protected":false},"excerpt":{"rendered":"<p>Potencia: 12W<br \/>\nModelo: TL-T8090-12<br \/>\nTensi\u00f3n: AC185-265V<br \/>\nTama\u00f1o de L\u00e1mpara: \u00f828x900mm<br \/>\nPeso de L\u00e1mpara: 172 gr<\/p>\n","protected":false},"featured_media":26694,"comment_status":"open","ping_status":"closed","template":"","meta":{"_monsterinsights_skip_tracking":false,"_monsterinsights_sitenote_active":false,"_monsterinsights_sitenote_note":"","_monsterinsights_sitenote_category":0},"product_brand":[],"product_cat":[300],"product_tag":[146],"class_list":{"0":"post-26693","1":"product","2":"type-product","3":"status-publish","4":"has-post-thumbnail","6":"product_cat-ii-tubos-led","7":"product_tag-macroled","9":"first","10":"instock","11":"shipping-taxable","12":"purchasable","13":"product-type-simple"},"yoast_head":"<!-- This site is optimized with the Yoast SEO plugin v25.3.1 - https:\/\/yoast.com\/wordpress\/plugins\/seo\/ -->\n<title>Tienda Rigelec Tubo LED Vidrio Luz C\u00e1lida Macroled 12W 90cm Una Punta<\/title>\n<meta name=\"description\" content=\"Tubo LED Macroled de vidrio 12W 90cm luz c\u00e1lida con conexi\u00f3n de una punta. Iluminaci\u00f3n eficiente, segura y acogedora para hogares y comercios.\" \/>\n<meta name=\"robots\" content=\"index, follow, max-snippet:-1, max-image-preview:large, max-video-preview:-1\" \/>\n<link rel=\"canonical\" href=\"https:\/\/tienda.rigelec.com.ar\/?product=tubo-led-vidrio-luz-calida-macroled-12w-90cm-una-punta\" \/>\n<meta property=\"og:locale\" content=\"es_ES\" \/>\n<meta property=\"og:type\" content=\"article\" \/>\n<meta property=\"og:title\" content=\"Tienda Rigelec Tubo LED Vidrio Luz C\u00e1lida Macroled 12W 90cm Una Punta\" \/>\n<meta property=\"og:description\" content=\"Tubo LED Macroled de vidrio 12W 90cm luz c\u00e1lida con conexi\u00f3n de una punta. Iluminaci\u00f3n eficiente, segura y acogedora para hogares y comercios.\" \/>\n<meta property=\"og:url\" content=\"https:\/\/tienda.rigelec.com.ar\/?product=tubo-led-vidrio-luz-calida-macroled-12w-90cm-una-punta\" \/>\n<meta property=\"og:site_name\" content=\"Tienda Rigelec\" \/>\n<meta property=\"article:modified_time\" content=\"2026-05-01T13:02:40+00:00\" \/>\n<meta property=\"og:image\" content=\"https:\/\/tienda.rigelec.com.ar\/wp-content\/uploads\/2024\/12\/TUBOLEDVIDRIOLUZCALIDA.jpg\" \/>\n\t<meta property=\"og:image:width\" content=\"1080\" \/>\n\t<meta property=\"og:image:height\" content=\"959\" \/>\n\t<meta property=\"og:image:type\" content=\"image\/jpeg\" \/>\n<meta name=\"twitter:card\" content=\"summary_large_image\" \/>\n<meta name=\"twitter:label1\" content=\"Tiempo de lectura\" \/>\n\t<meta name=\"twitter:data1\" content=\"1 minuto\" \/>\n<script type=\"application\/ld+json\" class=\"yoast-schema-graph\">{\"@context\":\"https:\/\/schema.org\",\"@graph\":[{\"@type\":\"WebPage\",\"@id\":\"https:\/\/tienda.rigelec.com.ar\/?product=tubo-led-vidrio-luz-calida-macroled-12w-90cm-una-punta\",\"url\":\"https:\/\/tienda.rigelec.com.ar\/?product=tubo-led-vidrio-luz-calida-macroled-12w-90cm-una-punta\",\"name\":\"Tienda Rigelec Tubo LED Vidrio Luz C\u00e1lida Macroled 12W 90cm Una Punta\",\"isPartOf\":{\"@id\":\"https:\/\/tienda.rigelec.com.ar\/#website\"},\"primaryImageOfPage\":{\"@id\":\"https:\/\/tienda.rigelec.com.ar\/?product=tubo-led-vidrio-luz-calida-macroled-12w-90cm-una-punta#primaryimage\"},\"image\":{\"@id\":\"https:\/\/tienda.rigelec.com.ar\/?product=tubo-led-vidrio-luz-calida-macroled-12w-90cm-una-punta#primaryimage\"},\"thumbnailUrl\":\"https:\/\/tienda.rigelec.com.ar\/wp-content\/uploads\/2024\/12\/TUBOLEDVIDRIOLUZCALIDA.jpg\",\"datePublished\":\"2024-12-19T20:59:58+00:00\",\"dateModified\":\"2026-05-01T13:02:40+00:00\",\"description\":\"Tubo LED Macroled de vidrio 12W 90cm luz c\u00e1lida con conexi\u00f3n de una punta. Iluminaci\u00f3n eficiente, segura y acogedora para hogares y comercios.\",\"breadcrumb\":{\"@id\":\"https:\/\/tienda.rigelec.com.ar\/?product=tubo-led-vidrio-luz-calida-macroled-12w-90cm-una-punta#breadcrumb\"},\"inLanguage\":\"es-AR\",\"potentialAction\":[{\"@type\":\"ReadAction\",\"target\":[\"https:\/\/tienda.rigelec.com.ar\/?product=tubo-led-vidrio-luz-calida-macroled-12w-90cm-una-punta\"]}]},{\"@type\":\"ImageObject\",\"inLanguage\":\"es-AR\",\"@id\":\"https:\/\/tienda.rigelec.com.ar\/?product=tubo-led-vidrio-luz-calida-macroled-12w-90cm-una-punta#primaryimage\",\"url\":\"https:\/\/tienda.rigelec.com.ar\/wp-content\/uploads\/2024\/12\/TUBOLEDVIDRIOLUZCALIDA.jpg\",\"contentUrl\":\"https:\/\/tienda.rigelec.com.ar\/wp-content\/uploads\/2024\/12\/TUBOLEDVIDRIOLUZCALIDA.jpg\",\"width\":1080,\"height\":959},{\"@type\":\"BreadcrumbList\",\"@id\":\"https:\/\/tienda.rigelec.com.ar\/?product=tubo-led-vidrio-luz-calida-macroled-12w-90cm-una-punta#breadcrumb\",\"itemListElement\":[{\"@type\":\"ListItem\",\"position\":1,\"name\":\"Inicio\",\"item\":\"https:\/\/tienda.rigelec.com.ar\/\"},{\"@type\":\"ListItem\",\"position\":2,\"name\":\"Shop\",\"item\":\"https:\/\/tienda.rigelec.com.ar\/?page_id=12\"},{\"@type\":\"ListItem\",\"position\":3,\"name\":\"TUBO LED VIDRIO LUZ CALIDA CONEXION UNA PUNTA 12W &#8211; 90CM\"}]},{\"@type\":\"WebSite\",\"@id\":\"https:\/\/tienda.rigelec.com.ar\/#website\",\"url\":\"https:\/\/tienda.rigelec.com.ar\/\",\"name\":\"Tienda Rigelec\",\"description\":\"Energia en movimiento\",\"publisher\":{\"@id\":\"https:\/\/tienda.rigelec.com.ar\/#organization\"},\"potentialAction\":[{\"@type\":\"SearchAction\",\"target\":{\"@type\":\"EntryPoint\",\"urlTemplate\":\"https:\/\/tienda.rigelec.com.ar\/?s={search_term_string}\"},\"query-input\":{\"@type\":\"PropertyValueSpecification\",\"valueRequired\":true,\"valueName\":\"search_term_string\"}}],\"inLanguage\":\"es-AR\"},{\"@type\":\"Organization\",\"@id\":\"https:\/\/tienda.rigelec.com.ar\/#organization\",\"name\":\"Tienda Rigelec\",\"url\":\"https:\/\/tienda.rigelec.com.ar\/\",\"logo\":{\"@type\":\"ImageObject\",\"inLanguage\":\"es-AR\",\"@id\":\"https:\/\/tienda.rigelec.com.ar\/#\/schema\/logo\/image\/\",\"url\":\"https:\/\/tienda.rigelec.com.ar\/wp-content\/uploads\/2024\/09\/isologo-blanco-rigelec.png\",\"contentUrl\":\"https:\/\/tienda.rigelec.com.ar\/wp-content\/uploads\/2024\/09\/isologo-blanco-rigelec.png\",\"width\":94,\"height\":97,\"caption\":\"Tienda Rigelec\"},\"image\":{\"@id\":\"https:\/\/tienda.rigelec.com.ar\/#\/schema\/logo\/image\/\"}}]}<\/script>\n<!-- \/ Yoast SEO plugin. -->","yoast_head_json":{"title":"Tienda Rigelec Tubo LED Vidrio Luz C\u00e1lida Macroled 12W 90cm Una Punta","description":"Tubo LED Macroled de vidrio 12W 90cm luz c\u00e1lida con conexi\u00f3n de una punta. Iluminaci\u00f3n eficiente, segura y acogedora para hogares y comercios.","robots":{"index":"index","follow":"follow","max-snippet":"max-snippet:-1","max-image-preview":"max-image-preview:large","max-video-preview":"max-video-preview:-1"},"canonical":"https:\/\/tienda.rigelec.com.ar\/?product=tubo-led-vidrio-luz-calida-macroled-12w-90cm-una-punta","og_locale":"es_ES","og_type":"article","og_title":"Tienda Rigelec Tubo LED Vidrio Luz C\u00e1lida Macroled 12W 90cm Una Punta","og_description":"Tubo LED Macroled de vidrio 12W 90cm luz c\u00e1lida con conexi\u00f3n de una punta. Iluminaci\u00f3n eficiente, segura y acogedora para hogares y comercios.","og_url":"https:\/\/tienda.rigelec.com.ar\/?product=tubo-led-vidrio-luz-calida-macroled-12w-90cm-una-punta","og_site_name":"Tienda Rigelec","article_modified_time":"2026-05-01T13:02:40+00:00","og_image":[{"width":1080,"height":959,"url":"https:\/\/tienda.rigelec.com.ar\/wp-content\/uploads\/2024\/12\/TUBOLEDVIDRIOLUZCALIDA.jpg","type":"image\/jpeg"}],"twitter_card":"summary_large_image","twitter_misc":{"Tiempo de lectura":"1 minuto"},"schema":{"@context":"https:\/\/schema.org","@graph":[{"@type":"WebPage","@id":"https:\/\/tienda.rigelec.com.ar\/?product=tubo-led-vidrio-luz-calida-macroled-12w-90cm-una-punta","url":"https:\/\/tienda.rigelec.com.ar\/?product=tubo-led-vidrio-luz-calida-macroled-12w-90cm-una-punta","name":"Tienda Rigelec Tubo LED Vidrio Luz C\u00e1lida Macroled 12W 90cm Una Punta","isPartOf":{"@id":"https:\/\/tienda.rigelec.com.ar\/#website"},"primaryImageOfPage":{"@id":"https:\/\/tienda.rigelec.com.ar\/?product=tubo-led-vidrio-luz-calida-macroled-12w-90cm-una-punta#primaryimage"},"image":{"@id":"https:\/\/tienda.rigelec.com.ar\/?product=tubo-led-vidrio-luz-calida-macroled-12w-90cm-una-punta#primaryimage"},"thumbnailUrl":"https:\/\/tienda.rigelec.com.ar\/wp-content\/uploads\/2024\/12\/TUBOLEDVIDRIOLUZCALIDA.jpg","datePublished":"2024-12-19T20:59:58+00:00","dateModified":"2026-05-01T13:02:40+00:00","description":"Tubo LED Macroled de vidrio 12W 90cm luz c\u00e1lida con conexi\u00f3n de una punta. Iluminaci\u00f3n eficiente, segura y acogedora para hogares y comercios.","breadcrumb":{"@id":"https:\/\/tienda.rigelec.com.ar\/?product=tubo-led-vidrio-luz-calida-macroled-12w-90cm-una-punta#breadcrumb"},"inLanguage":"es-AR","potentialAction":[{"@type":"ReadAction","target":["https:\/\/tienda.rigelec.com.ar\/?product=tubo-led-vidrio-luz-calida-macroled-12w-90cm-una-punta"]}]},{"@type":"ImageObject","inLanguage":"es-AR","@id":"https:\/\/tienda.rigelec.com.ar\/?product=tubo-led-vidrio-luz-calida-macroled-12w-90cm-una-punta#primaryimage","url":"https:\/\/tienda.rigelec.com.ar\/wp-content\/uploads\/2024\/12\/TUBOLEDVIDRIOLUZCALIDA.jpg","contentUrl":"https:\/\/tienda.rigelec.com.ar\/wp-content\/uploads\/2024\/12\/TUBOLEDVIDRIOLUZCALIDA.jpg","width":1080,"height":959},{"@type":"BreadcrumbList","@id":"https:\/\/tienda.rigelec.com.ar\/?product=tubo-led-vidrio-luz-calida-macroled-12w-90cm-una-punta#breadcrumb","itemListElement":[{"@type":"ListItem","position":1,"name":"Inicio","item":"https:\/\/tienda.rigelec.com.ar\/"},{"@type":"ListItem","position":2,"name":"Shop","item":"https:\/\/tienda.rigelec.com.ar\/?page_id=12"},{"@type":"ListItem","position":3,"name":"TUBO LED VIDRIO LUZ CALIDA CONEXION UNA PUNTA 12W &#8211; 90CM"}]},{"@type":"WebSite","@id":"https:\/\/tienda.rigelec.com.ar\/#website","url":"https:\/\/tienda.rigelec.com.ar\/","name":"Tienda Rigelec","description":"Energia en movimiento","publisher":{"@id":"https:\/\/tienda.rigelec.com.ar\/#organization"},"potentialAction":[{"@type":"SearchAction","target":{"@type":"EntryPoint","urlTemplate":"https:\/\/tienda.rigelec.com.ar\/?s={search_term_string}"},"query-input":{"@type":"PropertyValueSpecification","valueRequired":true,"valueName":"search_term_string"}}],"inLanguage":"es-AR"},{"@type":"Organization","@id":"https:\/\/tienda.rigelec.com.ar\/#organization","name":"Tienda Rigelec","url":"https:\/\/tienda.rigelec.com.ar\/","logo":{"@type":"ImageObject","inLanguage":"es-AR","@id":"https:\/\/tienda.rigelec.com.ar\/#\/schema\/logo\/image\/","url":"https:\/\/tienda.rigelec.com.ar\/wp-content\/uploads\/2024\/09\/isologo-blanco-rigelec.png","contentUrl":"https:\/\/tienda.rigelec.com.ar\/wp-content\/uploads\/2024\/09\/isologo-blanco-rigelec.png","width":94,"height":97,"caption":"Tienda Rigelec"},"image":{"@id":"https:\/\/tienda.rigelec.com.ar\/#\/schema\/logo\/image\/"}}]}},"jetpack_sharing_enabled":true,"_links":{"self":[{"href":"https:\/\/tienda.rigelec.com.ar\/index.php?rest_route=\/wp\/v2\/product\/26693","targetHints":{"allow":["GET"]}}],"collection":[{"href":"https:\/\/tienda.rigelec.com.ar\/index.php?rest_route=\/wp\/v2\/product"}],"about":[{"href":"https:\/\/tienda.rigelec.com.ar\/index.php?rest_route=\/wp\/v2\/types\/product"}],"replies":[{"embeddable":true,"href":"https:\/\/tienda.rigelec.com.ar\/index.php?rest_route=%2Fwp%2Fv2%2Fcomments&post=26693"}],"wp:featuredmedia":[{"embeddable":true,"href":"https:\/\/tienda.rigelec.com.ar\/index.php?rest_route=\/wp\/v2\/media\/26694"}],"wp:attachment":[{"href":"https:\/\/tienda.rigelec.com.ar\/index.php?rest_route=%2Fwp%2Fv2%2Fmedia&parent=26693"}],"wp:term":[{"taxonomy":"product_brand","embeddable":true,"href":"https:\/\/tienda.rigelec.com.ar\/index.php?rest_route=%2Fwp%2Fv2%2Fproduct_brand&post=26693"},{"taxonomy":"product_cat","embeddable":true,"href":"https:\/\/tienda.rigelec.com.ar\/index.php?rest_route=%2Fwp%2Fv2%2Fproduct_cat&post=26693"},{"taxonomy":"product_tag","embeddable":true,"href":"https:\/\/tienda.rigelec.com.ar\/index.php?rest_route=%2Fwp%2Fv2%2Fproduct_tag&post=26693"}],"curies":[{"name":"wp","href":"https:\/\/api.w.org\/{rel}","templated":true}]}}