{"id":26705,"date":"2024-12-19T18:00:04","date_gmt":"2024-12-19T21:00:04","guid":{"rendered":"https:\/\/tienda.test.rigelec.com.ar\/?product=tubo-led-vidrio-luz-calida-conexion-una-punta-9w-60cm"},"modified":"2026-05-12T05:26:20","modified_gmt":"2026-05-12T08:26:20","slug":"tubo-led-vidrio-luz-calida-macroled-9w-60cm-una-punta","status":"publish","type":"product","link":"https:\/\/tienda.rigelec.com.ar\/?product=tubo-led-vidrio-luz-calida-macroled-9w-60cm-una-punta","title":{"rendered":"TUBO LED VIDRIO LUZ CALIDA CONEXION UNA PUNTA 9W &#8211; 60CM"},"content":{"rendered":"<p data-start=\"483\" data-end=\"809\">El <strong data-start=\"486\" data-end=\"545\">Tubo LED Vidrio Luz C\u00e1lida Conexi\u00f3n Una Punta 9W \u2013 60cm<\/strong> de <strong data-start=\"549\" data-end=\"561\">Macroled<\/strong> es la opci\u00f3n ideal para quienes buscan una iluminaci\u00f3n confortable y eficiente.<br data-start=\"641\" data-end=\"644\" \/>Su <strong data-start=\"647\" data-end=\"665\">potencia de 9W<\/strong> y su <strong data-start=\"671\" data-end=\"685\">luz c\u00e1lida<\/strong> crean un ambiente agradable, perfecto para hogares, restaurantes, hoteles y espacios donde se prioriza el confort visual.<\/p>\n<p data-start=\"811\" data-end=\"1005\">Fabricado en vidrio de alta calidad, ofrece excelente transmisi\u00f3n lum\u00ednica y una vida \u00fatil prolongada. La <strong data-start=\"917\" data-end=\"942\">conexi\u00f3n de una punta<\/strong> facilita la instalaci\u00f3n y mejora la seguridad en el montaje.<\/p>\n<h2 data-start=\"1012\" data-end=\"1047\"><strong data-start=\"1015\" data-end=\"1045\">Caracter\u00edsticas<\/strong><\/h2>\n<ul data-start=\"1048\" data-end=\"1376\">\n<li data-start=\"1048\" data-end=\"1071\">\n<p data-start=\"1050\" data-end=\"1071\"><strong data-start=\"1050\" data-end=\"1060\">Marca:<\/strong> Macroled<\/p>\n<\/li>\n<li data-start=\"1072\" data-end=\"1104\">\n<p data-start=\"1074\" data-end=\"1104\"><strong data-start=\"1074\" data-end=\"1083\">Tipo:<\/strong> Tubo LED de vidrio<\/p>\n<\/li>\n<li data-start=\"1105\" data-end=\"1125\">\n<p data-start=\"1107\" data-end=\"1125\"><strong data-start=\"1107\" data-end=\"1120\">Potencia:<\/strong> 9W<\/p>\n<\/li>\n<li data-start=\"1126\" data-end=\"1149\">\n<p data-start=\"1128\" data-end=\"1149\"><strong data-start=\"1128\" data-end=\"1141\">Longitud:<\/strong> 60 cm<\/p>\n<\/li>\n<li data-start=\"1150\" data-end=\"1190\">\n<p data-start=\"1152\" data-end=\"1190\"><strong data-start=\"1152\" data-end=\"1177\">Temperatura de color:<\/strong> Luz c\u00e1lida<\/p>\n<\/li>\n<li data-start=\"1191\" data-end=\"1218\">\n<p data-start=\"1193\" data-end=\"1218\"><strong data-start=\"1193\" data-end=\"1206\">Conexi\u00f3n:<\/strong> Una punta<\/p>\n<\/li>\n<li data-start=\"1219\" data-end=\"1264\">\n<p data-start=\"1221\" data-end=\"1264\"><strong data-start=\"1221\" data-end=\"1262\">Encendido instant\u00e1neo y sin parpadeos<\/strong><\/p>\n<\/li>\n<li data-start=\"1265\" data-end=\"1299\">\n<p data-start=\"1267\" data-end=\"1299\"><strong data-start=\"1267\" data-end=\"1297\">Alta eficiencia energ\u00e9tica<\/strong><\/p>\n<\/li>\n<li data-start=\"1300\" data-end=\"1335\">\n<p data-start=\"1302\" data-end=\"1335\"><strong data-start=\"1302\" data-end=\"1333\">Instalaci\u00f3n r\u00e1pida y segura<\/strong><\/p>\n<\/li>\n<li data-start=\"1336\" data-end=\"1376\">\n<p data-start=\"1338\" data-end=\"1376\"><strong data-start=\"1338\" data-end=\"1374\">Durabilidad y bajo mantenimiento<\/strong><\/p>\n<\/li>\n<\/ul>\n<h2 data-start=\"1383\" data-end=\"1417\"><strong data-start=\"1386\" data-end=\"1415\">Aplicaciones recomendadas<\/strong><\/h2>\n<ul data-start=\"1418\" data-end=\"1619\">\n<li data-start=\"1418\" data-end=\"1466\">\n<p data-start=\"1420\" data-end=\"1466\">Reemplazo de tubos fluorescentes T8 de 60 cm<\/p>\n<\/li>\n<li data-start=\"1467\" data-end=\"1524\">\n<p data-start=\"1469\" data-end=\"1524\">Iluminaci\u00f3n residencial (dormitorios, salas de estar)<\/p>\n<\/li>\n<li data-start=\"1525\" data-end=\"1558\">\n<p data-start=\"1527\" data-end=\"1558\">Restaurantes, bares y hoteles<\/p>\n<\/li>\n<li data-start=\"1559\" data-end=\"1619\">\n<p data-start=\"1561\" data-end=\"1619\">Espacios donde se busca una atm\u00f3sfera c\u00e1lida y acogedora<\/p>\n<\/li>\n<\/ul>\n<p><a href=\"https:\/\/www.macroled.com.ar\/lamparas\/7428325566866\">https:\/\/www.macroled.com.ar\/lamparas\/7428325566866<\/a><\/p>\n","protected":false},"excerpt":{"rendered":"<p>Potencia: 9W<br \/>\nModelo: TL-T8060<br \/>\nTensi\u00f3n: AC185-265V<br \/>\nTama\u00f1o de L\u00e1mpara: \u00f828x600mm<br \/>\nPeso de L\u00e1mpara: 120 gr<\/p>\n","protected":false},"featured_media":26706,"comment_status":"open","ping_status":"closed","template":"","meta":{"_monsterinsights_skip_tracking":false,"_monsterinsights_sitenote_active":false,"_monsterinsights_sitenote_note":"","_monsterinsights_sitenote_category":0},"product_brand":[],"product_cat":[300],"product_tag":[146],"class_list":{"0":"post-26705","1":"product","2":"type-product","3":"status-publish","4":"has-post-thumbnail","6":"product_cat-ii-tubos-led","7":"product_tag-macroled","9":"first","10":"outofstock","11":"shipping-taxable","12":"purchasable","13":"product-type-simple"},"yoast_head":"<!-- This site is optimized with the Yoast SEO plugin v25.3.1 - https:\/\/yoast.com\/wordpress\/plugins\/seo\/ -->\n<title>Tienda Rigelec Tubo LED Vidrio Luz C\u00e1lida Macroled 9W 60cm Una Punta<\/title>\n<meta name=\"description\" content=\"Tubo LED Macroled de vidrio 9W 60cm luz c\u00e1lida y conexi\u00f3n de una punta. Iluminaci\u00f3n acogedora, eficiente y segura para el hogar y comercios.\" \/>\n<meta name=\"robots\" content=\"index, follow, max-snippet:-1, max-image-preview:large, max-video-preview:-1\" \/>\n<link rel=\"canonical\" href=\"https:\/\/tienda.rigelec.com.ar\/?product=tubo-led-vidrio-luz-calida-macroled-9w-60cm-una-punta\" \/>\n<meta property=\"og:locale\" content=\"es_ES\" \/>\n<meta property=\"og:type\" content=\"article\" \/>\n<meta property=\"og:title\" content=\"Tienda Rigelec Tubo LED Vidrio Luz C\u00e1lida Macroled 9W 60cm Una Punta\" \/>\n<meta property=\"og:description\" content=\"Tubo LED Macroled de vidrio 9W 60cm luz c\u00e1lida y conexi\u00f3n de una punta. Iluminaci\u00f3n acogedora, eficiente y segura para el hogar y comercios.\" \/>\n<meta property=\"og:url\" content=\"https:\/\/tienda.rigelec.com.ar\/?product=tubo-led-vidrio-luz-calida-macroled-9w-60cm-una-punta\" \/>\n<meta property=\"og:site_name\" content=\"Tienda Rigelec\" \/>\n<meta property=\"article:modified_time\" content=\"2026-05-12T08:26:20+00:00\" \/>\n<meta property=\"og:image\" content=\"https:\/\/tienda.rigelec.com.ar\/wp-content\/uploads\/2024\/12\/TUBOLEDVIDRIOLUZCALIDA-2.jpg\" \/>\n\t<meta property=\"og:image:width\" content=\"1080\" \/>\n\t<meta property=\"og:image:height\" content=\"959\" \/>\n\t<meta property=\"og:image:type\" content=\"image\/jpeg\" \/>\n<meta name=\"twitter:card\" content=\"summary_large_image\" \/>\n<meta name=\"twitter:label1\" content=\"Tiempo de lectura\" \/>\n\t<meta name=\"twitter:data1\" content=\"1 minuto\" \/>\n<script type=\"application\/ld+json\" class=\"yoast-schema-graph\">{\"@context\":\"https:\/\/schema.org\",\"@graph\":[{\"@type\":\"WebPage\",\"@id\":\"https:\/\/tienda.rigelec.com.ar\/?product=tubo-led-vidrio-luz-calida-macroled-9w-60cm-una-punta\",\"url\":\"https:\/\/tienda.rigelec.com.ar\/?product=tubo-led-vidrio-luz-calida-macroled-9w-60cm-una-punta\",\"name\":\"Tienda Rigelec Tubo LED Vidrio Luz C\u00e1lida Macroled 9W 60cm Una Punta\",\"isPartOf\":{\"@id\":\"https:\/\/tienda.rigelec.com.ar\/#website\"},\"primaryImageOfPage\":{\"@id\":\"https:\/\/tienda.rigelec.com.ar\/?product=tubo-led-vidrio-luz-calida-macroled-9w-60cm-una-punta#primaryimage\"},\"image\":{\"@id\":\"https:\/\/tienda.rigelec.com.ar\/?product=tubo-led-vidrio-luz-calida-macroled-9w-60cm-una-punta#primaryimage\"},\"thumbnailUrl\":\"https:\/\/tienda.rigelec.com.ar\/wp-content\/uploads\/2024\/12\/TUBOLEDVIDRIOLUZCALIDA-2.jpg\",\"datePublished\":\"2024-12-19T21:00:04+00:00\",\"dateModified\":\"2026-05-12T08:26:20+00:00\",\"description\":\"Tubo LED Macroled de vidrio 9W 60cm luz c\u00e1lida y conexi\u00f3n de una punta. Iluminaci\u00f3n acogedora, eficiente y segura para el hogar y comercios.\",\"breadcrumb\":{\"@id\":\"https:\/\/tienda.rigelec.com.ar\/?product=tubo-led-vidrio-luz-calida-macroled-9w-60cm-una-punta#breadcrumb\"},\"inLanguage\":\"es-AR\",\"potentialAction\":[{\"@type\":\"ReadAction\",\"target\":[\"https:\/\/tienda.rigelec.com.ar\/?product=tubo-led-vidrio-luz-calida-macroled-9w-60cm-una-punta\"]}]},{\"@type\":\"ImageObject\",\"inLanguage\":\"es-AR\",\"@id\":\"https:\/\/tienda.rigelec.com.ar\/?product=tubo-led-vidrio-luz-calida-macroled-9w-60cm-una-punta#primaryimage\",\"url\":\"https:\/\/tienda.rigelec.com.ar\/wp-content\/uploads\/2024\/12\/TUBOLEDVIDRIOLUZCALIDA-2.jpg\",\"contentUrl\":\"https:\/\/tienda.rigelec.com.ar\/wp-content\/uploads\/2024\/12\/TUBOLEDVIDRIOLUZCALIDA-2.jpg\",\"width\":1080,\"height\":959},{\"@type\":\"BreadcrumbList\",\"@id\":\"https:\/\/tienda.rigelec.com.ar\/?product=tubo-led-vidrio-luz-calida-macroled-9w-60cm-una-punta#breadcrumb\",\"itemListElement\":[{\"@type\":\"ListItem\",\"position\":1,\"name\":\"Inicio\",\"item\":\"https:\/\/tienda.rigelec.com.ar\/\"},{\"@type\":\"ListItem\",\"position\":2,\"name\":\"Shop\",\"item\":\"https:\/\/tienda.rigelec.com.ar\/?page_id=12\"},{\"@type\":\"ListItem\",\"position\":3,\"name\":\"TUBO LED VIDRIO LUZ CALIDA CONEXION UNA PUNTA 9W &#8211; 60CM\"}]},{\"@type\":\"WebSite\",\"@id\":\"https:\/\/tienda.rigelec.com.ar\/#website\",\"url\":\"https:\/\/tienda.rigelec.com.ar\/\",\"name\":\"Tienda Rigelec\",\"description\":\"Energia en movimiento\",\"publisher\":{\"@id\":\"https:\/\/tienda.rigelec.com.ar\/#organization\"},\"potentialAction\":[{\"@type\":\"SearchAction\",\"target\":{\"@type\":\"EntryPoint\",\"urlTemplate\":\"https:\/\/tienda.rigelec.com.ar\/?s={search_term_string}\"},\"query-input\":{\"@type\":\"PropertyValueSpecification\",\"valueRequired\":true,\"valueName\":\"search_term_string\"}}],\"inLanguage\":\"es-AR\"},{\"@type\":\"Organization\",\"@id\":\"https:\/\/tienda.rigelec.com.ar\/#organization\",\"name\":\"Tienda Rigelec\",\"url\":\"https:\/\/tienda.rigelec.com.ar\/\",\"logo\":{\"@type\":\"ImageObject\",\"inLanguage\":\"es-AR\",\"@id\":\"https:\/\/tienda.rigelec.com.ar\/#\/schema\/logo\/image\/\",\"url\":\"https:\/\/tienda.rigelec.com.ar\/wp-content\/uploads\/2024\/09\/isologo-blanco-rigelec.png\",\"contentUrl\":\"https:\/\/tienda.rigelec.com.ar\/wp-content\/uploads\/2024\/09\/isologo-blanco-rigelec.png\",\"width\":94,\"height\":97,\"caption\":\"Tienda Rigelec\"},\"image\":{\"@id\":\"https:\/\/tienda.rigelec.com.ar\/#\/schema\/logo\/image\/\"}}]}<\/script>\n<!-- \/ Yoast SEO plugin. -->","yoast_head_json":{"title":"Tienda Rigelec Tubo LED Vidrio Luz C\u00e1lida Macroled 9W 60cm Una Punta","description":"Tubo LED Macroled de vidrio 9W 60cm luz c\u00e1lida y conexi\u00f3n de una punta. Iluminaci\u00f3n acogedora, eficiente y segura para el hogar y comercios.","robots":{"index":"index","follow":"follow","max-snippet":"max-snippet:-1","max-image-preview":"max-image-preview:large","max-video-preview":"max-video-preview:-1"},"canonical":"https:\/\/tienda.rigelec.com.ar\/?product=tubo-led-vidrio-luz-calida-macroled-9w-60cm-una-punta","og_locale":"es_ES","og_type":"article","og_title":"Tienda Rigelec Tubo LED Vidrio Luz C\u00e1lida Macroled 9W 60cm Una Punta","og_description":"Tubo LED Macroled de vidrio 9W 60cm luz c\u00e1lida y conexi\u00f3n de una punta. Iluminaci\u00f3n acogedora, eficiente y segura para el hogar y comercios.","og_url":"https:\/\/tienda.rigelec.com.ar\/?product=tubo-led-vidrio-luz-calida-macroled-9w-60cm-una-punta","og_site_name":"Tienda Rigelec","article_modified_time":"2026-05-12T08:26:20+00:00","og_image":[{"width":1080,"height":959,"url":"https:\/\/tienda.rigelec.com.ar\/wp-content\/uploads\/2024\/12\/TUBOLEDVIDRIOLUZCALIDA-2.jpg","type":"image\/jpeg"}],"twitter_card":"summary_large_image","twitter_misc":{"Tiempo de lectura":"1 minuto"},"schema":{"@context":"https:\/\/schema.org","@graph":[{"@type":"WebPage","@id":"https:\/\/tienda.rigelec.com.ar\/?product=tubo-led-vidrio-luz-calida-macroled-9w-60cm-una-punta","url":"https:\/\/tienda.rigelec.com.ar\/?product=tubo-led-vidrio-luz-calida-macroled-9w-60cm-una-punta","name":"Tienda Rigelec Tubo LED Vidrio Luz C\u00e1lida Macroled 9W 60cm Una Punta","isPartOf":{"@id":"https:\/\/tienda.rigelec.com.ar\/#website"},"primaryImageOfPage":{"@id":"https:\/\/tienda.rigelec.com.ar\/?product=tubo-led-vidrio-luz-calida-macroled-9w-60cm-una-punta#primaryimage"},"image":{"@id":"https:\/\/tienda.rigelec.com.ar\/?product=tubo-led-vidrio-luz-calida-macroled-9w-60cm-una-punta#primaryimage"},"thumbnailUrl":"https:\/\/tienda.rigelec.com.ar\/wp-content\/uploads\/2024\/12\/TUBOLEDVIDRIOLUZCALIDA-2.jpg","datePublished":"2024-12-19T21:00:04+00:00","dateModified":"2026-05-12T08:26:20+00:00","description":"Tubo LED Macroled de vidrio 9W 60cm luz c\u00e1lida y conexi\u00f3n de una punta. Iluminaci\u00f3n acogedora, eficiente y segura para el hogar y comercios.","breadcrumb":{"@id":"https:\/\/tienda.rigelec.com.ar\/?product=tubo-led-vidrio-luz-calida-macroled-9w-60cm-una-punta#breadcrumb"},"inLanguage":"es-AR","potentialAction":[{"@type":"ReadAction","target":["https:\/\/tienda.rigelec.com.ar\/?product=tubo-led-vidrio-luz-calida-macroled-9w-60cm-una-punta"]}]},{"@type":"ImageObject","inLanguage":"es-AR","@id":"https:\/\/tienda.rigelec.com.ar\/?product=tubo-led-vidrio-luz-calida-macroled-9w-60cm-una-punta#primaryimage","url":"https:\/\/tienda.rigelec.com.ar\/wp-content\/uploads\/2024\/12\/TUBOLEDVIDRIOLUZCALIDA-2.jpg","contentUrl":"https:\/\/tienda.rigelec.com.ar\/wp-content\/uploads\/2024\/12\/TUBOLEDVIDRIOLUZCALIDA-2.jpg","width":1080,"height":959},{"@type":"BreadcrumbList","@id":"https:\/\/tienda.rigelec.com.ar\/?product=tubo-led-vidrio-luz-calida-macroled-9w-60cm-una-punta#breadcrumb","itemListElement":[{"@type":"ListItem","position":1,"name":"Inicio","item":"https:\/\/tienda.rigelec.com.ar\/"},{"@type":"ListItem","position":2,"name":"Shop","item":"https:\/\/tienda.rigelec.com.ar\/?page_id=12"},{"@type":"ListItem","position":3,"name":"TUBO LED VIDRIO LUZ CALIDA CONEXION UNA PUNTA 9W &#8211; 60CM"}]},{"@type":"WebSite","@id":"https:\/\/tienda.rigelec.com.ar\/#website","url":"https:\/\/tienda.rigelec.com.ar\/","name":"Tienda Rigelec","description":"Energia en movimiento","publisher":{"@id":"https:\/\/tienda.rigelec.com.ar\/#organization"},"potentialAction":[{"@type":"SearchAction","target":{"@type":"EntryPoint","urlTemplate":"https:\/\/tienda.rigelec.com.ar\/?s={search_term_string}"},"query-input":{"@type":"PropertyValueSpecification","valueRequired":true,"valueName":"search_term_string"}}],"inLanguage":"es-AR"},{"@type":"Organization","@id":"https:\/\/tienda.rigelec.com.ar\/#organization","name":"Tienda Rigelec","url":"https:\/\/tienda.rigelec.com.ar\/","logo":{"@type":"ImageObject","inLanguage":"es-AR","@id":"https:\/\/tienda.rigelec.com.ar\/#\/schema\/logo\/image\/","url":"https:\/\/tienda.rigelec.com.ar\/wp-content\/uploads\/2024\/09\/isologo-blanco-rigelec.png","contentUrl":"https:\/\/tienda.rigelec.com.ar\/wp-content\/uploads\/2024\/09\/isologo-blanco-rigelec.png","width":94,"height":97,"caption":"Tienda Rigelec"},"image":{"@id":"https:\/\/tienda.rigelec.com.ar\/#\/schema\/logo\/image\/"}}]}},"jetpack_sharing_enabled":true,"_links":{"self":[{"href":"https:\/\/tienda.rigelec.com.ar\/index.php?rest_route=\/wp\/v2\/product\/26705","targetHints":{"allow":["GET"]}}],"collection":[{"href":"https:\/\/tienda.rigelec.com.ar\/index.php?rest_route=\/wp\/v2\/product"}],"about":[{"href":"https:\/\/tienda.rigelec.com.ar\/index.php?rest_route=\/wp\/v2\/types\/product"}],"replies":[{"embeddable":true,"href":"https:\/\/tienda.rigelec.com.ar\/index.php?rest_route=%2Fwp%2Fv2%2Fcomments&post=26705"}],"wp:featuredmedia":[{"embeddable":true,"href":"https:\/\/tienda.rigelec.com.ar\/index.php?rest_route=\/wp\/v2\/media\/26706"}],"wp:attachment":[{"href":"https:\/\/tienda.rigelec.com.ar\/index.php?rest_route=%2Fwp%2Fv2%2Fmedia&parent=26705"}],"wp:term":[{"taxonomy":"product_brand","embeddable":true,"href":"https:\/\/tienda.rigelec.com.ar\/index.php?rest_route=%2Fwp%2Fv2%2Fproduct_brand&post=26705"},{"taxonomy":"product_cat","embeddable":true,"href":"https:\/\/tienda.rigelec.com.ar\/index.php?rest_route=%2Fwp%2Fv2%2Fproduct_cat&post=26705"},{"taxonomy":"product_tag","embeddable":true,"href":"https:\/\/tienda.rigelec.com.ar\/index.php?rest_route=%2Fwp%2Fv2%2Fproduct_tag&post=26705"}],"curies":[{"name":"wp","href":"https:\/\/api.w.org\/{rel}","templated":true}]}}