{"id":27697,"date":"2024-12-19T18:54:35","date_gmt":"2024-12-19T21:54:35","guid":{"rendered":"https:\/\/tienda.test.rigelec.com.ar\/?product=medidor-de-puesta-a-tierra-telurimetro-dy4100-0o-200o-2000o"},"modified":"2026-05-01T11:01:14","modified_gmt":"2026-05-01T14:01:14","slug":"medidor-de-puesta-a-tierra-telurimetro-dy4100-0o-200o-2000o","status":"publish","type":"product","link":"https:\/\/tienda.rigelec.com.ar\/?product=medidor-de-puesta-a-tierra-telurimetro-dy4100-0o-200o-2000o","title":{"rendered":"MEDIDOR DE PUESTA A TIERRA TELURIMETRO DY4100 0O &#8211; 200O &#8211; 2000O"},"content":{"rendered":"<p>MEDIDOR DE PUESTA A TIERRA TELURIMETRO<\/p>\n","protected":false},"excerpt":{"rendered":"<p>Medidor digital de puesta a tierra BAW .<br \/>\nDisplay de 4 d\u00edgitos con 9999 cuentas, backlight..<br \/>\nMedici\u00f3n por el m\u00e9todo de dos y tres terminales.<br \/>\nRangos de medici\u00f3n: 20O \u00b1(1%rdg+3d) ;<br \/>\n200O \u00b1(2%rdg+3d) ; 2000O \u00b1(4% rdg +4d).<br \/>\nMetodo de corriente constante 3mA, 47V, 800HZ.<br \/>\nRetenci\u00f3n de lectura. Indicador de estado de pilas.<br \/>\nAlimentaci\u00f3n: 6 pilas de 1.5 V tama\u00f1o AA (no incluidas).<br \/>\nAccesorios incluidos: Protector de goma.<br \/>\nDos electrodos auxiliares, puntas para medici\u00f3n, manual de uso.<br \/>\nDimensiones: 330*265*125mm.<\/p>\n","protected":false},"featured_media":27698,"comment_status":"open","ping_status":"closed","template":"","meta":{"_monsterinsights_skip_tracking":false,"_monsterinsights_sitenote_active":false,"_monsterinsights_sitenote_note":"","_monsterinsights_sitenote_category":0},"product_brand":[],"product_cat":[271],"product_tag":[65],"class_list":{"0":"post-27697","1":"product","2":"type-product","3":"status-publish","4":"has-post-thumbnail","6":"product_cat-j-medidores","7":"product_tag-baw","9":"first","10":"outofstock","11":"shipping-taxable","12":"purchasable","13":"product-type-simple"},"yoast_head":"<!-- This site is optimized with the Yoast SEO plugin v25.3.1 - https:\/\/yoast.com\/wordpress\/plugins\/seo\/ -->\n<title>MEDIDOR DE PUESTA A TIERRA TELURIMETRO DY4100 0O - 200O - 2000O - Tienda Rigelec<\/title>\n<meta name=\"robots\" content=\"index, follow, max-snippet:-1, max-image-preview:large, max-video-preview:-1\" \/>\n<link rel=\"canonical\" href=\"https:\/\/tienda.rigelec.com.ar\/?product=medidor-de-puesta-a-tierra-telurimetro-dy4100-0o-200o-2000o\" \/>\n<meta property=\"og:locale\" content=\"es_ES\" \/>\n<meta property=\"og:type\" content=\"article\" \/>\n<meta property=\"og:title\" content=\"MEDIDOR DE PUESTA A TIERRA TELURIMETRO DY4100 0O - 200O - 2000O - Tienda Rigelec\" \/>\n<meta property=\"og:description\" content=\"Medidor digital de puesta a tierra BAW .  Display de 4 d\u00edgitos con 9999 cuentas, backlight..  Medici\u00f3n por el m\u00e9todo de dos y tres terminales.  Rangos de medici\u00f3n: 20O \u00b1(1%rdg+3d) ; 200O \u00b1(2%rdg+3d) ; 2000O \u00b1(4% rdg +4d).  Metodo de corriente constante 3mA, 47V, 800HZ.  Retenci\u00f3n de lectura. Indicador de estado de pilas.  Alimentaci\u00f3n: 6 pilas de 1.5 V tama\u00f1o AA (no incluidas).  Accesorios incluidos: Protector de goma.  Dos electrodos auxiliares, puntas para medici\u00f3n, manual de uso.  Dimensiones: 330*265*125mm.\" \/>\n<meta property=\"og:url\" content=\"https:\/\/tienda.rigelec.com.ar\/?product=medidor-de-puesta-a-tierra-telurimetro-dy4100-0o-200o-2000o\" \/>\n<meta property=\"og:site_name\" content=\"Tienda Rigelec\" \/>\n<meta property=\"article:modified_time\" content=\"2026-05-01T14:01:14+00:00\" \/>\n<meta property=\"og:image\" content=\"https:\/\/tienda.rigelec.com.ar\/wp-content\/uploads\/2024\/12\/MEDIDORDEPUESTAATIERRATELURIMETRO.jpg\" \/>\n\t<meta property=\"og:image:width\" content=\"1080\" \/>\n\t<meta property=\"og:image:height\" content=\"956\" \/>\n\t<meta property=\"og:image:type\" content=\"image\/jpeg\" \/>\n<meta name=\"twitter:card\" content=\"summary_large_image\" \/>\n<script type=\"application\/ld+json\" class=\"yoast-schema-graph\">{\"@context\":\"https:\/\/schema.org\",\"@graph\":[{\"@type\":\"WebPage\",\"@id\":\"https:\/\/tienda.rigelec.com.ar\/?product=medidor-de-puesta-a-tierra-telurimetro-dy4100-0o-200o-2000o\",\"url\":\"https:\/\/tienda.rigelec.com.ar\/?product=medidor-de-puesta-a-tierra-telurimetro-dy4100-0o-200o-2000o\",\"name\":\"MEDIDOR DE PUESTA A TIERRA TELURIMETRO DY4100 0O - 200O - 2000O - Tienda Rigelec\",\"isPartOf\":{\"@id\":\"https:\/\/tienda.rigelec.com.ar\/#website\"},\"primaryImageOfPage\":{\"@id\":\"https:\/\/tienda.rigelec.com.ar\/?product=medidor-de-puesta-a-tierra-telurimetro-dy4100-0o-200o-2000o#primaryimage\"},\"image\":{\"@id\":\"https:\/\/tienda.rigelec.com.ar\/?product=medidor-de-puesta-a-tierra-telurimetro-dy4100-0o-200o-2000o#primaryimage\"},\"thumbnailUrl\":\"https:\/\/tienda.rigelec.com.ar\/wp-content\/uploads\/2024\/12\/MEDIDORDEPUESTAATIERRATELURIMETRO.jpg\",\"datePublished\":\"2024-12-19T21:54:35+00:00\",\"dateModified\":\"2026-05-01T14:01:14+00:00\",\"breadcrumb\":{\"@id\":\"https:\/\/tienda.rigelec.com.ar\/?product=medidor-de-puesta-a-tierra-telurimetro-dy4100-0o-200o-2000o#breadcrumb\"},\"inLanguage\":\"es-AR\",\"potentialAction\":[{\"@type\":\"ReadAction\",\"target\":[\"https:\/\/tienda.rigelec.com.ar\/?product=medidor-de-puesta-a-tierra-telurimetro-dy4100-0o-200o-2000o\"]}]},{\"@type\":\"ImageObject\",\"inLanguage\":\"es-AR\",\"@id\":\"https:\/\/tienda.rigelec.com.ar\/?product=medidor-de-puesta-a-tierra-telurimetro-dy4100-0o-200o-2000o#primaryimage\",\"url\":\"https:\/\/tienda.rigelec.com.ar\/wp-content\/uploads\/2024\/12\/MEDIDORDEPUESTAATIERRATELURIMETRO.jpg\",\"contentUrl\":\"https:\/\/tienda.rigelec.com.ar\/wp-content\/uploads\/2024\/12\/MEDIDORDEPUESTAATIERRATELURIMETRO.jpg\",\"width\":1080,\"height\":956},{\"@type\":\"BreadcrumbList\",\"@id\":\"https:\/\/tienda.rigelec.com.ar\/?product=medidor-de-puesta-a-tierra-telurimetro-dy4100-0o-200o-2000o#breadcrumb\",\"itemListElement\":[{\"@type\":\"ListItem\",\"position\":1,\"name\":\"Inicio\",\"item\":\"https:\/\/tienda.rigelec.com.ar\/\"},{\"@type\":\"ListItem\",\"position\":2,\"name\":\"Shop\",\"item\":\"https:\/\/tienda.rigelec.com.ar\/?page_id=12\"},{\"@type\":\"ListItem\",\"position\":3,\"name\":\"MEDIDOR DE PUESTA A TIERRA TELURIMETRO DY4100 0O &#8211; 200O &#8211; 2000O\"}]},{\"@type\":\"WebSite\",\"@id\":\"https:\/\/tienda.rigelec.com.ar\/#website\",\"url\":\"https:\/\/tienda.rigelec.com.ar\/\",\"name\":\"Tienda Rigelec\",\"description\":\"Energia en movimiento\",\"publisher\":{\"@id\":\"https:\/\/tienda.rigelec.com.ar\/#organization\"},\"potentialAction\":[{\"@type\":\"SearchAction\",\"target\":{\"@type\":\"EntryPoint\",\"urlTemplate\":\"https:\/\/tienda.rigelec.com.ar\/?s={search_term_string}\"},\"query-input\":{\"@type\":\"PropertyValueSpecification\",\"valueRequired\":true,\"valueName\":\"search_term_string\"}}],\"inLanguage\":\"es-AR\"},{\"@type\":\"Organization\",\"@id\":\"https:\/\/tienda.rigelec.com.ar\/#organization\",\"name\":\"Tienda Rigelec\",\"url\":\"https:\/\/tienda.rigelec.com.ar\/\",\"logo\":{\"@type\":\"ImageObject\",\"inLanguage\":\"es-AR\",\"@id\":\"https:\/\/tienda.rigelec.com.ar\/#\/schema\/logo\/image\/\",\"url\":\"https:\/\/tienda.rigelec.com.ar\/wp-content\/uploads\/2024\/09\/isologo-blanco-rigelec.png\",\"contentUrl\":\"https:\/\/tienda.rigelec.com.ar\/wp-content\/uploads\/2024\/09\/isologo-blanco-rigelec.png\",\"width\":94,\"height\":97,\"caption\":\"Tienda Rigelec\"},\"image\":{\"@id\":\"https:\/\/tienda.rigelec.com.ar\/#\/schema\/logo\/image\/\"}}]}<\/script>\n<!-- \/ Yoast SEO plugin. -->","yoast_head_json":{"title":"MEDIDOR DE PUESTA A TIERRA TELURIMETRO DY4100 0O - 200O - 2000O - Tienda Rigelec","robots":{"index":"index","follow":"follow","max-snippet":"max-snippet:-1","max-image-preview":"max-image-preview:large","max-video-preview":"max-video-preview:-1"},"canonical":"https:\/\/tienda.rigelec.com.ar\/?product=medidor-de-puesta-a-tierra-telurimetro-dy4100-0o-200o-2000o","og_locale":"es_ES","og_type":"article","og_title":"MEDIDOR DE PUESTA A TIERRA TELURIMETRO DY4100 0O - 200O - 2000O - Tienda Rigelec","og_description":"Medidor digital de puesta a tierra BAW .  Display de 4 d\u00edgitos con 9999 cuentas, backlight..  Medici\u00f3n por el m\u00e9todo de dos y tres terminales.  Rangos de medici\u00f3n: 20O \u00b1(1%rdg+3d) ; 200O \u00b1(2%rdg+3d) ; 2000O \u00b1(4% rdg +4d).  Metodo de corriente constante 3mA, 47V, 800HZ.  Retenci\u00f3n de lectura. Indicador de estado de pilas.  Alimentaci\u00f3n: 6 pilas de 1.5 V tama\u00f1o AA (no incluidas).  Accesorios incluidos: Protector de goma.  Dos electrodos auxiliares, puntas para medici\u00f3n, manual de uso.  Dimensiones: 330*265*125mm.","og_url":"https:\/\/tienda.rigelec.com.ar\/?product=medidor-de-puesta-a-tierra-telurimetro-dy4100-0o-200o-2000o","og_site_name":"Tienda Rigelec","article_modified_time":"2026-05-01T14:01:14+00:00","og_image":[{"width":1080,"height":956,"url":"https:\/\/tienda.rigelec.com.ar\/wp-content\/uploads\/2024\/12\/MEDIDORDEPUESTAATIERRATELURIMETRO.jpg","type":"image\/jpeg"}],"twitter_card":"summary_large_image","schema":{"@context":"https:\/\/schema.org","@graph":[{"@type":"WebPage","@id":"https:\/\/tienda.rigelec.com.ar\/?product=medidor-de-puesta-a-tierra-telurimetro-dy4100-0o-200o-2000o","url":"https:\/\/tienda.rigelec.com.ar\/?product=medidor-de-puesta-a-tierra-telurimetro-dy4100-0o-200o-2000o","name":"MEDIDOR DE PUESTA A TIERRA TELURIMETRO DY4100 0O - 200O - 2000O - Tienda Rigelec","isPartOf":{"@id":"https:\/\/tienda.rigelec.com.ar\/#website"},"primaryImageOfPage":{"@id":"https:\/\/tienda.rigelec.com.ar\/?product=medidor-de-puesta-a-tierra-telurimetro-dy4100-0o-200o-2000o#primaryimage"},"image":{"@id":"https:\/\/tienda.rigelec.com.ar\/?product=medidor-de-puesta-a-tierra-telurimetro-dy4100-0o-200o-2000o#primaryimage"},"thumbnailUrl":"https:\/\/tienda.rigelec.com.ar\/wp-content\/uploads\/2024\/12\/MEDIDORDEPUESTAATIERRATELURIMETRO.jpg","datePublished":"2024-12-19T21:54:35+00:00","dateModified":"2026-05-01T14:01:14+00:00","breadcrumb":{"@id":"https:\/\/tienda.rigelec.com.ar\/?product=medidor-de-puesta-a-tierra-telurimetro-dy4100-0o-200o-2000o#breadcrumb"},"inLanguage":"es-AR","potentialAction":[{"@type":"ReadAction","target":["https:\/\/tienda.rigelec.com.ar\/?product=medidor-de-puesta-a-tierra-telurimetro-dy4100-0o-200o-2000o"]}]},{"@type":"ImageObject","inLanguage":"es-AR","@id":"https:\/\/tienda.rigelec.com.ar\/?product=medidor-de-puesta-a-tierra-telurimetro-dy4100-0o-200o-2000o#primaryimage","url":"https:\/\/tienda.rigelec.com.ar\/wp-content\/uploads\/2024\/12\/MEDIDORDEPUESTAATIERRATELURIMETRO.jpg","contentUrl":"https:\/\/tienda.rigelec.com.ar\/wp-content\/uploads\/2024\/12\/MEDIDORDEPUESTAATIERRATELURIMETRO.jpg","width":1080,"height":956},{"@type":"BreadcrumbList","@id":"https:\/\/tienda.rigelec.com.ar\/?product=medidor-de-puesta-a-tierra-telurimetro-dy4100-0o-200o-2000o#breadcrumb","itemListElement":[{"@type":"ListItem","position":1,"name":"Inicio","item":"https:\/\/tienda.rigelec.com.ar\/"},{"@type":"ListItem","position":2,"name":"Shop","item":"https:\/\/tienda.rigelec.com.ar\/?page_id=12"},{"@type":"ListItem","position":3,"name":"MEDIDOR DE PUESTA A TIERRA TELURIMETRO DY4100 0O &#8211; 200O &#8211; 2000O"}]},{"@type":"WebSite","@id":"https:\/\/tienda.rigelec.com.ar\/#website","url":"https:\/\/tienda.rigelec.com.ar\/","name":"Tienda Rigelec","description":"Energia en movimiento","publisher":{"@id":"https:\/\/tienda.rigelec.com.ar\/#organization"},"potentialAction":[{"@type":"SearchAction","target":{"@type":"EntryPoint","urlTemplate":"https:\/\/tienda.rigelec.com.ar\/?s={search_term_string}"},"query-input":{"@type":"PropertyValueSpecification","valueRequired":true,"valueName":"search_term_string"}}],"inLanguage":"es-AR"},{"@type":"Organization","@id":"https:\/\/tienda.rigelec.com.ar\/#organization","name":"Tienda Rigelec","url":"https:\/\/tienda.rigelec.com.ar\/","logo":{"@type":"ImageObject","inLanguage":"es-AR","@id":"https:\/\/tienda.rigelec.com.ar\/#\/schema\/logo\/image\/","url":"https:\/\/tienda.rigelec.com.ar\/wp-content\/uploads\/2024\/09\/isologo-blanco-rigelec.png","contentUrl":"https:\/\/tienda.rigelec.com.ar\/wp-content\/uploads\/2024\/09\/isologo-blanco-rigelec.png","width":94,"height":97,"caption":"Tienda Rigelec"},"image":{"@id":"https:\/\/tienda.rigelec.com.ar\/#\/schema\/logo\/image\/"}}]}},"jetpack_sharing_enabled":true,"_links":{"self":[{"href":"https:\/\/tienda.rigelec.com.ar\/index.php?rest_route=\/wp\/v2\/product\/27697","targetHints":{"allow":["GET"]}}],"collection":[{"href":"https:\/\/tienda.rigelec.com.ar\/index.php?rest_route=\/wp\/v2\/product"}],"about":[{"href":"https:\/\/tienda.rigelec.com.ar\/index.php?rest_route=\/wp\/v2\/types\/product"}],"replies":[{"embeddable":true,"href":"https:\/\/tienda.rigelec.com.ar\/index.php?rest_route=%2Fwp%2Fv2%2Fcomments&post=27697"}],"wp:featuredmedia":[{"embeddable":true,"href":"https:\/\/tienda.rigelec.com.ar\/index.php?rest_route=\/wp\/v2\/media\/27698"}],"wp:attachment":[{"href":"https:\/\/tienda.rigelec.com.ar\/index.php?rest_route=%2Fwp%2Fv2%2Fmedia&parent=27697"}],"wp:term":[{"taxonomy":"product_brand","embeddable":true,"href":"https:\/\/tienda.rigelec.com.ar\/index.php?rest_route=%2Fwp%2Fv2%2Fproduct_brand&post=27697"},{"taxonomy":"product_cat","embeddable":true,"href":"https:\/\/tienda.rigelec.com.ar\/index.php?rest_route=%2Fwp%2Fv2%2Fproduct_cat&post=27697"},{"taxonomy":"product_tag","embeddable":true,"href":"https:\/\/tienda.rigelec.com.ar\/index.php?rest_route=%2Fwp%2Fv2%2Fproduct_tag&post=27697"}],"curies":[{"name":"wp","href":"https:\/\/api.w.org\/{rel}","templated":true}]}}