{"id":27699,"date":"2024-12-19T18:54:36","date_gmt":"2024-12-19T21:54:36","guid":{"rendered":"https:\/\/tienda.test.rigelec.com.ar\/?product=probador-de-interruptores-diferenciales-clase-ac-500ma-440vca-65hz"},"modified":"2026-05-05T23:57:39","modified_gmt":"2026-05-06T02:57:39","slug":"probador-de-interruptores-diferenciales-clase-ac-500ma-440vca-65hz","status":"publish","type":"product","link":"https:\/\/tienda.rigelec.com.ar\/?product=probador-de-interruptores-diferenciales-clase-ac-500ma-440vca-65hz","title":{"rendered":"PROBADOR DE INTERRUPTORES DIFERENCIALES CLASE AC 500MA &#8211; 440VCA &#8211; 65HZ"},"content":{"rendered":"<p>PROBADOR DE INTERRUPTORES DIFERENCIALES<\/p>\n","protected":false},"excerpt":{"rendered":"<p>Selecci\u00f3n de la corriente de defecto (In): 10\/30\/100\/300\/500mA.<br \/>\nTiempos de disparo para: \u00bd,1 y 5I?n.<br \/>\nPolaridad (0\u00b0 y 180\u00b0). Rampa In disparo.<br \/>\n80-440Vca. 45-65Hz.<br \/>\nSelecci\u00f3n de la Uc m\u00e1x.: 25 o 50V.<br \/>\nMedici\u00f3n U de L-N y L-PE.<br \/>\nMedici\u00f3n resistencia de lazo (RL: 0,5I?n) y Uc: 0-99,9V.<br \/>\nSalida USB a PC.<\/p>\n","protected":false},"featured_media":27700,"comment_status":"open","ping_status":"closed","template":"","meta":{"_monsterinsights_skip_tracking":false,"_monsterinsights_sitenote_active":false,"_monsterinsights_sitenote_note":"","_monsterinsights_sitenote_category":0},"product_brand":[],"product_cat":[271],"product_tag":[65],"class_list":{"0":"post-27699","1":"product","2":"type-product","3":"status-publish","4":"has-post-thumbnail","6":"product_cat-j-medidores","7":"product_tag-baw","9":"first","10":"outofstock","11":"shipping-taxable","12":"purchasable","13":"product-type-simple"},"yoast_head":"<!-- This site is optimized with the Yoast SEO plugin v25.3.1 - https:\/\/yoast.com\/wordpress\/plugins\/seo\/ -->\n<title>PROBADOR DE INTERRUPTORES DIFERENCIALES CLASE AC 500MA - 440VCA - 65HZ - Tienda Rigelec<\/title>\n<meta name=\"robots\" content=\"index, follow, max-snippet:-1, max-image-preview:large, max-video-preview:-1\" \/>\n<link rel=\"canonical\" href=\"https:\/\/tienda.rigelec.com.ar\/?product=probador-de-interruptores-diferenciales-clase-ac-500ma-440vca-65hz\" \/>\n<meta property=\"og:locale\" content=\"es_ES\" \/>\n<meta property=\"og:type\" content=\"article\" \/>\n<meta property=\"og:title\" content=\"PROBADOR DE INTERRUPTORES DIFERENCIALES CLASE AC 500MA - 440VCA - 65HZ - Tienda Rigelec\" \/>\n<meta property=\"og:description\" content=\"Selecci\u00f3n de la corriente de defecto (In): 10\/30\/100\/300\/500mA.  Tiempos de disparo para: \u00bd,1 y 5I?n.  Polaridad (0\u00b0 y 180\u00b0). Rampa In disparo.  80-440Vca. 45-65Hz.  Selecci\u00f3n de la Uc m\u00e1x.: 25 o 50V.  Medici\u00f3n U de L-N y L-PE. Medici\u00f3n resistencia de lazo (RL: 0,5I?n) y Uc: 0-99,9V.  Salida USB a PC.\" \/>\n<meta property=\"og:url\" content=\"https:\/\/tienda.rigelec.com.ar\/?product=probador-de-interruptores-diferenciales-clase-ac-500ma-440vca-65hz\" \/>\n<meta property=\"og:site_name\" content=\"Tienda Rigelec\" \/>\n<meta property=\"article:modified_time\" content=\"2026-05-06T02:57:39+00:00\" \/>\n<meta property=\"og:image\" content=\"https:\/\/tienda.rigelec.com.ar\/wp-content\/uploads\/2024\/12\/PROBADORDEINTERRUPTORESDIFERENCIALES.jpg\" \/>\n\t<meta property=\"og:image:width\" content=\"1080\" \/>\n\t<meta property=\"og:image:height\" content=\"1080\" \/>\n\t<meta property=\"og:image:type\" content=\"image\/jpeg\" \/>\n<meta name=\"twitter:card\" content=\"summary_large_image\" \/>\n<script type=\"application\/ld+json\" class=\"yoast-schema-graph\">{\"@context\":\"https:\/\/schema.org\",\"@graph\":[{\"@type\":\"WebPage\",\"@id\":\"https:\/\/tienda.rigelec.com.ar\/?product=probador-de-interruptores-diferenciales-clase-ac-500ma-440vca-65hz\",\"url\":\"https:\/\/tienda.rigelec.com.ar\/?product=probador-de-interruptores-diferenciales-clase-ac-500ma-440vca-65hz\",\"name\":\"PROBADOR DE INTERRUPTORES DIFERENCIALES CLASE AC 500MA - 440VCA - 65HZ - Tienda Rigelec\",\"isPartOf\":{\"@id\":\"https:\/\/tienda.rigelec.com.ar\/#website\"},\"primaryImageOfPage\":{\"@id\":\"https:\/\/tienda.rigelec.com.ar\/?product=probador-de-interruptores-diferenciales-clase-ac-500ma-440vca-65hz#primaryimage\"},\"image\":{\"@id\":\"https:\/\/tienda.rigelec.com.ar\/?product=probador-de-interruptores-diferenciales-clase-ac-500ma-440vca-65hz#primaryimage\"},\"thumbnailUrl\":\"https:\/\/tienda.rigelec.com.ar\/wp-content\/uploads\/2024\/12\/PROBADORDEINTERRUPTORESDIFERENCIALES.jpg\",\"datePublished\":\"2024-12-19T21:54:36+00:00\",\"dateModified\":\"2026-05-06T02:57:39+00:00\",\"breadcrumb\":{\"@id\":\"https:\/\/tienda.rigelec.com.ar\/?product=probador-de-interruptores-diferenciales-clase-ac-500ma-440vca-65hz#breadcrumb\"},\"inLanguage\":\"es-AR\",\"potentialAction\":[{\"@type\":\"ReadAction\",\"target\":[\"https:\/\/tienda.rigelec.com.ar\/?product=probador-de-interruptores-diferenciales-clase-ac-500ma-440vca-65hz\"]}]},{\"@type\":\"ImageObject\",\"inLanguage\":\"es-AR\",\"@id\":\"https:\/\/tienda.rigelec.com.ar\/?product=probador-de-interruptores-diferenciales-clase-ac-500ma-440vca-65hz#primaryimage\",\"url\":\"https:\/\/tienda.rigelec.com.ar\/wp-content\/uploads\/2024\/12\/PROBADORDEINTERRUPTORESDIFERENCIALES.jpg\",\"contentUrl\":\"https:\/\/tienda.rigelec.com.ar\/wp-content\/uploads\/2024\/12\/PROBADORDEINTERRUPTORESDIFERENCIALES.jpg\",\"width\":1080,\"height\":1080},{\"@type\":\"BreadcrumbList\",\"@id\":\"https:\/\/tienda.rigelec.com.ar\/?product=probador-de-interruptores-diferenciales-clase-ac-500ma-440vca-65hz#breadcrumb\",\"itemListElement\":[{\"@type\":\"ListItem\",\"position\":1,\"name\":\"Inicio\",\"item\":\"https:\/\/tienda.rigelec.com.ar\/\"},{\"@type\":\"ListItem\",\"position\":2,\"name\":\"Shop\",\"item\":\"https:\/\/tienda.rigelec.com.ar\/?page_id=12\"},{\"@type\":\"ListItem\",\"position\":3,\"name\":\"PROBADOR DE INTERRUPTORES DIFERENCIALES CLASE AC 500MA &#8211; 440VCA &#8211; 65HZ\"}]},{\"@type\":\"WebSite\",\"@id\":\"https:\/\/tienda.rigelec.com.ar\/#website\",\"url\":\"https:\/\/tienda.rigelec.com.ar\/\",\"name\":\"Tienda Rigelec\",\"description\":\"Energia en movimiento\",\"publisher\":{\"@id\":\"https:\/\/tienda.rigelec.com.ar\/#organization\"},\"potentialAction\":[{\"@type\":\"SearchAction\",\"target\":{\"@type\":\"EntryPoint\",\"urlTemplate\":\"https:\/\/tienda.rigelec.com.ar\/?s={search_term_string}\"},\"query-input\":{\"@type\":\"PropertyValueSpecification\",\"valueRequired\":true,\"valueName\":\"search_term_string\"}}],\"inLanguage\":\"es-AR\"},{\"@type\":\"Organization\",\"@id\":\"https:\/\/tienda.rigelec.com.ar\/#organization\",\"name\":\"Tienda Rigelec\",\"url\":\"https:\/\/tienda.rigelec.com.ar\/\",\"logo\":{\"@type\":\"ImageObject\",\"inLanguage\":\"es-AR\",\"@id\":\"https:\/\/tienda.rigelec.com.ar\/#\/schema\/logo\/image\/\",\"url\":\"https:\/\/tienda.rigelec.com.ar\/wp-content\/uploads\/2024\/09\/isologo-blanco-rigelec.png\",\"contentUrl\":\"https:\/\/tienda.rigelec.com.ar\/wp-content\/uploads\/2024\/09\/isologo-blanco-rigelec.png\",\"width\":94,\"height\":97,\"caption\":\"Tienda Rigelec\"},\"image\":{\"@id\":\"https:\/\/tienda.rigelec.com.ar\/#\/schema\/logo\/image\/\"}}]}<\/script>\n<!-- \/ Yoast SEO plugin. -->","yoast_head_json":{"title":"PROBADOR DE INTERRUPTORES DIFERENCIALES CLASE AC 500MA - 440VCA - 65HZ - Tienda Rigelec","robots":{"index":"index","follow":"follow","max-snippet":"max-snippet:-1","max-image-preview":"max-image-preview:large","max-video-preview":"max-video-preview:-1"},"canonical":"https:\/\/tienda.rigelec.com.ar\/?product=probador-de-interruptores-diferenciales-clase-ac-500ma-440vca-65hz","og_locale":"es_ES","og_type":"article","og_title":"PROBADOR DE INTERRUPTORES DIFERENCIALES CLASE AC 500MA - 440VCA - 65HZ - Tienda Rigelec","og_description":"Selecci\u00f3n de la corriente de defecto (In): 10\/30\/100\/300\/500mA.  Tiempos de disparo para: \u00bd,1 y 5I?n.  Polaridad (0\u00b0 y 180\u00b0). Rampa In disparo.  80-440Vca. 45-65Hz.  Selecci\u00f3n de la Uc m\u00e1x.: 25 o 50V.  Medici\u00f3n U de L-N y L-PE. Medici\u00f3n resistencia de lazo (RL: 0,5I?n) y Uc: 0-99,9V.  Salida USB a PC.","og_url":"https:\/\/tienda.rigelec.com.ar\/?product=probador-de-interruptores-diferenciales-clase-ac-500ma-440vca-65hz","og_site_name":"Tienda Rigelec","article_modified_time":"2026-05-06T02:57:39+00:00","og_image":[{"width":1080,"height":1080,"url":"https:\/\/tienda.rigelec.com.ar\/wp-content\/uploads\/2024\/12\/PROBADORDEINTERRUPTORESDIFERENCIALES.jpg","type":"image\/jpeg"}],"twitter_card":"summary_large_image","schema":{"@context":"https:\/\/schema.org","@graph":[{"@type":"WebPage","@id":"https:\/\/tienda.rigelec.com.ar\/?product=probador-de-interruptores-diferenciales-clase-ac-500ma-440vca-65hz","url":"https:\/\/tienda.rigelec.com.ar\/?product=probador-de-interruptores-diferenciales-clase-ac-500ma-440vca-65hz","name":"PROBADOR DE INTERRUPTORES DIFERENCIALES CLASE AC 500MA - 440VCA - 65HZ - Tienda Rigelec","isPartOf":{"@id":"https:\/\/tienda.rigelec.com.ar\/#website"},"primaryImageOfPage":{"@id":"https:\/\/tienda.rigelec.com.ar\/?product=probador-de-interruptores-diferenciales-clase-ac-500ma-440vca-65hz#primaryimage"},"image":{"@id":"https:\/\/tienda.rigelec.com.ar\/?product=probador-de-interruptores-diferenciales-clase-ac-500ma-440vca-65hz#primaryimage"},"thumbnailUrl":"https:\/\/tienda.rigelec.com.ar\/wp-content\/uploads\/2024\/12\/PROBADORDEINTERRUPTORESDIFERENCIALES.jpg","datePublished":"2024-12-19T21:54:36+00:00","dateModified":"2026-05-06T02:57:39+00:00","breadcrumb":{"@id":"https:\/\/tienda.rigelec.com.ar\/?product=probador-de-interruptores-diferenciales-clase-ac-500ma-440vca-65hz#breadcrumb"},"inLanguage":"es-AR","potentialAction":[{"@type":"ReadAction","target":["https:\/\/tienda.rigelec.com.ar\/?product=probador-de-interruptores-diferenciales-clase-ac-500ma-440vca-65hz"]}]},{"@type":"ImageObject","inLanguage":"es-AR","@id":"https:\/\/tienda.rigelec.com.ar\/?product=probador-de-interruptores-diferenciales-clase-ac-500ma-440vca-65hz#primaryimage","url":"https:\/\/tienda.rigelec.com.ar\/wp-content\/uploads\/2024\/12\/PROBADORDEINTERRUPTORESDIFERENCIALES.jpg","contentUrl":"https:\/\/tienda.rigelec.com.ar\/wp-content\/uploads\/2024\/12\/PROBADORDEINTERRUPTORESDIFERENCIALES.jpg","width":1080,"height":1080},{"@type":"BreadcrumbList","@id":"https:\/\/tienda.rigelec.com.ar\/?product=probador-de-interruptores-diferenciales-clase-ac-500ma-440vca-65hz#breadcrumb","itemListElement":[{"@type":"ListItem","position":1,"name":"Inicio","item":"https:\/\/tienda.rigelec.com.ar\/"},{"@type":"ListItem","position":2,"name":"Shop","item":"https:\/\/tienda.rigelec.com.ar\/?page_id=12"},{"@type":"ListItem","position":3,"name":"PROBADOR DE INTERRUPTORES DIFERENCIALES CLASE AC 500MA &#8211; 440VCA &#8211; 65HZ"}]},{"@type":"WebSite","@id":"https:\/\/tienda.rigelec.com.ar\/#website","url":"https:\/\/tienda.rigelec.com.ar\/","name":"Tienda Rigelec","description":"Energia en movimiento","publisher":{"@id":"https:\/\/tienda.rigelec.com.ar\/#organization"},"potentialAction":[{"@type":"SearchAction","target":{"@type":"EntryPoint","urlTemplate":"https:\/\/tienda.rigelec.com.ar\/?s={search_term_string}"},"query-input":{"@type":"PropertyValueSpecification","valueRequired":true,"valueName":"search_term_string"}}],"inLanguage":"es-AR"},{"@type":"Organization","@id":"https:\/\/tienda.rigelec.com.ar\/#organization","name":"Tienda Rigelec","url":"https:\/\/tienda.rigelec.com.ar\/","logo":{"@type":"ImageObject","inLanguage":"es-AR","@id":"https:\/\/tienda.rigelec.com.ar\/#\/schema\/logo\/image\/","url":"https:\/\/tienda.rigelec.com.ar\/wp-content\/uploads\/2024\/09\/isologo-blanco-rigelec.png","contentUrl":"https:\/\/tienda.rigelec.com.ar\/wp-content\/uploads\/2024\/09\/isologo-blanco-rigelec.png","width":94,"height":97,"caption":"Tienda Rigelec"},"image":{"@id":"https:\/\/tienda.rigelec.com.ar\/#\/schema\/logo\/image\/"}}]}},"jetpack_sharing_enabled":true,"_links":{"self":[{"href":"https:\/\/tienda.rigelec.com.ar\/index.php?rest_route=\/wp\/v2\/product\/27699","targetHints":{"allow":["GET"]}}],"collection":[{"href":"https:\/\/tienda.rigelec.com.ar\/index.php?rest_route=\/wp\/v2\/product"}],"about":[{"href":"https:\/\/tienda.rigelec.com.ar\/index.php?rest_route=\/wp\/v2\/types\/product"}],"replies":[{"embeddable":true,"href":"https:\/\/tienda.rigelec.com.ar\/index.php?rest_route=%2Fwp%2Fv2%2Fcomments&post=27699"}],"wp:featuredmedia":[{"embeddable":true,"href":"https:\/\/tienda.rigelec.com.ar\/index.php?rest_route=\/wp\/v2\/media\/27700"}],"wp:attachment":[{"href":"https:\/\/tienda.rigelec.com.ar\/index.php?rest_route=%2Fwp%2Fv2%2Fmedia&parent=27699"}],"wp:term":[{"taxonomy":"product_brand","embeddable":true,"href":"https:\/\/tienda.rigelec.com.ar\/index.php?rest_route=%2Fwp%2Fv2%2Fproduct_brand&post=27699"},{"taxonomy":"product_cat","embeddable":true,"href":"https:\/\/tienda.rigelec.com.ar\/index.php?rest_route=%2Fwp%2Fv2%2Fproduct_cat&post=27699"},{"taxonomy":"product_tag","embeddable":true,"href":"https:\/\/tienda.rigelec.com.ar\/index.php?rest_route=%2Fwp%2Fv2%2Fproduct_tag&post=27699"}],"curies":[{"name":"wp","href":"https:\/\/api.w.org\/{rel}","templated":true}]}}