{"id":27909,"date":"2024-12-19T19:07:04","date_gmt":"2024-12-19T22:07:04","guid":{"rendered":"https:\/\/tienda.test.rigelec.com.ar\/?product=reflector-led-luz-fria-ip65-200w-18000lm"},"modified":"2026-04-30T21:40:35","modified_gmt":"2026-05-01T00:40:35","slug":"reflector-led-macroled-200w-18000lm-luz-fria-ip65","status":"publish","type":"product","link":"https:\/\/tienda.rigelec.com.ar\/?product=reflector-led-macroled-200w-18000lm-luz-fria-ip65","title":{"rendered":"REFLECTOR LED LUZ FRIA IP65 200W &#8211; 18000LM"},"content":{"rendered":"<p data-start=\"528\" data-end=\"760\">El <strong data-start=\"531\" data-end=\"562\">Reflector LED Macroled 200W<\/strong> est\u00e1 dise\u00f1ado para brindar una <strong data-start=\"594\" data-end=\"628\">iluminaci\u00f3n potente y uniforme<\/strong>, alcanzando un flujo lum\u00ednico de <strong data-start=\"662\" data-end=\"679\">18000 l\u00famenes<\/strong> con luz fr\u00eda, perfecta para espacios amplios que requieren m\u00e1xima visibilidad.<\/p>\n<p data-start=\"762\" data-end=\"1138\">Gracias a su <strong data-start=\"775\" data-end=\"814\">tecnolog\u00eda LED de \u00faltima generaci\u00f3n<\/strong>, reduce significativamente el consumo energ\u00e9tico en comparaci\u00f3n con l\u00e1mparas tradicionales, ofreciendo una vida \u00fatil prolongada y menor mantenimiento. Su carcasa resistente y la certificaci\u00f3n <strong data-start=\"1007\" data-end=\"1015\">IP65<\/strong> lo hacen apto para resistir polvo, lluvia y condiciones exigentes, tanto en instalaciones interiores como en exteriores.<\/p>\n<h2 data-start=\"1145\" data-end=\"1180\"><strong data-start=\"1148\" data-end=\"1178\">Caracter\u00edsticas<\/strong><\/h2>\n<ul data-start=\"1181\" data-end=\"1475\">\n<li data-start=\"1181\" data-end=\"1204\">\n<p data-start=\"1183\" data-end=\"1204\"><strong data-start=\"1183\" data-end=\"1193\">Marca:<\/strong> Macroled<\/p>\n<\/li>\n<li data-start=\"1205\" data-end=\"1239\">\n<p data-start=\"1207\" data-end=\"1239\"><strong data-start=\"1207\" data-end=\"1218\">Modelo:<\/strong> Reflector LED 200W<\/p>\n<\/li>\n<li data-start=\"1240\" data-end=\"1262\">\n<p data-start=\"1242\" data-end=\"1262\"><strong data-start=\"1242\" data-end=\"1255\">Potencia:<\/strong> 200W<\/p>\n<\/li>\n<li data-start=\"1263\" data-end=\"1295\">\n<p data-start=\"1265\" data-end=\"1295\"><strong data-start=\"1265\" data-end=\"1284\">Flujo luminoso:<\/strong> 18000 lm<\/p>\n<\/li>\n<li data-start=\"1296\" data-end=\"1334\">\n<p data-start=\"1298\" data-end=\"1334\"><strong data-start=\"1298\" data-end=\"1323\">Temperatura de color:<\/strong> Luz fr\u00eda<\/p>\n<\/li>\n<li data-start=\"1335\" data-end=\"1388\">\n<p data-start=\"1337\" data-end=\"1388\"><strong data-start=\"1337\" data-end=\"1352\">Protecci\u00f3n:<\/strong> IP65 (resistente al agua y polvo)<\/p>\n<\/li>\n<li data-start=\"1389\" data-end=\"1442\">\n<p data-start=\"1391\" data-end=\"1442\"><strong data-start=\"1391\" data-end=\"1406\">Eficiencia:<\/strong> Alto rendimiento con bajo consumo<\/p>\n<\/li>\n<li data-start=\"1443\" data-end=\"1475\">\n<p data-start=\"1445\" data-end=\"1475\"><strong data-start=\"1445\" data-end=\"1453\">Uso:<\/strong> Interior y exterior<\/p>\n<\/li>\n<\/ul>\n<h2 data-start=\"1482\" data-end=\"1516\"><strong data-start=\"1485\" data-end=\"1514\">Aplicaciones recomendadas<\/strong><\/h2>\n<ul data-start=\"1517\" data-end=\"1671\">\n<li data-start=\"1517\" data-end=\"1554\">\n<p data-start=\"1519\" data-end=\"1554\">Galpones y dep\u00f3sitos industriales<\/p>\n<\/li>\n<li data-start=\"1555\" data-end=\"1593\">\n<p data-start=\"1557\" data-end=\"1593\">Playas de estacionamiento y patios<\/p>\n<\/li>\n<li data-start=\"1594\" data-end=\"1628\">\n<p data-start=\"1596\" data-end=\"1628\">Canchas y espacios recreativos<\/p>\n<\/li>\n<li data-start=\"1629\" data-end=\"1671\">\n<p data-start=\"1631\" data-end=\"1671\">Iluminaci\u00f3n de seguridad en exteriores<\/p>\n<\/li>\n<\/ul>\n<p><a href=\"https:\/\/www.macroled.com.ar\/reflectores\/7428325574328\">https:\/\/www.macroled.com.ar\/reflectores\/7428325574328<\/a><\/p>\n","protected":false},"excerpt":{"rendered":"<p>Brazo a 45\u00b0<br \/>\nPotencia: 200W<br \/>\nModelo: EFL-200W<br \/>\nTensi\u00f3n: AC100-240V<br \/>\nTama\u00f1o de L\u00e1mpara: 410x298x40mm<br \/>\nPeso de L\u00e1mpara: 3,25 kg<\/p>\n","protected":false},"featured_media":27910,"comment_status":"open","ping_status":"closed","template":"","meta":{"_monsterinsights_skip_tracking":false,"_monsterinsights_sitenote_active":false,"_monsterinsights_sitenote_note":"","_monsterinsights_sitenote_category":0},"product_brand":[],"product_cat":[193],"product_tag":[146],"class_list":{"0":"post-27909","1":"product","2":"type-product","3":"status-publish","4":"has-post-thumbnail","6":"product_cat-1-led","7":"product_tag-macroled","9":"first","10":"outofstock","11":"shipping-taxable","12":"purchasable","13":"product-type-simple"},"yoast_head":"<!-- This site is optimized with the Yoast SEO plugin v25.3.1 - https:\/\/yoast.com\/wordpress\/plugins\/seo\/ -->\n<title>Tienda Rigelec Reflector LED Macroled 200W \u2013 18000lm Luz Fr\u00eda IP65<\/title>\n<meta name=\"description\" content=\"Reflector LED Macroled 200W con 18000 l\u00famenes de luz fr\u00eda. Bajo consumo, alta eficiencia y protecci\u00f3n IP65. Ideal para galpones.\" \/>\n<meta name=\"robots\" content=\"index, follow, max-snippet:-1, max-image-preview:large, max-video-preview:-1\" \/>\n<link rel=\"canonical\" href=\"https:\/\/tienda.rigelec.com.ar\/?product=reflector-led-macroled-200w-18000lm-luz-fria-ip65\" \/>\n<meta property=\"og:locale\" content=\"es_ES\" \/>\n<meta property=\"og:type\" content=\"article\" \/>\n<meta property=\"og:title\" content=\"Tienda Rigelec Reflector LED Macroled 200W \u2013 18000lm Luz Fr\u00eda IP65\" \/>\n<meta property=\"og:description\" content=\"Reflector LED Macroled 200W con 18000 l\u00famenes de luz fr\u00eda. Bajo consumo, alta eficiencia y protecci\u00f3n IP65. Ideal para galpones.\" \/>\n<meta property=\"og:url\" content=\"https:\/\/tienda.rigelec.com.ar\/?product=reflector-led-macroled-200w-18000lm-luz-fria-ip65\" \/>\n<meta property=\"og:site_name\" content=\"Tienda Rigelec\" \/>\n<meta property=\"article:modified_time\" content=\"2026-05-01T00:40:35+00:00\" \/>\n<meta property=\"og:image\" content=\"https:\/\/tienda.rigelec.com.ar\/wp-content\/uploads\/2024\/12\/REFLECTORLEDLUZFRIA-14.jpg\" \/>\n\t<meta property=\"og:image:width\" content=\"1080\" \/>\n\t<meta property=\"og:image:height\" content=\"955\" \/>\n\t<meta property=\"og:image:type\" content=\"image\/jpeg\" \/>\n<meta name=\"twitter:card\" content=\"summary_large_image\" \/>\n<meta name=\"twitter:label1\" content=\"Tiempo de lectura\" \/>\n\t<meta name=\"twitter:data1\" content=\"1 minuto\" \/>\n<script type=\"application\/ld+json\" class=\"yoast-schema-graph\">{\"@context\":\"https:\/\/schema.org\",\"@graph\":[{\"@type\":\"WebPage\",\"@id\":\"https:\/\/tienda.rigelec.com.ar\/?product=reflector-led-macroled-200w-18000lm-luz-fria-ip65\",\"url\":\"https:\/\/tienda.rigelec.com.ar\/?product=reflector-led-macroled-200w-18000lm-luz-fria-ip65\",\"name\":\"Tienda Rigelec Reflector LED Macroled 200W \u2013 18000lm Luz Fr\u00eda IP65\",\"isPartOf\":{\"@id\":\"https:\/\/tienda.rigelec.com.ar\/#website\"},\"primaryImageOfPage\":{\"@id\":\"https:\/\/tienda.rigelec.com.ar\/?product=reflector-led-macroled-200w-18000lm-luz-fria-ip65#primaryimage\"},\"image\":{\"@id\":\"https:\/\/tienda.rigelec.com.ar\/?product=reflector-led-macroled-200w-18000lm-luz-fria-ip65#primaryimage\"},\"thumbnailUrl\":\"https:\/\/tienda.rigelec.com.ar\/wp-content\/uploads\/2024\/12\/REFLECTORLEDLUZFRIA-14.jpg\",\"datePublished\":\"2024-12-19T22:07:04+00:00\",\"dateModified\":\"2026-05-01T00:40:35+00:00\",\"description\":\"Reflector LED Macroled 200W con 18000 l\u00famenes de luz fr\u00eda. Bajo consumo, alta eficiencia y protecci\u00f3n IP65. Ideal para galpones.\",\"breadcrumb\":{\"@id\":\"https:\/\/tienda.rigelec.com.ar\/?product=reflector-led-macroled-200w-18000lm-luz-fria-ip65#breadcrumb\"},\"inLanguage\":\"es-AR\",\"potentialAction\":[{\"@type\":\"ReadAction\",\"target\":[\"https:\/\/tienda.rigelec.com.ar\/?product=reflector-led-macroled-200w-18000lm-luz-fria-ip65\"]}]},{\"@type\":\"ImageObject\",\"inLanguage\":\"es-AR\",\"@id\":\"https:\/\/tienda.rigelec.com.ar\/?product=reflector-led-macroled-200w-18000lm-luz-fria-ip65#primaryimage\",\"url\":\"https:\/\/tienda.rigelec.com.ar\/wp-content\/uploads\/2024\/12\/REFLECTORLEDLUZFRIA-14.jpg\",\"contentUrl\":\"https:\/\/tienda.rigelec.com.ar\/wp-content\/uploads\/2024\/12\/REFLECTORLEDLUZFRIA-14.jpg\",\"width\":1080,\"height\":955},{\"@type\":\"BreadcrumbList\",\"@id\":\"https:\/\/tienda.rigelec.com.ar\/?product=reflector-led-macroled-200w-18000lm-luz-fria-ip65#breadcrumb\",\"itemListElement\":[{\"@type\":\"ListItem\",\"position\":1,\"name\":\"Inicio\",\"item\":\"https:\/\/tienda.rigelec.com.ar\/\"},{\"@type\":\"ListItem\",\"position\":2,\"name\":\"Shop\",\"item\":\"https:\/\/tienda.rigelec.com.ar\/?page_id=12\"},{\"@type\":\"ListItem\",\"position\":3,\"name\":\"REFLECTOR LED LUZ FRIA IP65 200W &#8211; 18000LM\"}]},{\"@type\":\"WebSite\",\"@id\":\"https:\/\/tienda.rigelec.com.ar\/#website\",\"url\":\"https:\/\/tienda.rigelec.com.ar\/\",\"name\":\"Tienda Rigelec\",\"description\":\"Energia en movimiento\",\"publisher\":{\"@id\":\"https:\/\/tienda.rigelec.com.ar\/#organization\"},\"potentialAction\":[{\"@type\":\"SearchAction\",\"target\":{\"@type\":\"EntryPoint\",\"urlTemplate\":\"https:\/\/tienda.rigelec.com.ar\/?s={search_term_string}\"},\"query-input\":{\"@type\":\"PropertyValueSpecification\",\"valueRequired\":true,\"valueName\":\"search_term_string\"}}],\"inLanguage\":\"es-AR\"},{\"@type\":\"Organization\",\"@id\":\"https:\/\/tienda.rigelec.com.ar\/#organization\",\"name\":\"Tienda Rigelec\",\"url\":\"https:\/\/tienda.rigelec.com.ar\/\",\"logo\":{\"@type\":\"ImageObject\",\"inLanguage\":\"es-AR\",\"@id\":\"https:\/\/tienda.rigelec.com.ar\/#\/schema\/logo\/image\/\",\"url\":\"https:\/\/tienda.rigelec.com.ar\/wp-content\/uploads\/2024\/09\/isologo-blanco-rigelec.png\",\"contentUrl\":\"https:\/\/tienda.rigelec.com.ar\/wp-content\/uploads\/2024\/09\/isologo-blanco-rigelec.png\",\"width\":94,\"height\":97,\"caption\":\"Tienda Rigelec\"},\"image\":{\"@id\":\"https:\/\/tienda.rigelec.com.ar\/#\/schema\/logo\/image\/\"}}]}<\/script>\n<!-- \/ Yoast SEO plugin. -->","yoast_head_json":{"title":"Tienda Rigelec Reflector LED Macroled 200W \u2013 18000lm Luz Fr\u00eda IP65","description":"Reflector LED Macroled 200W con 18000 l\u00famenes de luz fr\u00eda. Bajo consumo, alta eficiencia y protecci\u00f3n IP65. Ideal para galpones.","robots":{"index":"index","follow":"follow","max-snippet":"max-snippet:-1","max-image-preview":"max-image-preview:large","max-video-preview":"max-video-preview:-1"},"canonical":"https:\/\/tienda.rigelec.com.ar\/?product=reflector-led-macroled-200w-18000lm-luz-fria-ip65","og_locale":"es_ES","og_type":"article","og_title":"Tienda Rigelec Reflector LED Macroled 200W \u2013 18000lm Luz Fr\u00eda IP65","og_description":"Reflector LED Macroled 200W con 18000 l\u00famenes de luz fr\u00eda. Bajo consumo, alta eficiencia y protecci\u00f3n IP65. Ideal para galpones.","og_url":"https:\/\/tienda.rigelec.com.ar\/?product=reflector-led-macroled-200w-18000lm-luz-fria-ip65","og_site_name":"Tienda Rigelec","article_modified_time":"2026-05-01T00:40:35+00:00","og_image":[{"width":1080,"height":955,"url":"https:\/\/tienda.rigelec.com.ar\/wp-content\/uploads\/2024\/12\/REFLECTORLEDLUZFRIA-14.jpg","type":"image\/jpeg"}],"twitter_card":"summary_large_image","twitter_misc":{"Tiempo de lectura":"1 minuto"},"schema":{"@context":"https:\/\/schema.org","@graph":[{"@type":"WebPage","@id":"https:\/\/tienda.rigelec.com.ar\/?product=reflector-led-macroled-200w-18000lm-luz-fria-ip65","url":"https:\/\/tienda.rigelec.com.ar\/?product=reflector-led-macroled-200w-18000lm-luz-fria-ip65","name":"Tienda Rigelec Reflector LED Macroled 200W \u2013 18000lm Luz Fr\u00eda IP65","isPartOf":{"@id":"https:\/\/tienda.rigelec.com.ar\/#website"},"primaryImageOfPage":{"@id":"https:\/\/tienda.rigelec.com.ar\/?product=reflector-led-macroled-200w-18000lm-luz-fria-ip65#primaryimage"},"image":{"@id":"https:\/\/tienda.rigelec.com.ar\/?product=reflector-led-macroled-200w-18000lm-luz-fria-ip65#primaryimage"},"thumbnailUrl":"https:\/\/tienda.rigelec.com.ar\/wp-content\/uploads\/2024\/12\/REFLECTORLEDLUZFRIA-14.jpg","datePublished":"2024-12-19T22:07:04+00:00","dateModified":"2026-05-01T00:40:35+00:00","description":"Reflector LED Macroled 200W con 18000 l\u00famenes de luz fr\u00eda. Bajo consumo, alta eficiencia y protecci\u00f3n IP65. Ideal para galpones.","breadcrumb":{"@id":"https:\/\/tienda.rigelec.com.ar\/?product=reflector-led-macroled-200w-18000lm-luz-fria-ip65#breadcrumb"},"inLanguage":"es-AR","potentialAction":[{"@type":"ReadAction","target":["https:\/\/tienda.rigelec.com.ar\/?product=reflector-led-macroled-200w-18000lm-luz-fria-ip65"]}]},{"@type":"ImageObject","inLanguage":"es-AR","@id":"https:\/\/tienda.rigelec.com.ar\/?product=reflector-led-macroled-200w-18000lm-luz-fria-ip65#primaryimage","url":"https:\/\/tienda.rigelec.com.ar\/wp-content\/uploads\/2024\/12\/REFLECTORLEDLUZFRIA-14.jpg","contentUrl":"https:\/\/tienda.rigelec.com.ar\/wp-content\/uploads\/2024\/12\/REFLECTORLEDLUZFRIA-14.jpg","width":1080,"height":955},{"@type":"BreadcrumbList","@id":"https:\/\/tienda.rigelec.com.ar\/?product=reflector-led-macroled-200w-18000lm-luz-fria-ip65#breadcrumb","itemListElement":[{"@type":"ListItem","position":1,"name":"Inicio","item":"https:\/\/tienda.rigelec.com.ar\/"},{"@type":"ListItem","position":2,"name":"Shop","item":"https:\/\/tienda.rigelec.com.ar\/?page_id=12"},{"@type":"ListItem","position":3,"name":"REFLECTOR LED LUZ FRIA IP65 200W &#8211; 18000LM"}]},{"@type":"WebSite","@id":"https:\/\/tienda.rigelec.com.ar\/#website","url":"https:\/\/tienda.rigelec.com.ar\/","name":"Tienda Rigelec","description":"Energia en movimiento","publisher":{"@id":"https:\/\/tienda.rigelec.com.ar\/#organization"},"potentialAction":[{"@type":"SearchAction","target":{"@type":"EntryPoint","urlTemplate":"https:\/\/tienda.rigelec.com.ar\/?s={search_term_string}"},"query-input":{"@type":"PropertyValueSpecification","valueRequired":true,"valueName":"search_term_string"}}],"inLanguage":"es-AR"},{"@type":"Organization","@id":"https:\/\/tienda.rigelec.com.ar\/#organization","name":"Tienda Rigelec","url":"https:\/\/tienda.rigelec.com.ar\/","logo":{"@type":"ImageObject","inLanguage":"es-AR","@id":"https:\/\/tienda.rigelec.com.ar\/#\/schema\/logo\/image\/","url":"https:\/\/tienda.rigelec.com.ar\/wp-content\/uploads\/2024\/09\/isologo-blanco-rigelec.png","contentUrl":"https:\/\/tienda.rigelec.com.ar\/wp-content\/uploads\/2024\/09\/isologo-blanco-rigelec.png","width":94,"height":97,"caption":"Tienda Rigelec"},"image":{"@id":"https:\/\/tienda.rigelec.com.ar\/#\/schema\/logo\/image\/"}}]}},"jetpack_sharing_enabled":true,"_links":{"self":[{"href":"https:\/\/tienda.rigelec.com.ar\/index.php?rest_route=\/wp\/v2\/product\/27909","targetHints":{"allow":["GET"]}}],"collection":[{"href":"https:\/\/tienda.rigelec.com.ar\/index.php?rest_route=\/wp\/v2\/product"}],"about":[{"href":"https:\/\/tienda.rigelec.com.ar\/index.php?rest_route=\/wp\/v2\/types\/product"}],"replies":[{"embeddable":true,"href":"https:\/\/tienda.rigelec.com.ar\/index.php?rest_route=%2Fwp%2Fv2%2Fcomments&post=27909"}],"wp:featuredmedia":[{"embeddable":true,"href":"https:\/\/tienda.rigelec.com.ar\/index.php?rest_route=\/wp\/v2\/media\/27910"}],"wp:attachment":[{"href":"https:\/\/tienda.rigelec.com.ar\/index.php?rest_route=%2Fwp%2Fv2%2Fmedia&parent=27909"}],"wp:term":[{"taxonomy":"product_brand","embeddable":true,"href":"https:\/\/tienda.rigelec.com.ar\/index.php?rest_route=%2Fwp%2Fv2%2Fproduct_brand&post=27909"},{"taxonomy":"product_cat","embeddable":true,"href":"https:\/\/tienda.rigelec.com.ar\/index.php?rest_route=%2Fwp%2Fv2%2Fproduct_cat&post=27909"},{"taxonomy":"product_tag","embeddable":true,"href":"https:\/\/tienda.rigelec.com.ar\/index.php?rest_route=%2Fwp%2Fv2%2Fproduct_tag&post=27909"}],"curies":[{"name":"wp","href":"https:\/\/api.w.org\/{rel}","templated":true}]}}