{"id":29177,"date":"2025-01-27T11:59:07","date_gmt":"2025-01-27T14:59:07","guid":{"rendered":"https:\/\/tienda.rigelec.com.ar\/?product=colgante-1-luz-acabado-natural-bangla-45cm"},"modified":"2026-05-01T00:23:05","modified_gmt":"2026-05-01T03:23:05","slug":"colgante-1-luz-acabado-natural-4","status":"publish","type":"product","link":"https:\/\/tienda.rigelec.com.ar\/?product=colgante-1-luz-acabado-natural-4","title":{"rendered":"COLGANTE 1 LUZ ACABADO NATURAL BANGLA 45CM"},"content":{"rendered":"<p>COLGANTE 1 LUZ ACABADO NATURAL<\/p>\n<p data-start=\"177\" data-end=\"238\"><strong data-start=\"177\" data-end=\"238\">L\u00e1mpara colgante BANGLA \u2013 Cart\u00f3n reciclado natural \u00d845 cm<\/strong><\/p>\n<p data-start=\"240\" data-end=\"552\">La l\u00e1mpara colgante BANGLA combina dise\u00f1o artesanal, sustentabilidad y una iluminaci\u00f3n c\u00e1lida ideal para transformar cualquier espacio. Con un di\u00e1metro medio de 45 cm y base de 40 cm, esta pieza de l\u00edneas suaves est\u00e1 realizada \u00edntegramente en cart\u00f3n corrugado reciclado, aportando textura y una est\u00e9tica natural.<\/p>\n<p data-start=\"554\" data-end=\"738\">Gracias a su tratamiento ign\u00edfugo y su terminaci\u00f3n con barniz natural, es segura, resistente a la humedad y perfecta para ambientes interiores que buscan un toque de dise\u00f1o consciente.<\/p>\n<p data-start=\"740\" data-end=\"837\">Incluye flor\u00f3n met\u00e1lico, bobacha de sujeci\u00f3n y 1 metro de cable textil negro para su instalaci\u00f3n.<\/p>\n<p data-start=\"839\" data-end=\"871\"><strong data-start=\"839\" data-end=\"871\">Caracter\u00edsticas principales:<\/strong><\/p>\n<ul data-start=\"872\" data-end=\"1128\">\n<li data-start=\"872\" data-end=\"897\">\n<p data-start=\"874\" data-end=\"897\">Di\u00e1metro medio: 45 cm<\/p>\n<\/li>\n<li data-start=\"898\" data-end=\"926\">\n<p data-start=\"900\" data-end=\"926\">Di\u00e1metro inferior: 40 cm<\/p>\n<\/li>\n<li data-start=\"927\" data-end=\"967\">\n<p data-start=\"929\" data-end=\"967\">Material: Cart\u00f3n corrugado reciclado<\/p>\n<\/li>\n<li data-start=\"968\" data-end=\"1024\">\n<p data-start=\"970\" data-end=\"1024\">Terminaci\u00f3n: Barniz natural con tratamiento ign\u00edfugo<\/p>\n<\/li>\n<li data-start=\"1025\" data-end=\"1085\">\n<p data-start=\"1027\" data-end=\"1085\">Incluye: Flor\u00f3n, bobacha y 1 metro de cable textil negro<\/p>\n<\/li>\n<li data-start=\"1086\" data-end=\"1128\">\n<p data-start=\"1088\" data-end=\"1128\">Tipo de luz: 1 luz (l\u00e1mpara no incluida)<\/p>\n<\/li>\n<\/ul>\n<p data-start=\"1130\" data-end=\"1225\">Ideal para livings, comedores o espacios comerciales con estilo r\u00fastico, natural o escandinavo.<\/p>\n","protected":false},"excerpt":{"rendered":"<p>Lampara colgante di\u00e1metro inferior 40cm, diametro medio 45cm, realizada con cart\u00f3n corrugado reciclado.<br \/>\nCuentan con tratamiento ign\u00edfugo por protecci\u00f3n y terminaci\u00f3n natural con barniz.<br \/>\nIncluye floron, bobacha y un metro de cable textil negro.<\/p>\n","protected":false},"featured_media":29178,"comment_status":"open","ping_status":"closed","template":"","meta":{"_monsterinsights_skip_tracking":false,"_monsterinsights_sitenote_active":false,"_monsterinsights_sitenote_note":"","_monsterinsights_sitenote_category":0},"product_brand":[],"product_cat":[181],"product_tag":[451],"class_list":{"0":"post-29177","1":"product","2":"type-product","3":"status-publish","4":"has-post-thumbnail","6":"product_cat-a-colgantes","7":"product_tag-decart","9":"first","10":"instock","11":"shipping-taxable","12":"purchasable","13":"product-type-simple"},"yoast_head":"<!-- This site is optimized with the Yoast SEO plugin v25.3.1 - https:\/\/yoast.com\/wordpress\/plugins\/seo\/ -->\n<title>COLGANTE 1 LUZ ACABADO NATURAL BANGLA 45CM - Tienda Rigelec<\/title>\n<meta name=\"description\" content=\"COLGANTE 1 LUZ ACABADO NATURAL BANGLA 45CM Tienda Rigelec COLGANTE 1 LUZ ACABADO NATURAL BANGLA 45CM Tienda Rigelec COLGANTE 1 LUZ ACABADO NATURAL\" \/>\n<meta name=\"robots\" content=\"index, follow, max-snippet:-1, max-image-preview:large, max-video-preview:-1\" \/>\n<link rel=\"canonical\" href=\"https:\/\/tienda.rigelec.com.ar\/?product=colgante-1-luz-acabado-natural-4\" \/>\n<meta property=\"og:locale\" content=\"es_ES\" \/>\n<meta property=\"og:type\" content=\"article\" \/>\n<meta property=\"og:title\" content=\"COLGANTE 1 LUZ ACABADO NATURAL BANGLA 45CM - Tienda Rigelec\" \/>\n<meta property=\"og:description\" content=\"COLGANTE 1 LUZ ACABADO NATURAL BANGLA 45CM Tienda Rigelec COLGANTE 1 LUZ ACABADO NATURAL BANGLA 45CM Tienda Rigelec COLGANTE 1 LUZ ACABADO NATURAL\" \/>\n<meta property=\"og:url\" content=\"https:\/\/tienda.rigelec.com.ar\/?product=colgante-1-luz-acabado-natural-4\" \/>\n<meta property=\"og:site_name\" content=\"Tienda Rigelec\" \/>\n<meta property=\"article:modified_time\" content=\"2026-05-01T03:23:05+00:00\" \/>\n<meta property=\"og:image\" content=\"https:\/\/tienda.rigelec.com.ar\/wp-content\/uploads\/2025\/01\/COLGANTE1LUZACABADONATURAL-4.jpg\" \/>\n\t<meta property=\"og:image:width\" content=\"957\" \/>\n\t<meta property=\"og:image:height\" content=\"900\" \/>\n\t<meta property=\"og:image:type\" content=\"image\/jpeg\" \/>\n<meta name=\"twitter:card\" content=\"summary_large_image\" \/>\n<meta name=\"twitter:label1\" content=\"Tiempo de lectura\" \/>\n\t<meta name=\"twitter:data1\" content=\"1 minuto\" \/>\n<script type=\"application\/ld+json\" class=\"yoast-schema-graph\">{\"@context\":\"https:\/\/schema.org\",\"@graph\":[{\"@type\":\"WebPage\",\"@id\":\"https:\/\/tienda.rigelec.com.ar\/?product=colgante-1-luz-acabado-natural-4\",\"url\":\"https:\/\/tienda.rigelec.com.ar\/?product=colgante-1-luz-acabado-natural-4\",\"name\":\"COLGANTE 1 LUZ ACABADO NATURAL BANGLA 45CM - Tienda Rigelec\",\"isPartOf\":{\"@id\":\"https:\/\/tienda.rigelec.com.ar\/#website\"},\"primaryImageOfPage\":{\"@id\":\"https:\/\/tienda.rigelec.com.ar\/?product=colgante-1-luz-acabado-natural-4#primaryimage\"},\"image\":{\"@id\":\"https:\/\/tienda.rigelec.com.ar\/?product=colgante-1-luz-acabado-natural-4#primaryimage\"},\"thumbnailUrl\":\"https:\/\/tienda.rigelec.com.ar\/wp-content\/uploads\/2025\/01\/COLGANTE1LUZACABADONATURAL-4.jpg\",\"datePublished\":\"2025-01-27T14:59:07+00:00\",\"dateModified\":\"2026-05-01T03:23:05+00:00\",\"description\":\"COLGANTE 1 LUZ ACABADO NATURAL BANGLA 45CM Tienda Rigelec COLGANTE 1 LUZ ACABADO NATURAL BANGLA 45CM Tienda Rigelec COLGANTE 1 LUZ ACABADO NATURAL\",\"breadcrumb\":{\"@id\":\"https:\/\/tienda.rigelec.com.ar\/?product=colgante-1-luz-acabado-natural-4#breadcrumb\"},\"inLanguage\":\"es-AR\",\"potentialAction\":[{\"@type\":\"ReadAction\",\"target\":[\"https:\/\/tienda.rigelec.com.ar\/?product=colgante-1-luz-acabado-natural-4\"]}]},{\"@type\":\"ImageObject\",\"inLanguage\":\"es-AR\",\"@id\":\"https:\/\/tienda.rigelec.com.ar\/?product=colgante-1-luz-acabado-natural-4#primaryimage\",\"url\":\"https:\/\/tienda.rigelec.com.ar\/wp-content\/uploads\/2025\/01\/COLGANTE1LUZACABADONATURAL-4.jpg\",\"contentUrl\":\"https:\/\/tienda.rigelec.com.ar\/wp-content\/uploads\/2025\/01\/COLGANTE1LUZACABADONATURAL-4.jpg\",\"width\":957,\"height\":900},{\"@type\":\"BreadcrumbList\",\"@id\":\"https:\/\/tienda.rigelec.com.ar\/?product=colgante-1-luz-acabado-natural-4#breadcrumb\",\"itemListElement\":[{\"@type\":\"ListItem\",\"position\":1,\"name\":\"Inicio\",\"item\":\"https:\/\/tienda.rigelec.com.ar\/\"},{\"@type\":\"ListItem\",\"position\":2,\"name\":\"Shop\",\"item\":\"https:\/\/tienda.rigelec.com.ar\/?page_id=12\"},{\"@type\":\"ListItem\",\"position\":3,\"name\":\"COLGANTE 1 LUZ ACABADO NATURAL BANGLA 45CM\"}]},{\"@type\":\"WebSite\",\"@id\":\"https:\/\/tienda.rigelec.com.ar\/#website\",\"url\":\"https:\/\/tienda.rigelec.com.ar\/\",\"name\":\"Tienda Rigelec\",\"description\":\"Energia en movimiento\",\"publisher\":{\"@id\":\"https:\/\/tienda.rigelec.com.ar\/#organization\"},\"potentialAction\":[{\"@type\":\"SearchAction\",\"target\":{\"@type\":\"EntryPoint\",\"urlTemplate\":\"https:\/\/tienda.rigelec.com.ar\/?s={search_term_string}\"},\"query-input\":{\"@type\":\"PropertyValueSpecification\",\"valueRequired\":true,\"valueName\":\"search_term_string\"}}],\"inLanguage\":\"es-AR\"},{\"@type\":\"Organization\",\"@id\":\"https:\/\/tienda.rigelec.com.ar\/#organization\",\"name\":\"Tienda Rigelec\",\"url\":\"https:\/\/tienda.rigelec.com.ar\/\",\"logo\":{\"@type\":\"ImageObject\",\"inLanguage\":\"es-AR\",\"@id\":\"https:\/\/tienda.rigelec.com.ar\/#\/schema\/logo\/image\/\",\"url\":\"https:\/\/tienda.rigelec.com.ar\/wp-content\/uploads\/2024\/09\/isologo-blanco-rigelec.png\",\"contentUrl\":\"https:\/\/tienda.rigelec.com.ar\/wp-content\/uploads\/2024\/09\/isologo-blanco-rigelec.png\",\"width\":94,\"height\":97,\"caption\":\"Tienda Rigelec\"},\"image\":{\"@id\":\"https:\/\/tienda.rigelec.com.ar\/#\/schema\/logo\/image\/\"}}]}<\/script>\n<!-- \/ Yoast SEO plugin. -->","yoast_head_json":{"title":"COLGANTE 1 LUZ ACABADO NATURAL BANGLA 45CM - Tienda Rigelec","description":"COLGANTE 1 LUZ ACABADO NATURAL BANGLA 45CM Tienda Rigelec COLGANTE 1 LUZ ACABADO NATURAL BANGLA 45CM Tienda Rigelec COLGANTE 1 LUZ ACABADO NATURAL","robots":{"index":"index","follow":"follow","max-snippet":"max-snippet:-1","max-image-preview":"max-image-preview:large","max-video-preview":"max-video-preview:-1"},"canonical":"https:\/\/tienda.rigelec.com.ar\/?product=colgante-1-luz-acabado-natural-4","og_locale":"es_ES","og_type":"article","og_title":"COLGANTE 1 LUZ ACABADO NATURAL BANGLA 45CM - Tienda Rigelec","og_description":"COLGANTE 1 LUZ ACABADO NATURAL BANGLA 45CM Tienda Rigelec COLGANTE 1 LUZ ACABADO NATURAL BANGLA 45CM Tienda Rigelec COLGANTE 1 LUZ ACABADO NATURAL","og_url":"https:\/\/tienda.rigelec.com.ar\/?product=colgante-1-luz-acabado-natural-4","og_site_name":"Tienda Rigelec","article_modified_time":"2026-05-01T03:23:05+00:00","og_image":[{"width":957,"height":900,"url":"https:\/\/tienda.rigelec.com.ar\/wp-content\/uploads\/2025\/01\/COLGANTE1LUZACABADONATURAL-4.jpg","type":"image\/jpeg"}],"twitter_card":"summary_large_image","twitter_misc":{"Tiempo de lectura":"1 minuto"},"schema":{"@context":"https:\/\/schema.org","@graph":[{"@type":"WebPage","@id":"https:\/\/tienda.rigelec.com.ar\/?product=colgante-1-luz-acabado-natural-4","url":"https:\/\/tienda.rigelec.com.ar\/?product=colgante-1-luz-acabado-natural-4","name":"COLGANTE 1 LUZ ACABADO NATURAL BANGLA 45CM - Tienda Rigelec","isPartOf":{"@id":"https:\/\/tienda.rigelec.com.ar\/#website"},"primaryImageOfPage":{"@id":"https:\/\/tienda.rigelec.com.ar\/?product=colgante-1-luz-acabado-natural-4#primaryimage"},"image":{"@id":"https:\/\/tienda.rigelec.com.ar\/?product=colgante-1-luz-acabado-natural-4#primaryimage"},"thumbnailUrl":"https:\/\/tienda.rigelec.com.ar\/wp-content\/uploads\/2025\/01\/COLGANTE1LUZACABADONATURAL-4.jpg","datePublished":"2025-01-27T14:59:07+00:00","dateModified":"2026-05-01T03:23:05+00:00","description":"COLGANTE 1 LUZ ACABADO NATURAL BANGLA 45CM Tienda Rigelec COLGANTE 1 LUZ ACABADO NATURAL BANGLA 45CM Tienda Rigelec COLGANTE 1 LUZ ACABADO NATURAL","breadcrumb":{"@id":"https:\/\/tienda.rigelec.com.ar\/?product=colgante-1-luz-acabado-natural-4#breadcrumb"},"inLanguage":"es-AR","potentialAction":[{"@type":"ReadAction","target":["https:\/\/tienda.rigelec.com.ar\/?product=colgante-1-luz-acabado-natural-4"]}]},{"@type":"ImageObject","inLanguage":"es-AR","@id":"https:\/\/tienda.rigelec.com.ar\/?product=colgante-1-luz-acabado-natural-4#primaryimage","url":"https:\/\/tienda.rigelec.com.ar\/wp-content\/uploads\/2025\/01\/COLGANTE1LUZACABADONATURAL-4.jpg","contentUrl":"https:\/\/tienda.rigelec.com.ar\/wp-content\/uploads\/2025\/01\/COLGANTE1LUZACABADONATURAL-4.jpg","width":957,"height":900},{"@type":"BreadcrumbList","@id":"https:\/\/tienda.rigelec.com.ar\/?product=colgante-1-luz-acabado-natural-4#breadcrumb","itemListElement":[{"@type":"ListItem","position":1,"name":"Inicio","item":"https:\/\/tienda.rigelec.com.ar\/"},{"@type":"ListItem","position":2,"name":"Shop","item":"https:\/\/tienda.rigelec.com.ar\/?page_id=12"},{"@type":"ListItem","position":3,"name":"COLGANTE 1 LUZ ACABADO NATURAL BANGLA 45CM"}]},{"@type":"WebSite","@id":"https:\/\/tienda.rigelec.com.ar\/#website","url":"https:\/\/tienda.rigelec.com.ar\/","name":"Tienda Rigelec","description":"Energia en movimiento","publisher":{"@id":"https:\/\/tienda.rigelec.com.ar\/#organization"},"potentialAction":[{"@type":"SearchAction","target":{"@type":"EntryPoint","urlTemplate":"https:\/\/tienda.rigelec.com.ar\/?s={search_term_string}"},"query-input":{"@type":"PropertyValueSpecification","valueRequired":true,"valueName":"search_term_string"}}],"inLanguage":"es-AR"},{"@type":"Organization","@id":"https:\/\/tienda.rigelec.com.ar\/#organization","name":"Tienda Rigelec","url":"https:\/\/tienda.rigelec.com.ar\/","logo":{"@type":"ImageObject","inLanguage":"es-AR","@id":"https:\/\/tienda.rigelec.com.ar\/#\/schema\/logo\/image\/","url":"https:\/\/tienda.rigelec.com.ar\/wp-content\/uploads\/2024\/09\/isologo-blanco-rigelec.png","contentUrl":"https:\/\/tienda.rigelec.com.ar\/wp-content\/uploads\/2024\/09\/isologo-blanco-rigelec.png","width":94,"height":97,"caption":"Tienda Rigelec"},"image":{"@id":"https:\/\/tienda.rigelec.com.ar\/#\/schema\/logo\/image\/"}}]}},"jetpack_sharing_enabled":true,"_links":{"self":[{"href":"https:\/\/tienda.rigelec.com.ar\/index.php?rest_route=\/wp\/v2\/product\/29177","targetHints":{"allow":["GET"]}}],"collection":[{"href":"https:\/\/tienda.rigelec.com.ar\/index.php?rest_route=\/wp\/v2\/product"}],"about":[{"href":"https:\/\/tienda.rigelec.com.ar\/index.php?rest_route=\/wp\/v2\/types\/product"}],"replies":[{"embeddable":true,"href":"https:\/\/tienda.rigelec.com.ar\/index.php?rest_route=%2Fwp%2Fv2%2Fcomments&post=29177"}],"wp:featuredmedia":[{"embeddable":true,"href":"https:\/\/tienda.rigelec.com.ar\/index.php?rest_route=\/wp\/v2\/media\/29178"}],"wp:attachment":[{"href":"https:\/\/tienda.rigelec.com.ar\/index.php?rest_route=%2Fwp%2Fv2%2Fmedia&parent=29177"}],"wp:term":[{"taxonomy":"product_brand","embeddable":true,"href":"https:\/\/tienda.rigelec.com.ar\/index.php?rest_route=%2Fwp%2Fv2%2Fproduct_brand&post=29177"},{"taxonomy":"product_cat","embeddable":true,"href":"https:\/\/tienda.rigelec.com.ar\/index.php?rest_route=%2Fwp%2Fv2%2Fproduct_cat&post=29177"},{"taxonomy":"product_tag","embeddable":true,"href":"https:\/\/tienda.rigelec.com.ar\/index.php?rest_route=%2Fwp%2Fv2%2Fproduct_tag&post=29177"}],"curies":[{"name":"wp","href":"https:\/\/api.w.org\/{rel}","templated":true}]}}