{"id":29491,"date":"2025-05-09T21:36:53","date_gmt":"2025-05-10T00:36:53","guid":{"rendered":"https:\/\/tienda.rigelec.com.ar\/?product=pistola-engrampadora-jdgu2614-3-en-1"},"modified":"2026-05-01T00:33:07","modified_gmt":"2026-05-01T03:33:07","slug":"pistola-engrampadora","status":"publish","type":"product","link":"https:\/\/tienda.rigelec.com.ar\/?product=pistola-engrampadora","title":{"rendered":"PISTOLA ENGRAMPADORA JDGU2614 3 EN 1"},"content":{"rendered":"<p>PISTOLA ENGRAMPADORA<\/p>\n<h3 data-start=\"67\" data-end=\"121\"><strong data-start=\"71\" data-end=\"121\">Pistola Engrampadora 3 en 1 JDGU2614 | Jadever<\/strong><\/h3>\n<p data-start=\"123\" data-end=\"310\">Vers\u00e1til y resistente, esta engrampadora 3 en 1 es ideal para trabajos de carpinter\u00eda, tapicer\u00eda, decoraci\u00f3n y bricolaje. Compatible con tres tipos de fijaciones para mayor funcionalidad.<\/p>\n<p data-start=\"312\" data-end=\"343\"><strong data-start=\"312\" data-end=\"343\">Caracter\u00edsticas destacadas:<\/strong><\/p>\n<ul data-start=\"344\" data-end=\"561\">\n<li data-start=\"344\" data-end=\"411\">\n<p data-start=\"346\" data-end=\"411\">Compatible con grampas simples, grampas en U y clavos tipo Brad<\/p>\n<\/li>\n<li data-start=\"412\" data-end=\"482\">\n<p data-start=\"414\" data-end=\"482\">Fuerza de impacto ajustable para adaptarse a diferentes materiales<\/p>\n<\/li>\n<li data-start=\"483\" data-end=\"532\">\n<p data-start=\"485\" data-end=\"532\">Dise\u00f1o ergon\u00f3mico y cuerpo met\u00e1lico reforzado<\/p>\n<\/li>\n<li data-start=\"533\" data-end=\"561\">\n<p data-start=\"535\" data-end=\"561\">F\u00e1cil de recargar y usar<\/p>\n<\/li>\n<\/ul>\n<p data-start=\"563\" data-end=\"661\">Una herramienta imprescindible para profesionales y aficionados que buscan precisi\u00f3n y eficiencia.<\/p>\n<p>&nbsp;<\/p>\n","protected":false},"excerpt":{"rendered":"<p>Pistola engrampadora 3 en 1<br \/>\nFuerza motriz ajustable<br \/>\nGrampas simples, Grampas en U y Clavos Brad<\/p>\n","protected":false},"featured_media":29492,"comment_status":"open","ping_status":"closed","template":"","meta":{"_monsterinsights_skip_tracking":false,"_monsterinsights_sitenote_active":false,"_monsterinsights_sitenote_note":"","_monsterinsights_sitenote_category":0},"product_brand":[],"product_cat":[162],"product_tag":[452],"class_list":{"0":"post-29491","1":"product","2":"type-product","3":"status-publish","4":"has-post-thumbnail","6":"product_cat-a-manuales","7":"product_tag-jadever","9":"first","10":"instock","11":"shipping-taxable","12":"purchasable","13":"product-type-simple"},"yoast_head":"<!-- This site is optimized with the Yoast SEO plugin v25.3.1 - https:\/\/yoast.com\/wordpress\/plugins\/seo\/ -->\n<title>PISTOLA ENGRAMPADORA JDGU2614 3 EN 1 - Tienda Rigelec<\/title>\n<meta name=\"description\" content=\"Tienda Rigelec PISTOLA ENGRAMPADORA JDGU2614 3 EN 1 Tienda Rigelec PISTOLA ENGRAMPADORA JDGU2614 3 EN 1 Tienda Rigelec PISTOLA ENGRAMPADORA JDGU2614 3 EN 1\" \/>\n<meta name=\"robots\" content=\"index, follow, max-snippet:-1, max-image-preview:large, max-video-preview:-1\" \/>\n<link rel=\"canonical\" href=\"https:\/\/tienda.rigelec.com.ar\/?product=pistola-engrampadora\" \/>\n<meta property=\"og:locale\" content=\"es_ES\" \/>\n<meta property=\"og:type\" content=\"article\" \/>\n<meta property=\"og:title\" content=\"PISTOLA ENGRAMPADORA JDGU2614 3 EN 1 - Tienda Rigelec\" \/>\n<meta property=\"og:description\" content=\"Tienda Rigelec PISTOLA ENGRAMPADORA JDGU2614 3 EN 1 Tienda Rigelec PISTOLA ENGRAMPADORA JDGU2614 3 EN 1 Tienda Rigelec PISTOLA ENGRAMPADORA JDGU2614 3 EN 1\" \/>\n<meta property=\"og:url\" content=\"https:\/\/tienda.rigelec.com.ar\/?product=pistola-engrampadora\" \/>\n<meta property=\"og:site_name\" content=\"Tienda Rigelec\" \/>\n<meta property=\"article:modified_time\" content=\"2026-05-01T03:33:07+00:00\" \/>\n<meta property=\"og:image\" content=\"https:\/\/tienda.rigelec.com.ar\/wp-content\/uploads\/2025\/05\/PISTOLAENGRAMPADORA.jpg\" \/>\n\t<meta property=\"og:image:width\" content=\"1080\" \/>\n\t<meta property=\"og:image:height\" content=\"956\" \/>\n\t<meta property=\"og:image:type\" content=\"image\/jpeg\" \/>\n<meta name=\"twitter:card\" content=\"summary_large_image\" \/>\n<meta name=\"twitter:label1\" content=\"Tiempo de lectura\" \/>\n\t<meta name=\"twitter:data1\" content=\"1 minuto\" \/>\n<script type=\"application\/ld+json\" class=\"yoast-schema-graph\">{\"@context\":\"https:\/\/schema.org\",\"@graph\":[{\"@type\":\"WebPage\",\"@id\":\"https:\/\/tienda.rigelec.com.ar\/?product=pistola-engrampadora\",\"url\":\"https:\/\/tienda.rigelec.com.ar\/?product=pistola-engrampadora\",\"name\":\"PISTOLA ENGRAMPADORA JDGU2614 3 EN 1 - Tienda Rigelec\",\"isPartOf\":{\"@id\":\"https:\/\/tienda.rigelec.com.ar\/#website\"},\"primaryImageOfPage\":{\"@id\":\"https:\/\/tienda.rigelec.com.ar\/?product=pistola-engrampadora#primaryimage\"},\"image\":{\"@id\":\"https:\/\/tienda.rigelec.com.ar\/?product=pistola-engrampadora#primaryimage\"},\"thumbnailUrl\":\"https:\/\/tienda.rigelec.com.ar\/wp-content\/uploads\/2025\/05\/PISTOLAENGRAMPADORA.jpg\",\"datePublished\":\"2025-05-10T00:36:53+00:00\",\"dateModified\":\"2026-05-01T03:33:07+00:00\",\"description\":\"Tienda Rigelec PISTOLA ENGRAMPADORA JDGU2614 3 EN 1 Tienda Rigelec PISTOLA ENGRAMPADORA JDGU2614 3 EN 1 Tienda Rigelec PISTOLA ENGRAMPADORA JDGU2614 3 EN 1\",\"breadcrumb\":{\"@id\":\"https:\/\/tienda.rigelec.com.ar\/?product=pistola-engrampadora#breadcrumb\"},\"inLanguage\":\"es-AR\",\"potentialAction\":[{\"@type\":\"ReadAction\",\"target\":[\"https:\/\/tienda.rigelec.com.ar\/?product=pistola-engrampadora\"]}]},{\"@type\":\"ImageObject\",\"inLanguage\":\"es-AR\",\"@id\":\"https:\/\/tienda.rigelec.com.ar\/?product=pistola-engrampadora#primaryimage\",\"url\":\"https:\/\/tienda.rigelec.com.ar\/wp-content\/uploads\/2025\/05\/PISTOLAENGRAMPADORA.jpg\",\"contentUrl\":\"https:\/\/tienda.rigelec.com.ar\/wp-content\/uploads\/2025\/05\/PISTOLAENGRAMPADORA.jpg\",\"width\":1080,\"height\":956},{\"@type\":\"BreadcrumbList\",\"@id\":\"https:\/\/tienda.rigelec.com.ar\/?product=pistola-engrampadora#breadcrumb\",\"itemListElement\":[{\"@type\":\"ListItem\",\"position\":1,\"name\":\"Inicio\",\"item\":\"https:\/\/tienda.rigelec.com.ar\/\"},{\"@type\":\"ListItem\",\"position\":2,\"name\":\"Shop\",\"item\":\"https:\/\/tienda.rigelec.com.ar\/?page_id=12\"},{\"@type\":\"ListItem\",\"position\":3,\"name\":\"PISTOLA ENGRAMPADORA JDGU2614 3 EN 1\"}]},{\"@type\":\"WebSite\",\"@id\":\"https:\/\/tienda.rigelec.com.ar\/#website\",\"url\":\"https:\/\/tienda.rigelec.com.ar\/\",\"name\":\"Tienda Rigelec\",\"description\":\"Energia en movimiento\",\"publisher\":{\"@id\":\"https:\/\/tienda.rigelec.com.ar\/#organization\"},\"potentialAction\":[{\"@type\":\"SearchAction\",\"target\":{\"@type\":\"EntryPoint\",\"urlTemplate\":\"https:\/\/tienda.rigelec.com.ar\/?s={search_term_string}\"},\"query-input\":{\"@type\":\"PropertyValueSpecification\",\"valueRequired\":true,\"valueName\":\"search_term_string\"}}],\"inLanguage\":\"es-AR\"},{\"@type\":\"Organization\",\"@id\":\"https:\/\/tienda.rigelec.com.ar\/#organization\",\"name\":\"Tienda Rigelec\",\"url\":\"https:\/\/tienda.rigelec.com.ar\/\",\"logo\":{\"@type\":\"ImageObject\",\"inLanguage\":\"es-AR\",\"@id\":\"https:\/\/tienda.rigelec.com.ar\/#\/schema\/logo\/image\/\",\"url\":\"https:\/\/tienda.rigelec.com.ar\/wp-content\/uploads\/2024\/09\/isologo-blanco-rigelec.png\",\"contentUrl\":\"https:\/\/tienda.rigelec.com.ar\/wp-content\/uploads\/2024\/09\/isologo-blanco-rigelec.png\",\"width\":94,\"height\":97,\"caption\":\"Tienda Rigelec\"},\"image\":{\"@id\":\"https:\/\/tienda.rigelec.com.ar\/#\/schema\/logo\/image\/\"}}]}<\/script>\n<!-- \/ Yoast SEO plugin. -->","yoast_head_json":{"title":"PISTOLA ENGRAMPADORA JDGU2614 3 EN 1 - Tienda Rigelec","description":"Tienda Rigelec PISTOLA ENGRAMPADORA JDGU2614 3 EN 1 Tienda Rigelec PISTOLA ENGRAMPADORA JDGU2614 3 EN 1 Tienda Rigelec PISTOLA ENGRAMPADORA JDGU2614 3 EN 1","robots":{"index":"index","follow":"follow","max-snippet":"max-snippet:-1","max-image-preview":"max-image-preview:large","max-video-preview":"max-video-preview:-1"},"canonical":"https:\/\/tienda.rigelec.com.ar\/?product=pistola-engrampadora","og_locale":"es_ES","og_type":"article","og_title":"PISTOLA ENGRAMPADORA JDGU2614 3 EN 1 - Tienda Rigelec","og_description":"Tienda Rigelec PISTOLA ENGRAMPADORA JDGU2614 3 EN 1 Tienda Rigelec PISTOLA ENGRAMPADORA JDGU2614 3 EN 1 Tienda Rigelec PISTOLA ENGRAMPADORA JDGU2614 3 EN 1","og_url":"https:\/\/tienda.rigelec.com.ar\/?product=pistola-engrampadora","og_site_name":"Tienda Rigelec","article_modified_time":"2026-05-01T03:33:07+00:00","og_image":[{"width":1080,"height":956,"url":"https:\/\/tienda.rigelec.com.ar\/wp-content\/uploads\/2025\/05\/PISTOLAENGRAMPADORA.jpg","type":"image\/jpeg"}],"twitter_card":"summary_large_image","twitter_misc":{"Tiempo de lectura":"1 minuto"},"schema":{"@context":"https:\/\/schema.org","@graph":[{"@type":"WebPage","@id":"https:\/\/tienda.rigelec.com.ar\/?product=pistola-engrampadora","url":"https:\/\/tienda.rigelec.com.ar\/?product=pistola-engrampadora","name":"PISTOLA ENGRAMPADORA JDGU2614 3 EN 1 - Tienda Rigelec","isPartOf":{"@id":"https:\/\/tienda.rigelec.com.ar\/#website"},"primaryImageOfPage":{"@id":"https:\/\/tienda.rigelec.com.ar\/?product=pistola-engrampadora#primaryimage"},"image":{"@id":"https:\/\/tienda.rigelec.com.ar\/?product=pistola-engrampadora#primaryimage"},"thumbnailUrl":"https:\/\/tienda.rigelec.com.ar\/wp-content\/uploads\/2025\/05\/PISTOLAENGRAMPADORA.jpg","datePublished":"2025-05-10T00:36:53+00:00","dateModified":"2026-05-01T03:33:07+00:00","description":"Tienda Rigelec PISTOLA ENGRAMPADORA JDGU2614 3 EN 1 Tienda Rigelec PISTOLA ENGRAMPADORA JDGU2614 3 EN 1 Tienda Rigelec PISTOLA ENGRAMPADORA JDGU2614 3 EN 1","breadcrumb":{"@id":"https:\/\/tienda.rigelec.com.ar\/?product=pistola-engrampadora#breadcrumb"},"inLanguage":"es-AR","potentialAction":[{"@type":"ReadAction","target":["https:\/\/tienda.rigelec.com.ar\/?product=pistola-engrampadora"]}]},{"@type":"ImageObject","inLanguage":"es-AR","@id":"https:\/\/tienda.rigelec.com.ar\/?product=pistola-engrampadora#primaryimage","url":"https:\/\/tienda.rigelec.com.ar\/wp-content\/uploads\/2025\/05\/PISTOLAENGRAMPADORA.jpg","contentUrl":"https:\/\/tienda.rigelec.com.ar\/wp-content\/uploads\/2025\/05\/PISTOLAENGRAMPADORA.jpg","width":1080,"height":956},{"@type":"BreadcrumbList","@id":"https:\/\/tienda.rigelec.com.ar\/?product=pistola-engrampadora#breadcrumb","itemListElement":[{"@type":"ListItem","position":1,"name":"Inicio","item":"https:\/\/tienda.rigelec.com.ar\/"},{"@type":"ListItem","position":2,"name":"Shop","item":"https:\/\/tienda.rigelec.com.ar\/?page_id=12"},{"@type":"ListItem","position":3,"name":"PISTOLA ENGRAMPADORA JDGU2614 3 EN 1"}]},{"@type":"WebSite","@id":"https:\/\/tienda.rigelec.com.ar\/#website","url":"https:\/\/tienda.rigelec.com.ar\/","name":"Tienda Rigelec","description":"Energia en movimiento","publisher":{"@id":"https:\/\/tienda.rigelec.com.ar\/#organization"},"potentialAction":[{"@type":"SearchAction","target":{"@type":"EntryPoint","urlTemplate":"https:\/\/tienda.rigelec.com.ar\/?s={search_term_string}"},"query-input":{"@type":"PropertyValueSpecification","valueRequired":true,"valueName":"search_term_string"}}],"inLanguage":"es-AR"},{"@type":"Organization","@id":"https:\/\/tienda.rigelec.com.ar\/#organization","name":"Tienda Rigelec","url":"https:\/\/tienda.rigelec.com.ar\/","logo":{"@type":"ImageObject","inLanguage":"es-AR","@id":"https:\/\/tienda.rigelec.com.ar\/#\/schema\/logo\/image\/","url":"https:\/\/tienda.rigelec.com.ar\/wp-content\/uploads\/2024\/09\/isologo-blanco-rigelec.png","contentUrl":"https:\/\/tienda.rigelec.com.ar\/wp-content\/uploads\/2024\/09\/isologo-blanco-rigelec.png","width":94,"height":97,"caption":"Tienda Rigelec"},"image":{"@id":"https:\/\/tienda.rigelec.com.ar\/#\/schema\/logo\/image\/"}}]}},"jetpack_sharing_enabled":true,"_links":{"self":[{"href":"https:\/\/tienda.rigelec.com.ar\/index.php?rest_route=\/wp\/v2\/product\/29491","targetHints":{"allow":["GET"]}}],"collection":[{"href":"https:\/\/tienda.rigelec.com.ar\/index.php?rest_route=\/wp\/v2\/product"}],"about":[{"href":"https:\/\/tienda.rigelec.com.ar\/index.php?rest_route=\/wp\/v2\/types\/product"}],"replies":[{"embeddable":true,"href":"https:\/\/tienda.rigelec.com.ar\/index.php?rest_route=%2Fwp%2Fv2%2Fcomments&post=29491"}],"wp:featuredmedia":[{"embeddable":true,"href":"https:\/\/tienda.rigelec.com.ar\/index.php?rest_route=\/wp\/v2\/media\/29492"}],"wp:attachment":[{"href":"https:\/\/tienda.rigelec.com.ar\/index.php?rest_route=%2Fwp%2Fv2%2Fmedia&parent=29491"}],"wp:term":[{"taxonomy":"product_brand","embeddable":true,"href":"https:\/\/tienda.rigelec.com.ar\/index.php?rest_route=%2Fwp%2Fv2%2Fproduct_brand&post=29491"},{"taxonomy":"product_cat","embeddable":true,"href":"https:\/\/tienda.rigelec.com.ar\/index.php?rest_route=%2Fwp%2Fv2%2Fproduct_cat&post=29491"},{"taxonomy":"product_tag","embeddable":true,"href":"https:\/\/tienda.rigelec.com.ar\/index.php?rest_route=%2Fwp%2Fv2%2Fproduct_tag&post=29491"}],"curies":[{"name":"wp","href":"https:\/\/api.w.org\/{rel}","templated":true}]}}