{"id":29719,"date":"2025-05-23T13:47:19","date_gmt":"2025-05-23T16:47:19","guid":{"rendered":"https:\/\/tienda.rigelec.com.ar\/?product=tapon-para-caja-multiple-1"},"modified":"2026-05-03T21:37:37","modified_gmt":"2026-05-04T00:37:37","slug":"tapon-para-caja-multiple-1","status":"publish","type":"product","link":"https:\/\/tienda.rigelec.com.ar\/?product=tapon-para-caja-multiple-1","title":{"rendered":"TAPON PARA CAJA MULTIPLE  1&#8243;"},"content":{"rendered":"<p>TAPON PARA CAJA MULTIPLE<\/p>\n","protected":false},"excerpt":{"rendered":"<p>El tap\u00f3n para caja m\u00faltiple Daisa MT 100 fue dise\u00f1ado para obturar las salidas que no se utilizan en las cajas del sistema. Posee rosca BSP 1&#8243; y es fabricado en polipropileno. Est\u00e1 certificado bajo norma IEC 60670 \/ IRAM 62670.<br \/>\nEn aplicaciones de uso exterior o intemperie, para garantizar el grado de protecci\u00f3n IP54, colocar siempre los tapones cubriendo las salidas que no se utilicen en la caja y sellar su rosca utilizando sellaroscas.<br \/>\nMEDIDA DE ROSCA: 1&#8243; (BSP)<br \/>\nCertificado: DC-E-M121-007.2<\/p>\n","protected":false},"featured_media":29720,"comment_status":"open","ping_status":"closed","template":"","meta":{"_monsterinsights_skip_tracking":false,"_monsterinsights_sitenote_active":false,"_monsterinsights_sitenote_note":"","_monsterinsights_sitenote_category":0},"product_brand":[],"product_cat":[295],"product_tag":[96],"class_list":{"0":"post-29719","1":"product","2":"type-product","3":"status-publish","4":"has-post-thumbnail","6":"product_cat-c-cajas","7":"product_tag-daisa","9":"first","10":"outofstock","11":"shipping-taxable","12":"purchasable","13":"product-type-simple"},"yoast_head":"<!-- This site is optimized with the Yoast SEO plugin v25.3.1 - https:\/\/yoast.com\/wordpress\/plugins\/seo\/ -->\n<title>TAPON PARA CAJA MULTIPLE 1&quot; - Tienda Rigelec<\/title>\n<meta name=\"robots\" content=\"index, follow, max-snippet:-1, max-image-preview:large, max-video-preview:-1\" \/>\n<link rel=\"canonical\" href=\"https:\/\/tienda.rigelec.com.ar\/?product=tapon-para-caja-multiple-1\" \/>\n<meta property=\"og:locale\" content=\"es_ES\" \/>\n<meta property=\"og:type\" content=\"article\" \/>\n<meta property=\"og:title\" content=\"TAPON PARA CAJA MULTIPLE 1&quot; - Tienda Rigelec\" \/>\n<meta property=\"og:description\" content=\"El tap\u00f3n para caja m\u00faltiple Daisa MT 100 fue dise\u00f1ado para obturar las salidas que no se utilizan en las cajas del sistema. Posee rosca BSP 1&quot; y es fabricado en polipropileno. Est\u00e1 certificado bajo norma IEC 60670 \/ IRAM 62670. En aplicaciones de uso exterior o intemperie, para garantizar el grado de protecci\u00f3n IP54, colocar siempre los tapones cubriendo las salidas que no se utilicen en la caja y sellar su rosca utilizando sellaroscas. MEDIDA DE ROSCA: 1&quot; (BSP) Certificado: DC-E-M121-007.2\" \/>\n<meta property=\"og:url\" content=\"https:\/\/tienda.rigelec.com.ar\/?product=tapon-para-caja-multiple-1\" \/>\n<meta property=\"og:site_name\" content=\"Tienda Rigelec\" \/>\n<meta property=\"article:modified_time\" content=\"2026-05-04T00:37:37+00:00\" \/>\n<meta name=\"twitter:card\" content=\"summary_large_image\" \/>\n<script type=\"application\/ld+json\" class=\"yoast-schema-graph\">{\"@context\":\"https:\/\/schema.org\",\"@graph\":[{\"@type\":\"WebPage\",\"@id\":\"https:\/\/tienda.rigelec.com.ar\/?product=tapon-para-caja-multiple-1\",\"url\":\"https:\/\/tienda.rigelec.com.ar\/?product=tapon-para-caja-multiple-1\",\"name\":\"TAPON PARA CAJA MULTIPLE 1\\\" - Tienda Rigelec\",\"isPartOf\":{\"@id\":\"https:\/\/tienda.rigelec.com.ar\/#website\"},\"primaryImageOfPage\":{\"@id\":\"https:\/\/tienda.rigelec.com.ar\/?product=tapon-para-caja-multiple-1#primaryimage\"},\"image\":{\"@id\":\"https:\/\/tienda.rigelec.com.ar\/?product=tapon-para-caja-multiple-1#primaryimage\"},\"thumbnailUrl\":\"https:\/\/tienda.rigelec.com.ar\/wp-content\/uploads\/2025\/05\/TAPONPARACAJAMULTIPLE.jpg\",\"datePublished\":\"2025-05-23T16:47:19+00:00\",\"dateModified\":\"2026-05-04T00:37:37+00:00\",\"breadcrumb\":{\"@id\":\"https:\/\/tienda.rigelec.com.ar\/?product=tapon-para-caja-multiple-1#breadcrumb\"},\"inLanguage\":\"es-AR\",\"potentialAction\":[{\"@type\":\"ReadAction\",\"target\":[\"https:\/\/tienda.rigelec.com.ar\/?product=tapon-para-caja-multiple-1\"]}]},{\"@type\":\"ImageObject\",\"inLanguage\":\"es-AR\",\"@id\":\"https:\/\/tienda.rigelec.com.ar\/?product=tapon-para-caja-multiple-1#primaryimage\",\"url\":\"https:\/\/tienda.rigelec.com.ar\/wp-content\/uploads\/2025\/05\/TAPONPARACAJAMULTIPLE.jpg\",\"contentUrl\":\"https:\/\/tienda.rigelec.com.ar\/wp-content\/uploads\/2025\/05\/TAPONPARACAJAMULTIPLE.jpg\",\"width\":933,\"height\":942},{\"@type\":\"BreadcrumbList\",\"@id\":\"https:\/\/tienda.rigelec.com.ar\/?product=tapon-para-caja-multiple-1#breadcrumb\",\"itemListElement\":[{\"@type\":\"ListItem\",\"position\":1,\"name\":\"Inicio\",\"item\":\"https:\/\/tienda.rigelec.com.ar\/\"},{\"@type\":\"ListItem\",\"position\":2,\"name\":\"Shop\",\"item\":\"https:\/\/tienda.rigelec.com.ar\/?page_id=12\"},{\"@type\":\"ListItem\",\"position\":3,\"name\":\"TAPON PARA CAJA MULTIPLE 1&#8243;\"}]},{\"@type\":\"WebSite\",\"@id\":\"https:\/\/tienda.rigelec.com.ar\/#website\",\"url\":\"https:\/\/tienda.rigelec.com.ar\/\",\"name\":\"Tienda Rigelec\",\"description\":\"Energia en movimiento\",\"publisher\":{\"@id\":\"https:\/\/tienda.rigelec.com.ar\/#organization\"},\"potentialAction\":[{\"@type\":\"SearchAction\",\"target\":{\"@type\":\"EntryPoint\",\"urlTemplate\":\"https:\/\/tienda.rigelec.com.ar\/?s={search_term_string}\"},\"query-input\":{\"@type\":\"PropertyValueSpecification\",\"valueRequired\":true,\"valueName\":\"search_term_string\"}}],\"inLanguage\":\"es-AR\"},{\"@type\":\"Organization\",\"@id\":\"https:\/\/tienda.rigelec.com.ar\/#organization\",\"name\":\"Tienda Rigelec\",\"url\":\"https:\/\/tienda.rigelec.com.ar\/\",\"logo\":{\"@type\":\"ImageObject\",\"inLanguage\":\"es-AR\",\"@id\":\"https:\/\/tienda.rigelec.com.ar\/#\/schema\/logo\/image\/\",\"url\":\"https:\/\/tienda.rigelec.com.ar\/wp-content\/uploads\/2024\/09\/isologo-blanco-rigelec.png\",\"contentUrl\":\"https:\/\/tienda.rigelec.com.ar\/wp-content\/uploads\/2024\/09\/isologo-blanco-rigelec.png\",\"width\":94,\"height\":97,\"caption\":\"Tienda Rigelec\"},\"image\":{\"@id\":\"https:\/\/tienda.rigelec.com.ar\/#\/schema\/logo\/image\/\"}}]}<\/script>\n<!-- \/ Yoast SEO plugin. -->","yoast_head_json":{"title":"TAPON PARA CAJA MULTIPLE 1\" - Tienda Rigelec","robots":{"index":"index","follow":"follow","max-snippet":"max-snippet:-1","max-image-preview":"max-image-preview:large","max-video-preview":"max-video-preview:-1"},"canonical":"https:\/\/tienda.rigelec.com.ar\/?product=tapon-para-caja-multiple-1","og_locale":"es_ES","og_type":"article","og_title":"TAPON PARA CAJA MULTIPLE 1\" - Tienda Rigelec","og_description":"El tap\u00f3n para caja m\u00faltiple Daisa MT 100 fue dise\u00f1ado para obturar las salidas que no se utilizan en las cajas del sistema. Posee rosca BSP 1\" y es fabricado en polipropileno. Est\u00e1 certificado bajo norma IEC 60670 \/ IRAM 62670. En aplicaciones de uso exterior o intemperie, para garantizar el grado de protecci\u00f3n IP54, colocar siempre los tapones cubriendo las salidas que no se utilicen en la caja y sellar su rosca utilizando sellaroscas. MEDIDA DE ROSCA: 1\" (BSP) Certificado: DC-E-M121-007.2","og_url":"https:\/\/tienda.rigelec.com.ar\/?product=tapon-para-caja-multiple-1","og_site_name":"Tienda Rigelec","article_modified_time":"2026-05-04T00:37:37+00:00","twitter_card":"summary_large_image","schema":{"@context":"https:\/\/schema.org","@graph":[{"@type":"WebPage","@id":"https:\/\/tienda.rigelec.com.ar\/?product=tapon-para-caja-multiple-1","url":"https:\/\/tienda.rigelec.com.ar\/?product=tapon-para-caja-multiple-1","name":"TAPON PARA CAJA MULTIPLE 1\" - Tienda Rigelec","isPartOf":{"@id":"https:\/\/tienda.rigelec.com.ar\/#website"},"primaryImageOfPage":{"@id":"https:\/\/tienda.rigelec.com.ar\/?product=tapon-para-caja-multiple-1#primaryimage"},"image":{"@id":"https:\/\/tienda.rigelec.com.ar\/?product=tapon-para-caja-multiple-1#primaryimage"},"thumbnailUrl":"https:\/\/tienda.rigelec.com.ar\/wp-content\/uploads\/2025\/05\/TAPONPARACAJAMULTIPLE.jpg","datePublished":"2025-05-23T16:47:19+00:00","dateModified":"2026-05-04T00:37:37+00:00","breadcrumb":{"@id":"https:\/\/tienda.rigelec.com.ar\/?product=tapon-para-caja-multiple-1#breadcrumb"},"inLanguage":"es-AR","potentialAction":[{"@type":"ReadAction","target":["https:\/\/tienda.rigelec.com.ar\/?product=tapon-para-caja-multiple-1"]}]},{"@type":"ImageObject","inLanguage":"es-AR","@id":"https:\/\/tienda.rigelec.com.ar\/?product=tapon-para-caja-multiple-1#primaryimage","url":"https:\/\/tienda.rigelec.com.ar\/wp-content\/uploads\/2025\/05\/TAPONPARACAJAMULTIPLE.jpg","contentUrl":"https:\/\/tienda.rigelec.com.ar\/wp-content\/uploads\/2025\/05\/TAPONPARACAJAMULTIPLE.jpg","width":933,"height":942},{"@type":"BreadcrumbList","@id":"https:\/\/tienda.rigelec.com.ar\/?product=tapon-para-caja-multiple-1#breadcrumb","itemListElement":[{"@type":"ListItem","position":1,"name":"Inicio","item":"https:\/\/tienda.rigelec.com.ar\/"},{"@type":"ListItem","position":2,"name":"Shop","item":"https:\/\/tienda.rigelec.com.ar\/?page_id=12"},{"@type":"ListItem","position":3,"name":"TAPON PARA CAJA MULTIPLE 1&#8243;"}]},{"@type":"WebSite","@id":"https:\/\/tienda.rigelec.com.ar\/#website","url":"https:\/\/tienda.rigelec.com.ar\/","name":"Tienda Rigelec","description":"Energia en movimiento","publisher":{"@id":"https:\/\/tienda.rigelec.com.ar\/#organization"},"potentialAction":[{"@type":"SearchAction","target":{"@type":"EntryPoint","urlTemplate":"https:\/\/tienda.rigelec.com.ar\/?s={search_term_string}"},"query-input":{"@type":"PropertyValueSpecification","valueRequired":true,"valueName":"search_term_string"}}],"inLanguage":"es-AR"},{"@type":"Organization","@id":"https:\/\/tienda.rigelec.com.ar\/#organization","name":"Tienda Rigelec","url":"https:\/\/tienda.rigelec.com.ar\/","logo":{"@type":"ImageObject","inLanguage":"es-AR","@id":"https:\/\/tienda.rigelec.com.ar\/#\/schema\/logo\/image\/","url":"https:\/\/tienda.rigelec.com.ar\/wp-content\/uploads\/2024\/09\/isologo-blanco-rigelec.png","contentUrl":"https:\/\/tienda.rigelec.com.ar\/wp-content\/uploads\/2024\/09\/isologo-blanco-rigelec.png","width":94,"height":97,"caption":"Tienda Rigelec"},"image":{"@id":"https:\/\/tienda.rigelec.com.ar\/#\/schema\/logo\/image\/"}}]}},"jetpack_sharing_enabled":true,"_links":{"self":[{"href":"https:\/\/tienda.rigelec.com.ar\/index.php?rest_route=\/wp\/v2\/product\/29719","targetHints":{"allow":["GET"]}}],"collection":[{"href":"https:\/\/tienda.rigelec.com.ar\/index.php?rest_route=\/wp\/v2\/product"}],"about":[{"href":"https:\/\/tienda.rigelec.com.ar\/index.php?rest_route=\/wp\/v2\/types\/product"}],"replies":[{"embeddable":true,"href":"https:\/\/tienda.rigelec.com.ar\/index.php?rest_route=%2Fwp%2Fv2%2Fcomments&post=29719"}],"wp:featuredmedia":[{"embeddable":true,"href":"https:\/\/tienda.rigelec.com.ar\/index.php?rest_route=\/wp\/v2\/media\/29720"}],"wp:attachment":[{"href":"https:\/\/tienda.rigelec.com.ar\/index.php?rest_route=%2Fwp%2Fv2%2Fmedia&parent=29719"}],"wp:term":[{"taxonomy":"product_brand","embeddable":true,"href":"https:\/\/tienda.rigelec.com.ar\/index.php?rest_route=%2Fwp%2Fv2%2Fproduct_brand&post=29719"},{"taxonomy":"product_cat","embeddable":true,"href":"https:\/\/tienda.rigelec.com.ar\/index.php?rest_route=%2Fwp%2Fv2%2Fproduct_cat&post=29719"},{"taxonomy":"product_tag","embeddable":true,"href":"https:\/\/tienda.rigelec.com.ar\/index.php?rest_route=%2Fwp%2Fv2%2Fproduct_tag&post=29719"}],"curies":[{"name":"wp","href":"https:\/\/api.w.org\/{rel}","templated":true}]}}