{"id":29800,"date":"2025-05-28T20:42:29","date_gmt":"2025-05-28T23:42:29","guid":{"rendered":"https:\/\/tienda.rigelec.com.ar\/?product=varilla-plata-argenta-sp-2-2"},"modified":"2026-05-01T00:44:45","modified_gmt":"2026-05-01T03:44:45","slug":"varilla-plata-argenta-sp-2-2","status":"publish","type":"product","link":"https:\/\/tienda.rigelec.com.ar\/?product=varilla-plata-argenta-sp-2-2","title":{"rendered":"VARILLA PLATA ARGENTA SP-2 2%"},"content":{"rendered":"<p>VARILLA PLATA<\/p>\n","protected":false},"excerpt":{"rendered":"<p>ARGENTA SP-2, es una aleaci\u00f3n del tipo autodetersiva con un contenido de 2% de plata. No<br \/>\nnecesita fundente para la uni\u00f3n de cobre con cobre.<br \/>\nBaja temperatura de trabajo, de f\u00e1cil aplicaci\u00f3n y de muy buena fluidez.<br \/>\nSu alto contenido de Cobre aleado con Plata, le confiere a las piezas soldadas una particular<br \/>\nelasticidad, adem\u00e1s de muy buenas caracter\u00edsticas de conductibilidad t\u00e9rmica.<br \/>\nEs recomendable el uso de fundente en pasta, cuando esta aleaci\u00f3n se usa para unir Cobre con<br \/>\nBronce o Cobre con Latones.<\/p>\n","protected":false},"featured_media":29801,"comment_status":"open","ping_status":"closed","template":"","meta":{"_monsterinsights_skip_tracking":false,"_monsterinsights_sitenote_active":false,"_monsterinsights_sitenote_note":"","_monsterinsights_sitenote_category":0},"product_brand":[],"product_cat":[424],"product_tag":[458],"class_list":{"0":"post-29800","1":"product","2":"type-product","3":"status-publish","4":"has-post-thumbnail","6":"product_cat-e-accesorios-varios","7":"product_tag-ansal-refrigeracion","9":"first","10":"instock","11":"shipping-taxable","12":"purchasable","13":"product-type-simple"},"yoast_head":"<!-- This site is optimized with the Yoast SEO plugin v25.3.1 - https:\/\/yoast.com\/wordpress\/plugins\/seo\/ -->\n<title>VARILLA PLATA ARGENTA SP-2 2% - Tienda Rigelec<\/title>\n<meta name=\"robots\" content=\"index, follow, max-snippet:-1, max-image-preview:large, max-video-preview:-1\" \/>\n<link rel=\"canonical\" href=\"https:\/\/tienda.rigelec.com.ar\/?product=varilla-plata-argenta-sp-2-2\" \/>\n<meta property=\"og:locale\" content=\"es_ES\" \/>\n<meta property=\"og:type\" content=\"article\" \/>\n<meta property=\"og:title\" content=\"VARILLA PLATA ARGENTA SP-2 2% - Tienda Rigelec\" \/>\n<meta property=\"og:description\" content=\"ARGENTA SP-2, es una aleaci\u00f3n del tipo autodetersiva con un contenido de 2% de plata. No necesita fundente para la uni\u00f3n de cobre con cobre. Baja temperatura de trabajo, de f\u00e1cil aplicaci\u00f3n y de muy buena fluidez. Su alto contenido de Cobre aleado con Plata, le confiere a las piezas soldadas una particular elasticidad, adem\u00e1s de muy buenas caracter\u00edsticas de conductibilidad t\u00e9rmica. Es recomendable el uso de fundente en pasta, cuando esta aleaci\u00f3n se usa para unir Cobre con Bronce o Cobre con Latones.\" \/>\n<meta property=\"og:url\" content=\"https:\/\/tienda.rigelec.com.ar\/?product=varilla-plata-argenta-sp-2-2\" \/>\n<meta property=\"og:site_name\" content=\"Tienda Rigelec\" \/>\n<meta property=\"article:modified_time\" content=\"2026-05-01T03:44:45+00:00\" \/>\n<meta name=\"twitter:card\" content=\"summary_large_image\" \/>\n<script type=\"application\/ld+json\" class=\"yoast-schema-graph\">{\"@context\":\"https:\/\/schema.org\",\"@graph\":[{\"@type\":\"WebPage\",\"@id\":\"https:\/\/tienda.rigelec.com.ar\/?product=varilla-plata-argenta-sp-2-2\",\"url\":\"https:\/\/tienda.rigelec.com.ar\/?product=varilla-plata-argenta-sp-2-2\",\"name\":\"VARILLA PLATA ARGENTA SP-2 2% - Tienda Rigelec\",\"isPartOf\":{\"@id\":\"https:\/\/tienda.rigelec.com.ar\/#website\"},\"primaryImageOfPage\":{\"@id\":\"https:\/\/tienda.rigelec.com.ar\/?product=varilla-plata-argenta-sp-2-2#primaryimage\"},\"image\":{\"@id\":\"https:\/\/tienda.rigelec.com.ar\/?product=varilla-plata-argenta-sp-2-2#primaryimage\"},\"thumbnailUrl\":\"https:\/\/tienda.rigelec.com.ar\/wp-content\/uploads\/2025\/05\/VARILLAPLATA.jpg\",\"datePublished\":\"2025-05-28T23:42:29+00:00\",\"dateModified\":\"2026-05-01T03:44:45+00:00\",\"breadcrumb\":{\"@id\":\"https:\/\/tienda.rigelec.com.ar\/?product=varilla-plata-argenta-sp-2-2#breadcrumb\"},\"inLanguage\":\"es-AR\",\"potentialAction\":[{\"@type\":\"ReadAction\",\"target\":[\"https:\/\/tienda.rigelec.com.ar\/?product=varilla-plata-argenta-sp-2-2\"]}]},{\"@type\":\"ImageObject\",\"inLanguage\":\"es-AR\",\"@id\":\"https:\/\/tienda.rigelec.com.ar\/?product=varilla-plata-argenta-sp-2-2#primaryimage\",\"url\":\"https:\/\/tienda.rigelec.com.ar\/wp-content\/uploads\/2025\/05\/VARILLAPLATA.jpg\",\"contentUrl\":\"https:\/\/tienda.rigelec.com.ar\/wp-content\/uploads\/2025\/05\/VARILLAPLATA.jpg\",\"width\":1080,\"height\":960},{\"@type\":\"BreadcrumbList\",\"@id\":\"https:\/\/tienda.rigelec.com.ar\/?product=varilla-plata-argenta-sp-2-2#breadcrumb\",\"itemListElement\":[{\"@type\":\"ListItem\",\"position\":1,\"name\":\"Inicio\",\"item\":\"https:\/\/tienda.rigelec.com.ar\/\"},{\"@type\":\"ListItem\",\"position\":2,\"name\":\"Shop\",\"item\":\"https:\/\/tienda.rigelec.com.ar\/?page_id=12\"},{\"@type\":\"ListItem\",\"position\":3,\"name\":\"VARILLA PLATA ARGENTA SP-2 2%\"}]},{\"@type\":\"WebSite\",\"@id\":\"https:\/\/tienda.rigelec.com.ar\/#website\",\"url\":\"https:\/\/tienda.rigelec.com.ar\/\",\"name\":\"Tienda Rigelec\",\"description\":\"Energia en movimiento\",\"publisher\":{\"@id\":\"https:\/\/tienda.rigelec.com.ar\/#organization\"},\"potentialAction\":[{\"@type\":\"SearchAction\",\"target\":{\"@type\":\"EntryPoint\",\"urlTemplate\":\"https:\/\/tienda.rigelec.com.ar\/?s={search_term_string}\"},\"query-input\":{\"@type\":\"PropertyValueSpecification\",\"valueRequired\":true,\"valueName\":\"search_term_string\"}}],\"inLanguage\":\"es-AR\"},{\"@type\":\"Organization\",\"@id\":\"https:\/\/tienda.rigelec.com.ar\/#organization\",\"name\":\"Tienda Rigelec\",\"url\":\"https:\/\/tienda.rigelec.com.ar\/\",\"logo\":{\"@type\":\"ImageObject\",\"inLanguage\":\"es-AR\",\"@id\":\"https:\/\/tienda.rigelec.com.ar\/#\/schema\/logo\/image\/\",\"url\":\"https:\/\/tienda.rigelec.com.ar\/wp-content\/uploads\/2024\/09\/isologo-blanco-rigelec.png\",\"contentUrl\":\"https:\/\/tienda.rigelec.com.ar\/wp-content\/uploads\/2024\/09\/isologo-blanco-rigelec.png\",\"width\":94,\"height\":97,\"caption\":\"Tienda Rigelec\"},\"image\":{\"@id\":\"https:\/\/tienda.rigelec.com.ar\/#\/schema\/logo\/image\/\"}}]}<\/script>\n<!-- \/ Yoast SEO plugin. -->","yoast_head_json":{"title":"VARILLA PLATA ARGENTA SP-2 2% - Tienda Rigelec","robots":{"index":"index","follow":"follow","max-snippet":"max-snippet:-1","max-image-preview":"max-image-preview:large","max-video-preview":"max-video-preview:-1"},"canonical":"https:\/\/tienda.rigelec.com.ar\/?product=varilla-plata-argenta-sp-2-2","og_locale":"es_ES","og_type":"article","og_title":"VARILLA PLATA ARGENTA SP-2 2% - Tienda Rigelec","og_description":"ARGENTA SP-2, es una aleaci\u00f3n del tipo autodetersiva con un contenido de 2% de plata. No necesita fundente para la uni\u00f3n de cobre con cobre. Baja temperatura de trabajo, de f\u00e1cil aplicaci\u00f3n y de muy buena fluidez. Su alto contenido de Cobre aleado con Plata, le confiere a las piezas soldadas una particular elasticidad, adem\u00e1s de muy buenas caracter\u00edsticas de conductibilidad t\u00e9rmica. Es recomendable el uso de fundente en pasta, cuando esta aleaci\u00f3n se usa para unir Cobre con Bronce o Cobre con Latones.","og_url":"https:\/\/tienda.rigelec.com.ar\/?product=varilla-plata-argenta-sp-2-2","og_site_name":"Tienda Rigelec","article_modified_time":"2026-05-01T03:44:45+00:00","twitter_card":"summary_large_image","schema":{"@context":"https:\/\/schema.org","@graph":[{"@type":"WebPage","@id":"https:\/\/tienda.rigelec.com.ar\/?product=varilla-plata-argenta-sp-2-2","url":"https:\/\/tienda.rigelec.com.ar\/?product=varilla-plata-argenta-sp-2-2","name":"VARILLA PLATA ARGENTA SP-2 2% - Tienda Rigelec","isPartOf":{"@id":"https:\/\/tienda.rigelec.com.ar\/#website"},"primaryImageOfPage":{"@id":"https:\/\/tienda.rigelec.com.ar\/?product=varilla-plata-argenta-sp-2-2#primaryimage"},"image":{"@id":"https:\/\/tienda.rigelec.com.ar\/?product=varilla-plata-argenta-sp-2-2#primaryimage"},"thumbnailUrl":"https:\/\/tienda.rigelec.com.ar\/wp-content\/uploads\/2025\/05\/VARILLAPLATA.jpg","datePublished":"2025-05-28T23:42:29+00:00","dateModified":"2026-05-01T03:44:45+00:00","breadcrumb":{"@id":"https:\/\/tienda.rigelec.com.ar\/?product=varilla-plata-argenta-sp-2-2#breadcrumb"},"inLanguage":"es-AR","potentialAction":[{"@type":"ReadAction","target":["https:\/\/tienda.rigelec.com.ar\/?product=varilla-plata-argenta-sp-2-2"]}]},{"@type":"ImageObject","inLanguage":"es-AR","@id":"https:\/\/tienda.rigelec.com.ar\/?product=varilla-plata-argenta-sp-2-2#primaryimage","url":"https:\/\/tienda.rigelec.com.ar\/wp-content\/uploads\/2025\/05\/VARILLAPLATA.jpg","contentUrl":"https:\/\/tienda.rigelec.com.ar\/wp-content\/uploads\/2025\/05\/VARILLAPLATA.jpg","width":1080,"height":960},{"@type":"BreadcrumbList","@id":"https:\/\/tienda.rigelec.com.ar\/?product=varilla-plata-argenta-sp-2-2#breadcrumb","itemListElement":[{"@type":"ListItem","position":1,"name":"Inicio","item":"https:\/\/tienda.rigelec.com.ar\/"},{"@type":"ListItem","position":2,"name":"Shop","item":"https:\/\/tienda.rigelec.com.ar\/?page_id=12"},{"@type":"ListItem","position":3,"name":"VARILLA PLATA ARGENTA SP-2 2%"}]},{"@type":"WebSite","@id":"https:\/\/tienda.rigelec.com.ar\/#website","url":"https:\/\/tienda.rigelec.com.ar\/","name":"Tienda Rigelec","description":"Energia en movimiento","publisher":{"@id":"https:\/\/tienda.rigelec.com.ar\/#organization"},"potentialAction":[{"@type":"SearchAction","target":{"@type":"EntryPoint","urlTemplate":"https:\/\/tienda.rigelec.com.ar\/?s={search_term_string}"},"query-input":{"@type":"PropertyValueSpecification","valueRequired":true,"valueName":"search_term_string"}}],"inLanguage":"es-AR"},{"@type":"Organization","@id":"https:\/\/tienda.rigelec.com.ar\/#organization","name":"Tienda Rigelec","url":"https:\/\/tienda.rigelec.com.ar\/","logo":{"@type":"ImageObject","inLanguage":"es-AR","@id":"https:\/\/tienda.rigelec.com.ar\/#\/schema\/logo\/image\/","url":"https:\/\/tienda.rigelec.com.ar\/wp-content\/uploads\/2024\/09\/isologo-blanco-rigelec.png","contentUrl":"https:\/\/tienda.rigelec.com.ar\/wp-content\/uploads\/2024\/09\/isologo-blanco-rigelec.png","width":94,"height":97,"caption":"Tienda Rigelec"},"image":{"@id":"https:\/\/tienda.rigelec.com.ar\/#\/schema\/logo\/image\/"}}]}},"jetpack_sharing_enabled":true,"_links":{"self":[{"href":"https:\/\/tienda.rigelec.com.ar\/index.php?rest_route=\/wp\/v2\/product\/29800","targetHints":{"allow":["GET"]}}],"collection":[{"href":"https:\/\/tienda.rigelec.com.ar\/index.php?rest_route=\/wp\/v2\/product"}],"about":[{"href":"https:\/\/tienda.rigelec.com.ar\/index.php?rest_route=\/wp\/v2\/types\/product"}],"replies":[{"embeddable":true,"href":"https:\/\/tienda.rigelec.com.ar\/index.php?rest_route=%2Fwp%2Fv2%2Fcomments&post=29800"}],"wp:featuredmedia":[{"embeddable":true,"href":"https:\/\/tienda.rigelec.com.ar\/index.php?rest_route=\/wp\/v2\/media\/29801"}],"wp:attachment":[{"href":"https:\/\/tienda.rigelec.com.ar\/index.php?rest_route=%2Fwp%2Fv2%2Fmedia&parent=29800"}],"wp:term":[{"taxonomy":"product_brand","embeddable":true,"href":"https:\/\/tienda.rigelec.com.ar\/index.php?rest_route=%2Fwp%2Fv2%2Fproduct_brand&post=29800"},{"taxonomy":"product_cat","embeddable":true,"href":"https:\/\/tienda.rigelec.com.ar\/index.php?rest_route=%2Fwp%2Fv2%2Fproduct_cat&post=29800"},{"taxonomy":"product_tag","embeddable":true,"href":"https:\/\/tienda.rigelec.com.ar\/index.php?rest_route=%2Fwp%2Fv2%2Fproduct_tag&post=29800"}],"curies":[{"name":"wp","href":"https:\/\/api.w.org\/{rel}","templated":true}]}}