{"id":30044,"date":"2025-06-09T10:21:51","date_gmt":"2025-06-09T13:21:51","guid":{"rendered":"https:\/\/tienda.rigelec.com.ar\/?product=rollo-manguera-cristal-pvc-doble-capa-1-2-12x16m-50m"},"modified":"2026-04-30T22:55:19","modified_gmt":"2026-05-01T01:55:19","slug":"rollo-manguera-cristal-pvc-doble-capa-1-2-12x16m-50m","status":"publish","type":"product","link":"https:\/\/tienda.rigelec.com.ar\/?product=rollo-manguera-cristal-pvc-doble-capa-1-2-12x16m-50m","title":{"rendered":"ROLLO MANGUERA CRISTAL PVC DOBLE CAPA 1\/2&#8243; &#8211; 12X16M &#8211; 50M"},"content":{"rendered":"<p>ROLLO MANGUERA CRISTAL<\/p>\n","protected":false},"excerpt":{"rendered":"<p>Manguera de alta flexibilidad fabricada con doble capa de compuesto de PVC, libres de Cadmio. Elaborado con PVC 100% virgen, transparente, apta para ser utilizada en sistemas de aire de baja presi\u00f3n, de vac\u00edo, de instalaciones de conducci\u00f3n de agua u otras sustancias qu\u00edmicas. Se presenta en color cristal.<\/p>\n<p>CARACTERISTICAS TECNICAS:<br \/>\nResistente a la abrasi\u00f3n y a numerosos productos qu\u00edmicos. Su transparencia permite visualizar la circulaci\u00f3n de fluido. Temperatura de trabajo -10\u00baC a 60\u00baC<\/p>\n","protected":false},"featured_media":30045,"comment_status":"open","ping_status":"closed","template":"","meta":{"_monsterinsights_skip_tracking":false,"_monsterinsights_sitenote_active":false,"_monsterinsights_sitenote_note":"","_monsterinsights_sitenote_category":0},"product_brand":[],"product_cat":[421],"product_tag":[458],"class_list":{"0":"post-30044","1":"product","2":"type-product","3":"status-publish","4":"has-post-thumbnail","6":"product_cat-b-conductos-flexibles","7":"product_tag-ansal-refrigeracion","9":"first","10":"instock","11":"shipping-taxable","12":"purchasable","13":"product-type-simple"},"yoast_head":"<!-- This site is optimized with the Yoast SEO plugin v25.3.1 - https:\/\/yoast.com\/wordpress\/plugins\/seo\/ -->\n<title>ROLLO MANGUERA CRISTAL PVC DOBLE CAPA 1\/2&quot; - 12X16M - 50M - Tienda Rigelec<\/title>\n<meta name=\"robots\" content=\"index, follow, max-snippet:-1, max-image-preview:large, max-video-preview:-1\" \/>\n<link rel=\"canonical\" href=\"https:\/\/tienda.rigelec.com.ar\/?product=rollo-manguera-cristal-pvc-doble-capa-1-2-12x16m-50m\" \/>\n<meta property=\"og:locale\" content=\"es_ES\" \/>\n<meta property=\"og:type\" content=\"article\" \/>\n<meta property=\"og:title\" content=\"ROLLO MANGUERA CRISTAL PVC DOBLE CAPA 1\/2&quot; - 12X16M - 50M - Tienda Rigelec\" \/>\n<meta property=\"og:description\" content=\"Manguera de alta flexibilidad fabricada con doble capa de compuesto de PVC, libres de Cadmio. Elaborado con PVC 100% virgen, transparente, apta para ser utilizada en sistemas de aire de baja presi\u00f3n, de vac\u00edo, de instalaciones de conducci\u00f3n de agua u otras sustancias qu\u00edmicas. Se presenta en color cristal.  CARACTERISTICAS TECNICAS: Resistente a la abrasi\u00f3n y a numerosos productos qu\u00edmicos. Su transparencia permite visualizar la circulaci\u00f3n de fluido. Temperatura de trabajo -10\u00baC a 60\u00baC\" \/>\n<meta property=\"og:url\" content=\"https:\/\/tienda.rigelec.com.ar\/?product=rollo-manguera-cristal-pvc-doble-capa-1-2-12x16m-50m\" \/>\n<meta property=\"og:site_name\" content=\"Tienda Rigelec\" \/>\n<meta property=\"article:modified_time\" content=\"2026-05-01T01:55:19+00:00\" \/>\n<meta name=\"twitter:card\" content=\"summary_large_image\" \/>\n<script type=\"application\/ld+json\" class=\"yoast-schema-graph\">{\"@context\":\"https:\/\/schema.org\",\"@graph\":[{\"@type\":\"WebPage\",\"@id\":\"https:\/\/tienda.rigelec.com.ar\/?product=rollo-manguera-cristal-pvc-doble-capa-1-2-12x16m-50m\",\"url\":\"https:\/\/tienda.rigelec.com.ar\/?product=rollo-manguera-cristal-pvc-doble-capa-1-2-12x16m-50m\",\"name\":\"ROLLO MANGUERA CRISTAL PVC DOBLE CAPA 1\/2\\\" - 12X16M - 50M - Tienda Rigelec\",\"isPartOf\":{\"@id\":\"https:\/\/tienda.rigelec.com.ar\/#website\"},\"primaryImageOfPage\":{\"@id\":\"https:\/\/tienda.rigelec.com.ar\/?product=rollo-manguera-cristal-pvc-doble-capa-1-2-12x16m-50m#primaryimage\"},\"image\":{\"@id\":\"https:\/\/tienda.rigelec.com.ar\/?product=rollo-manguera-cristal-pvc-doble-capa-1-2-12x16m-50m#primaryimage\"},\"thumbnailUrl\":\"https:\/\/tienda.rigelec.com.ar\/wp-content\/uploads\/2025\/06\/ROLLOMANGUERACRISTAL-1.jpg\",\"datePublished\":\"2025-06-09T13:21:51+00:00\",\"dateModified\":\"2026-05-01T01:55:19+00:00\",\"breadcrumb\":{\"@id\":\"https:\/\/tienda.rigelec.com.ar\/?product=rollo-manguera-cristal-pvc-doble-capa-1-2-12x16m-50m#breadcrumb\"},\"inLanguage\":\"es-AR\",\"potentialAction\":[{\"@type\":\"ReadAction\",\"target\":[\"https:\/\/tienda.rigelec.com.ar\/?product=rollo-manguera-cristal-pvc-doble-capa-1-2-12x16m-50m\"]}]},{\"@type\":\"ImageObject\",\"inLanguage\":\"es-AR\",\"@id\":\"https:\/\/tienda.rigelec.com.ar\/?product=rollo-manguera-cristal-pvc-doble-capa-1-2-12x16m-50m#primaryimage\",\"url\":\"https:\/\/tienda.rigelec.com.ar\/wp-content\/uploads\/2025\/06\/ROLLOMANGUERACRISTAL-1.jpg\",\"contentUrl\":\"https:\/\/tienda.rigelec.com.ar\/wp-content\/uploads\/2025\/06\/ROLLOMANGUERACRISTAL-1.jpg\",\"width\":1080,\"height\":955},{\"@type\":\"BreadcrumbList\",\"@id\":\"https:\/\/tienda.rigelec.com.ar\/?product=rollo-manguera-cristal-pvc-doble-capa-1-2-12x16m-50m#breadcrumb\",\"itemListElement\":[{\"@type\":\"ListItem\",\"position\":1,\"name\":\"Inicio\",\"item\":\"https:\/\/tienda.rigelec.com.ar\/\"},{\"@type\":\"ListItem\",\"position\":2,\"name\":\"Shop\",\"item\":\"https:\/\/tienda.rigelec.com.ar\/?page_id=12\"},{\"@type\":\"ListItem\",\"position\":3,\"name\":\"ROLLO MANGUERA CRISTAL PVC DOBLE CAPA 1\/2&#8243; &#8211; 12X16M &#8211; 50M\"}]},{\"@type\":\"WebSite\",\"@id\":\"https:\/\/tienda.rigelec.com.ar\/#website\",\"url\":\"https:\/\/tienda.rigelec.com.ar\/\",\"name\":\"Tienda Rigelec\",\"description\":\"Energia en movimiento\",\"publisher\":{\"@id\":\"https:\/\/tienda.rigelec.com.ar\/#organization\"},\"potentialAction\":[{\"@type\":\"SearchAction\",\"target\":{\"@type\":\"EntryPoint\",\"urlTemplate\":\"https:\/\/tienda.rigelec.com.ar\/?s={search_term_string}\"},\"query-input\":{\"@type\":\"PropertyValueSpecification\",\"valueRequired\":true,\"valueName\":\"search_term_string\"}}],\"inLanguage\":\"es-AR\"},{\"@type\":\"Organization\",\"@id\":\"https:\/\/tienda.rigelec.com.ar\/#organization\",\"name\":\"Tienda Rigelec\",\"url\":\"https:\/\/tienda.rigelec.com.ar\/\",\"logo\":{\"@type\":\"ImageObject\",\"inLanguage\":\"es-AR\",\"@id\":\"https:\/\/tienda.rigelec.com.ar\/#\/schema\/logo\/image\/\",\"url\":\"https:\/\/tienda.rigelec.com.ar\/wp-content\/uploads\/2024\/09\/isologo-blanco-rigelec.png\",\"contentUrl\":\"https:\/\/tienda.rigelec.com.ar\/wp-content\/uploads\/2024\/09\/isologo-blanco-rigelec.png\",\"width\":94,\"height\":97,\"caption\":\"Tienda Rigelec\"},\"image\":{\"@id\":\"https:\/\/tienda.rigelec.com.ar\/#\/schema\/logo\/image\/\"}}]}<\/script>\n<!-- \/ Yoast SEO plugin. -->","yoast_head_json":{"title":"ROLLO MANGUERA CRISTAL PVC DOBLE CAPA 1\/2\" - 12X16M - 50M - Tienda Rigelec","robots":{"index":"index","follow":"follow","max-snippet":"max-snippet:-1","max-image-preview":"max-image-preview:large","max-video-preview":"max-video-preview:-1"},"canonical":"https:\/\/tienda.rigelec.com.ar\/?product=rollo-manguera-cristal-pvc-doble-capa-1-2-12x16m-50m","og_locale":"es_ES","og_type":"article","og_title":"ROLLO MANGUERA CRISTAL PVC DOBLE CAPA 1\/2\" - 12X16M - 50M - Tienda Rigelec","og_description":"Manguera de alta flexibilidad fabricada con doble capa de compuesto de PVC, libres de Cadmio. Elaborado con PVC 100% virgen, transparente, apta para ser utilizada en sistemas de aire de baja presi\u00f3n, de vac\u00edo, de instalaciones de conducci\u00f3n de agua u otras sustancias qu\u00edmicas. Se presenta en color cristal.  CARACTERISTICAS TECNICAS: Resistente a la abrasi\u00f3n y a numerosos productos qu\u00edmicos. Su transparencia permite visualizar la circulaci\u00f3n de fluido. Temperatura de trabajo -10\u00baC a 60\u00baC","og_url":"https:\/\/tienda.rigelec.com.ar\/?product=rollo-manguera-cristal-pvc-doble-capa-1-2-12x16m-50m","og_site_name":"Tienda Rigelec","article_modified_time":"2026-05-01T01:55:19+00:00","twitter_card":"summary_large_image","schema":{"@context":"https:\/\/schema.org","@graph":[{"@type":"WebPage","@id":"https:\/\/tienda.rigelec.com.ar\/?product=rollo-manguera-cristal-pvc-doble-capa-1-2-12x16m-50m","url":"https:\/\/tienda.rigelec.com.ar\/?product=rollo-manguera-cristal-pvc-doble-capa-1-2-12x16m-50m","name":"ROLLO MANGUERA CRISTAL PVC DOBLE CAPA 1\/2\" - 12X16M - 50M - Tienda Rigelec","isPartOf":{"@id":"https:\/\/tienda.rigelec.com.ar\/#website"},"primaryImageOfPage":{"@id":"https:\/\/tienda.rigelec.com.ar\/?product=rollo-manguera-cristal-pvc-doble-capa-1-2-12x16m-50m#primaryimage"},"image":{"@id":"https:\/\/tienda.rigelec.com.ar\/?product=rollo-manguera-cristal-pvc-doble-capa-1-2-12x16m-50m#primaryimage"},"thumbnailUrl":"https:\/\/tienda.rigelec.com.ar\/wp-content\/uploads\/2025\/06\/ROLLOMANGUERACRISTAL-1.jpg","datePublished":"2025-06-09T13:21:51+00:00","dateModified":"2026-05-01T01:55:19+00:00","breadcrumb":{"@id":"https:\/\/tienda.rigelec.com.ar\/?product=rollo-manguera-cristal-pvc-doble-capa-1-2-12x16m-50m#breadcrumb"},"inLanguage":"es-AR","potentialAction":[{"@type":"ReadAction","target":["https:\/\/tienda.rigelec.com.ar\/?product=rollo-manguera-cristal-pvc-doble-capa-1-2-12x16m-50m"]}]},{"@type":"ImageObject","inLanguage":"es-AR","@id":"https:\/\/tienda.rigelec.com.ar\/?product=rollo-manguera-cristal-pvc-doble-capa-1-2-12x16m-50m#primaryimage","url":"https:\/\/tienda.rigelec.com.ar\/wp-content\/uploads\/2025\/06\/ROLLOMANGUERACRISTAL-1.jpg","contentUrl":"https:\/\/tienda.rigelec.com.ar\/wp-content\/uploads\/2025\/06\/ROLLOMANGUERACRISTAL-1.jpg","width":1080,"height":955},{"@type":"BreadcrumbList","@id":"https:\/\/tienda.rigelec.com.ar\/?product=rollo-manguera-cristal-pvc-doble-capa-1-2-12x16m-50m#breadcrumb","itemListElement":[{"@type":"ListItem","position":1,"name":"Inicio","item":"https:\/\/tienda.rigelec.com.ar\/"},{"@type":"ListItem","position":2,"name":"Shop","item":"https:\/\/tienda.rigelec.com.ar\/?page_id=12"},{"@type":"ListItem","position":3,"name":"ROLLO MANGUERA CRISTAL PVC DOBLE CAPA 1\/2&#8243; &#8211; 12X16M &#8211; 50M"}]},{"@type":"WebSite","@id":"https:\/\/tienda.rigelec.com.ar\/#website","url":"https:\/\/tienda.rigelec.com.ar\/","name":"Tienda Rigelec","description":"Energia en movimiento","publisher":{"@id":"https:\/\/tienda.rigelec.com.ar\/#organization"},"potentialAction":[{"@type":"SearchAction","target":{"@type":"EntryPoint","urlTemplate":"https:\/\/tienda.rigelec.com.ar\/?s={search_term_string}"},"query-input":{"@type":"PropertyValueSpecification","valueRequired":true,"valueName":"search_term_string"}}],"inLanguage":"es-AR"},{"@type":"Organization","@id":"https:\/\/tienda.rigelec.com.ar\/#organization","name":"Tienda Rigelec","url":"https:\/\/tienda.rigelec.com.ar\/","logo":{"@type":"ImageObject","inLanguage":"es-AR","@id":"https:\/\/tienda.rigelec.com.ar\/#\/schema\/logo\/image\/","url":"https:\/\/tienda.rigelec.com.ar\/wp-content\/uploads\/2024\/09\/isologo-blanco-rigelec.png","contentUrl":"https:\/\/tienda.rigelec.com.ar\/wp-content\/uploads\/2024\/09\/isologo-blanco-rigelec.png","width":94,"height":97,"caption":"Tienda Rigelec"},"image":{"@id":"https:\/\/tienda.rigelec.com.ar\/#\/schema\/logo\/image\/"}}]}},"jetpack_sharing_enabled":true,"_links":{"self":[{"href":"https:\/\/tienda.rigelec.com.ar\/index.php?rest_route=\/wp\/v2\/product\/30044","targetHints":{"allow":["GET"]}}],"collection":[{"href":"https:\/\/tienda.rigelec.com.ar\/index.php?rest_route=\/wp\/v2\/product"}],"about":[{"href":"https:\/\/tienda.rigelec.com.ar\/index.php?rest_route=\/wp\/v2\/types\/product"}],"replies":[{"embeddable":true,"href":"https:\/\/tienda.rigelec.com.ar\/index.php?rest_route=%2Fwp%2Fv2%2Fcomments&post=30044"}],"wp:featuredmedia":[{"embeddable":true,"href":"https:\/\/tienda.rigelec.com.ar\/index.php?rest_route=\/wp\/v2\/media\/30045"}],"wp:attachment":[{"href":"https:\/\/tienda.rigelec.com.ar\/index.php?rest_route=%2Fwp%2Fv2%2Fmedia&parent=30044"}],"wp:term":[{"taxonomy":"product_brand","embeddable":true,"href":"https:\/\/tienda.rigelec.com.ar\/index.php?rest_route=%2Fwp%2Fv2%2Fproduct_brand&post=30044"},{"taxonomy":"product_cat","embeddable":true,"href":"https:\/\/tienda.rigelec.com.ar\/index.php?rest_route=%2Fwp%2Fv2%2Fproduct_cat&post=30044"},{"taxonomy":"product_tag","embeddable":true,"href":"https:\/\/tienda.rigelec.com.ar\/index.php?rest_route=%2Fwp%2Fv2%2Fproduct_tag&post=30044"}],"curies":[{"name":"wp","href":"https:\/\/api.w.org\/{rel}","templated":true}]}}