{"id":30264,"date":"2025-07-02T11:35:38","date_gmt":"2025-07-02T14:35:38","guid":{"rendered":"https:\/\/tienda.rigelec.com.ar\/?product=termica-1x40a-curva-tipo-c-ic60n-6ka-10ka-40a"},"modified":"2026-05-01T01:58:23","modified_gmt":"2026-05-01T04:58:23","slug":"termica-1x40a-curva-tipo-c","status":"publish","type":"product","link":"https:\/\/tienda.rigelec.com.ar\/?product=termica-1x40a-curva-tipo-c","title":{"rendered":"TERMICA 1X40A CURVA TIPO C IC60N 6KA\/10KA &#8211; 40A"},"content":{"rendered":"<p>TERMICA 1X40A CURVA TIPO C<\/p>\n<p data-start=\"214\" data-end=\"271\"><strong data-start=\"214\" data-end=\"269\">T\u00c9RMICA 1X40A CURVA TIPO C IC60N \u2013 6KA \/ 10KA \u2013 40A<\/strong><\/p>\n<p data-start=\"273\" data-end=\"524\">El <strong data-start=\"276\" data-end=\"318\">interruptor termomagn\u00e9tico Acti9 iC60N<\/strong> de Schneider Electric es una referencia en protecci\u00f3n el\u00e9ctrica para baja tensi\u00f3n. Est\u00e1 dise\u00f1ado para proteger contra <strong data-start=\"437\" data-end=\"469\">sobrecargas y cortocircuitos<\/strong> en edificios industriales, comerciales y terciarios.<\/p>\n<p data-start=\"526\" data-end=\"764\">Este modelo cuenta con <strong data-start=\"549\" data-end=\"559\">1 polo<\/strong>, capacidad de <strong data-start=\"574\" data-end=\"581\">40A<\/strong> y curva de disparo <strong data-start=\"601\" data-end=\"611\">tipo C<\/strong>, ideal para aplicaciones con picos de corriente moderados. Su poder de corte es de <strong data-start=\"695\" data-end=\"702\">6kA<\/strong> a 230V CA (IEC 60898-1) o <strong data-start=\"729\" data-end=\"737\">10kA<\/strong> a 230V CA (IEC 60947-2).<\/p>\n<p data-start=\"766\" data-end=\"966\">Posee <strong data-start=\"772\" data-end=\"797\">clase de limitaci\u00f3n 3<\/strong>, polos interclavados y <strong data-start=\"821\" data-end=\"862\">borne de conexi\u00f3n antierror y aislado<\/strong> para mayor seguridad. Adem\u00e1s, cuenta con <strong data-start=\"904\" data-end=\"923\">protecci\u00f3n IP20<\/strong> y se instala f\u00e1cilmente en <strong data-start=\"951\" data-end=\"963\">riel DIN<\/strong>.<\/p>\n<p data-start=\"968\" data-end=\"1271\">Su <strong data-start=\"971\" data-end=\"995\">aislamiento clase II<\/strong> en cajas de distribuci\u00f3n garantiza que la distancia entre el interruptor y los componentes internos sea el doble de lo exigido por normativa, aumentando la seguridad. Opera en un rango de temperatura de <strong data-start=\"1199\" data-end=\"1215\">-35\u00b0C a 70\u00b0C<\/strong> y tambi\u00e9n puede utilizarse en <strong data-start=\"1246\" data-end=\"1268\">corriente continua<\/strong>.<\/p>\n<p data-start=\"1273\" data-end=\"1518\">Es totalmente compatible con la gama de <strong data-start=\"1313\" data-end=\"1345\">protecci\u00f3n diferencial Acti9<\/strong> y con los <strong data-start=\"1356\" data-end=\"1397\">interruptores autom\u00e1ticos Compact NSX<\/strong>. Cumple con las normas <strong data-start=\"1421\" data-end=\"1456\">IEC 60898-1, IEC 60947-2 e IRAM<\/strong>, asegurando su confiabilidad y certificaci\u00f3n internacional.<\/p>\n<p data-start=\"1520\" data-end=\"1691\">Este producto pertenece a la l\u00ednea <strong data-start=\"1555\" data-end=\"1573\">Green Premium\u2122<\/strong>, que garantiza cumplimiento regulatorio, transparencia ambiental, dise\u00f1o circular y bajo nivel de emisiones de CO\u2082.<\/p>\n","protected":false},"excerpt":{"rendered":"<p>El interruptor termomagn\u00e9tico Acti9 iC60N de Schneider Electric es la nueva referencia en el campo de la distribuci\u00f3n terminal en baja tensi\u00f3n para la protecci\u00f3n contra sobrecargas y cortocircuitos en todos los edificios industriales y terciarios Este producto tiene 1 polo, capacidad de 1A, curva de disparo tipo B y poder de corte de 6kA 230V CA 50\/60 Hz (IEC 60898-1) o 10kA 230V CA 50\/60 Hz (IEC 60947-2) El interruptor termomagn\u00e9tico cuenta con clase de limitacion 3, polos interclavados y borne de conexion antierror y aislado Adem\u00e1s, tiene protecci\u00f3n IP20 y se puede montar en riel DIN Su aislamiento clase II en cajas de distribuci\u00f3n garantiza que la distancia entre el interruptor y los componentes internos del aparato es el doble al requerido por la normativa aplicable, proporcionando m\u00e1xima protecci\u00f3n Cuenta tambi\u00e9n con un amplio rango de operaci\u00f3n, actuando en temperaturas desde -35\u00b0C hasta 70\u00b0C Puede tambi\u00e9n ser empleado en aplicaciones de corriente continua Esta llave t\u00e9rmica tiene coordinaci\u00f3n total con la gama de protecci\u00f3n diferencial Acti9 y con los interruptores autom\u00e1ticos Compact NSX El producto cumple con la norma IEC 60898-1, 60947-2 e IRAM Las llaves t\u00e9rmicas Acti9 iC60N cuentan con la etiqueta Green PremiumTM, la cual promete el cumplimiento de las reglamentaciones m\u00e1s recientes, transparencia sobre los impactos medioambientales, productos circulares y de bajo nivel de CO64<\/p>\n","protected":false},"featured_media":30265,"comment_status":"open","ping_status":"closed","template":"","meta":{"_monsterinsights_skip_tracking":false,"_monsterinsights_sitenote_active":false,"_monsterinsights_sitenote_note":"","_monsterinsights_sitenote_category":0},"product_brand":[],"product_cat":[265],"product_tag":[450],"class_list":{"0":"post-30264","1":"product","2":"type-product","3":"status-publish","4":"has-post-thumbnail","6":"product_cat-a-termomagneticos","7":"product_tag-schneider","9":"first","10":"instock","11":"shipping-taxable","12":"purchasable","13":"product-type-simple"},"yoast_head":"<!-- This site is optimized with the Yoast SEO plugin v25.3.1 - https:\/\/yoast.com\/wordpress\/plugins\/seo\/ -->\n<title>TERMICA 1X40A CURVA TIPO C IC60N 6KA\/10KA - 40A - Tienda Rigelec<\/title>\n<meta name=\"description\" content=\"Tienda Rigelec TERMICA 1X40A CURVA TIPO C IC60N 6KA\/10KA - 40A Tienda Rigelec TERMICA 1X40A CURVA TIPO C IC60N 6KA\/10KA - 40A\" \/>\n<meta name=\"robots\" content=\"index, follow, max-snippet:-1, max-image-preview:large, max-video-preview:-1\" \/>\n<link rel=\"canonical\" href=\"https:\/\/tienda.rigelec.com.ar\/?product=termica-1x40a-curva-tipo-c\" \/>\n<meta property=\"og:locale\" content=\"es_ES\" \/>\n<meta property=\"og:type\" content=\"article\" \/>\n<meta property=\"og:title\" content=\"TERMICA 1X40A CURVA TIPO C IC60N 6KA\/10KA - 40A - Tienda Rigelec\" \/>\n<meta property=\"og:description\" content=\"Tienda Rigelec TERMICA 1X40A CURVA TIPO C IC60N 6KA\/10KA - 40A Tienda Rigelec TERMICA 1X40A CURVA TIPO C IC60N 6KA\/10KA - 40A\" \/>\n<meta property=\"og:url\" content=\"https:\/\/tienda.rigelec.com.ar\/?product=termica-1x40a-curva-tipo-c\" \/>\n<meta property=\"og:site_name\" content=\"Tienda Rigelec\" \/>\n<meta property=\"article:modified_time\" content=\"2026-05-01T04:58:23+00:00\" \/>\n<meta property=\"og:image\" content=\"https:\/\/tienda.rigelec.com.ar\/wp-content\/uploads\/2025\/07\/TERMICA1X40ACURVATIPOC.jpg\" \/>\n\t<meta property=\"og:image:width\" content=\"1080\" \/>\n\t<meta property=\"og:image:height\" content=\"1080\" \/>\n\t<meta property=\"og:image:type\" content=\"image\/jpeg\" \/>\n<meta name=\"twitter:card\" content=\"summary_large_image\" \/>\n<meta name=\"twitter:label1\" content=\"Tiempo de lectura\" \/>\n\t<meta name=\"twitter:data1\" content=\"1 minuto\" \/>\n<script type=\"application\/ld+json\" class=\"yoast-schema-graph\">{\"@context\":\"https:\/\/schema.org\",\"@graph\":[{\"@type\":\"WebPage\",\"@id\":\"https:\/\/tienda.rigelec.com.ar\/?product=termica-1x40a-curva-tipo-c\",\"url\":\"https:\/\/tienda.rigelec.com.ar\/?product=termica-1x40a-curva-tipo-c\",\"name\":\"TERMICA 1X40A CURVA TIPO C IC60N 6KA\/10KA - 40A - Tienda Rigelec\",\"isPartOf\":{\"@id\":\"https:\/\/tienda.rigelec.com.ar\/#website\"},\"primaryImageOfPage\":{\"@id\":\"https:\/\/tienda.rigelec.com.ar\/?product=termica-1x40a-curva-tipo-c#primaryimage\"},\"image\":{\"@id\":\"https:\/\/tienda.rigelec.com.ar\/?product=termica-1x40a-curva-tipo-c#primaryimage\"},\"thumbnailUrl\":\"https:\/\/tienda.rigelec.com.ar\/wp-content\/uploads\/2025\/07\/TERMICA1X40ACURVATIPOC.jpg\",\"datePublished\":\"2025-07-02T14:35:38+00:00\",\"dateModified\":\"2026-05-01T04:58:23+00:00\",\"description\":\"Tienda Rigelec TERMICA 1X40A CURVA TIPO C IC60N 6KA\/10KA - 40A Tienda Rigelec TERMICA 1X40A CURVA TIPO C IC60N 6KA\/10KA - 40A\",\"breadcrumb\":{\"@id\":\"https:\/\/tienda.rigelec.com.ar\/?product=termica-1x40a-curva-tipo-c#breadcrumb\"},\"inLanguage\":\"es-AR\",\"potentialAction\":[{\"@type\":\"ReadAction\",\"target\":[\"https:\/\/tienda.rigelec.com.ar\/?product=termica-1x40a-curva-tipo-c\"]}]},{\"@type\":\"ImageObject\",\"inLanguage\":\"es-AR\",\"@id\":\"https:\/\/tienda.rigelec.com.ar\/?product=termica-1x40a-curva-tipo-c#primaryimage\",\"url\":\"https:\/\/tienda.rigelec.com.ar\/wp-content\/uploads\/2025\/07\/TERMICA1X40ACURVATIPOC.jpg\",\"contentUrl\":\"https:\/\/tienda.rigelec.com.ar\/wp-content\/uploads\/2025\/07\/TERMICA1X40ACURVATIPOC.jpg\",\"width\":1080,\"height\":1080},{\"@type\":\"BreadcrumbList\",\"@id\":\"https:\/\/tienda.rigelec.com.ar\/?product=termica-1x40a-curva-tipo-c#breadcrumb\",\"itemListElement\":[{\"@type\":\"ListItem\",\"position\":1,\"name\":\"Inicio\",\"item\":\"https:\/\/tienda.rigelec.com.ar\/\"},{\"@type\":\"ListItem\",\"position\":2,\"name\":\"Shop\",\"item\":\"https:\/\/tienda.rigelec.com.ar\/?page_id=12\"},{\"@type\":\"ListItem\",\"position\":3,\"name\":\"TERMICA 1X40A CURVA TIPO C IC60N 6KA\/10KA &#8211; 40A\"}]},{\"@type\":\"WebSite\",\"@id\":\"https:\/\/tienda.rigelec.com.ar\/#website\",\"url\":\"https:\/\/tienda.rigelec.com.ar\/\",\"name\":\"Tienda Rigelec\",\"description\":\"Energia en movimiento\",\"publisher\":{\"@id\":\"https:\/\/tienda.rigelec.com.ar\/#organization\"},\"potentialAction\":[{\"@type\":\"SearchAction\",\"target\":{\"@type\":\"EntryPoint\",\"urlTemplate\":\"https:\/\/tienda.rigelec.com.ar\/?s={search_term_string}\"},\"query-input\":{\"@type\":\"PropertyValueSpecification\",\"valueRequired\":true,\"valueName\":\"search_term_string\"}}],\"inLanguage\":\"es-AR\"},{\"@type\":\"Organization\",\"@id\":\"https:\/\/tienda.rigelec.com.ar\/#organization\",\"name\":\"Tienda Rigelec\",\"url\":\"https:\/\/tienda.rigelec.com.ar\/\",\"logo\":{\"@type\":\"ImageObject\",\"inLanguage\":\"es-AR\",\"@id\":\"https:\/\/tienda.rigelec.com.ar\/#\/schema\/logo\/image\/\",\"url\":\"https:\/\/tienda.rigelec.com.ar\/wp-content\/uploads\/2024\/09\/isologo-blanco-rigelec.png\",\"contentUrl\":\"https:\/\/tienda.rigelec.com.ar\/wp-content\/uploads\/2024\/09\/isologo-blanco-rigelec.png\",\"width\":94,\"height\":97,\"caption\":\"Tienda Rigelec\"},\"image\":{\"@id\":\"https:\/\/tienda.rigelec.com.ar\/#\/schema\/logo\/image\/\"}}]}<\/script>\n<!-- \/ Yoast SEO plugin. -->","yoast_head_json":{"title":"TERMICA 1X40A CURVA TIPO C IC60N 6KA\/10KA - 40A - Tienda Rigelec","description":"Tienda Rigelec TERMICA 1X40A CURVA TIPO C IC60N 6KA\/10KA - 40A Tienda Rigelec TERMICA 1X40A CURVA TIPO C IC60N 6KA\/10KA - 40A","robots":{"index":"index","follow":"follow","max-snippet":"max-snippet:-1","max-image-preview":"max-image-preview:large","max-video-preview":"max-video-preview:-1"},"canonical":"https:\/\/tienda.rigelec.com.ar\/?product=termica-1x40a-curva-tipo-c","og_locale":"es_ES","og_type":"article","og_title":"TERMICA 1X40A CURVA TIPO C IC60N 6KA\/10KA - 40A - Tienda Rigelec","og_description":"Tienda Rigelec TERMICA 1X40A CURVA TIPO C IC60N 6KA\/10KA - 40A Tienda Rigelec TERMICA 1X40A CURVA TIPO C IC60N 6KA\/10KA - 40A","og_url":"https:\/\/tienda.rigelec.com.ar\/?product=termica-1x40a-curva-tipo-c","og_site_name":"Tienda Rigelec","article_modified_time":"2026-05-01T04:58:23+00:00","og_image":[{"width":1080,"height":1080,"url":"https:\/\/tienda.rigelec.com.ar\/wp-content\/uploads\/2025\/07\/TERMICA1X40ACURVATIPOC.jpg","type":"image\/jpeg"}],"twitter_card":"summary_large_image","twitter_misc":{"Tiempo de lectura":"1 minuto"},"schema":{"@context":"https:\/\/schema.org","@graph":[{"@type":"WebPage","@id":"https:\/\/tienda.rigelec.com.ar\/?product=termica-1x40a-curva-tipo-c","url":"https:\/\/tienda.rigelec.com.ar\/?product=termica-1x40a-curva-tipo-c","name":"TERMICA 1X40A CURVA TIPO C IC60N 6KA\/10KA - 40A - Tienda Rigelec","isPartOf":{"@id":"https:\/\/tienda.rigelec.com.ar\/#website"},"primaryImageOfPage":{"@id":"https:\/\/tienda.rigelec.com.ar\/?product=termica-1x40a-curva-tipo-c#primaryimage"},"image":{"@id":"https:\/\/tienda.rigelec.com.ar\/?product=termica-1x40a-curva-tipo-c#primaryimage"},"thumbnailUrl":"https:\/\/tienda.rigelec.com.ar\/wp-content\/uploads\/2025\/07\/TERMICA1X40ACURVATIPOC.jpg","datePublished":"2025-07-02T14:35:38+00:00","dateModified":"2026-05-01T04:58:23+00:00","description":"Tienda Rigelec TERMICA 1X40A CURVA TIPO C IC60N 6KA\/10KA - 40A Tienda Rigelec TERMICA 1X40A CURVA TIPO C IC60N 6KA\/10KA - 40A","breadcrumb":{"@id":"https:\/\/tienda.rigelec.com.ar\/?product=termica-1x40a-curva-tipo-c#breadcrumb"},"inLanguage":"es-AR","potentialAction":[{"@type":"ReadAction","target":["https:\/\/tienda.rigelec.com.ar\/?product=termica-1x40a-curva-tipo-c"]}]},{"@type":"ImageObject","inLanguage":"es-AR","@id":"https:\/\/tienda.rigelec.com.ar\/?product=termica-1x40a-curva-tipo-c#primaryimage","url":"https:\/\/tienda.rigelec.com.ar\/wp-content\/uploads\/2025\/07\/TERMICA1X40ACURVATIPOC.jpg","contentUrl":"https:\/\/tienda.rigelec.com.ar\/wp-content\/uploads\/2025\/07\/TERMICA1X40ACURVATIPOC.jpg","width":1080,"height":1080},{"@type":"BreadcrumbList","@id":"https:\/\/tienda.rigelec.com.ar\/?product=termica-1x40a-curva-tipo-c#breadcrumb","itemListElement":[{"@type":"ListItem","position":1,"name":"Inicio","item":"https:\/\/tienda.rigelec.com.ar\/"},{"@type":"ListItem","position":2,"name":"Shop","item":"https:\/\/tienda.rigelec.com.ar\/?page_id=12"},{"@type":"ListItem","position":3,"name":"TERMICA 1X40A CURVA TIPO C IC60N 6KA\/10KA &#8211; 40A"}]},{"@type":"WebSite","@id":"https:\/\/tienda.rigelec.com.ar\/#website","url":"https:\/\/tienda.rigelec.com.ar\/","name":"Tienda Rigelec","description":"Energia en movimiento","publisher":{"@id":"https:\/\/tienda.rigelec.com.ar\/#organization"},"potentialAction":[{"@type":"SearchAction","target":{"@type":"EntryPoint","urlTemplate":"https:\/\/tienda.rigelec.com.ar\/?s={search_term_string}"},"query-input":{"@type":"PropertyValueSpecification","valueRequired":true,"valueName":"search_term_string"}}],"inLanguage":"es-AR"},{"@type":"Organization","@id":"https:\/\/tienda.rigelec.com.ar\/#organization","name":"Tienda Rigelec","url":"https:\/\/tienda.rigelec.com.ar\/","logo":{"@type":"ImageObject","inLanguage":"es-AR","@id":"https:\/\/tienda.rigelec.com.ar\/#\/schema\/logo\/image\/","url":"https:\/\/tienda.rigelec.com.ar\/wp-content\/uploads\/2024\/09\/isologo-blanco-rigelec.png","contentUrl":"https:\/\/tienda.rigelec.com.ar\/wp-content\/uploads\/2024\/09\/isologo-blanco-rigelec.png","width":94,"height":97,"caption":"Tienda Rigelec"},"image":{"@id":"https:\/\/tienda.rigelec.com.ar\/#\/schema\/logo\/image\/"}}]}},"jetpack_sharing_enabled":true,"_links":{"self":[{"href":"https:\/\/tienda.rigelec.com.ar\/index.php?rest_route=\/wp\/v2\/product\/30264","targetHints":{"allow":["GET"]}}],"collection":[{"href":"https:\/\/tienda.rigelec.com.ar\/index.php?rest_route=\/wp\/v2\/product"}],"about":[{"href":"https:\/\/tienda.rigelec.com.ar\/index.php?rest_route=\/wp\/v2\/types\/product"}],"replies":[{"embeddable":true,"href":"https:\/\/tienda.rigelec.com.ar\/index.php?rest_route=%2Fwp%2Fv2%2Fcomments&post=30264"}],"wp:featuredmedia":[{"embeddable":true,"href":"https:\/\/tienda.rigelec.com.ar\/index.php?rest_route=\/wp\/v2\/media\/30265"}],"wp:attachment":[{"href":"https:\/\/tienda.rigelec.com.ar\/index.php?rest_route=%2Fwp%2Fv2%2Fmedia&parent=30264"}],"wp:term":[{"taxonomy":"product_brand","embeddable":true,"href":"https:\/\/tienda.rigelec.com.ar\/index.php?rest_route=%2Fwp%2Fv2%2Fproduct_brand&post=30264"},{"taxonomy":"product_cat","embeddable":true,"href":"https:\/\/tienda.rigelec.com.ar\/index.php?rest_route=%2Fwp%2Fv2%2Fproduct_cat&post=30264"},{"taxonomy":"product_tag","embeddable":true,"href":"https:\/\/tienda.rigelec.com.ar\/index.php?rest_route=%2Fwp%2Fv2%2Fproduct_tag&post=30264"}],"curies":[{"name":"wp","href":"https:\/\/api.w.org\/{rel}","templated":true}]}}