{"id":30283,"date":"2025-07-05T16:17:38","date_gmt":"2025-07-05T19:17:38","guid":{"rendered":"https:\/\/tienda.rigelec.com.ar\/?product=interruptor-compacto-en-caja-moldeada-cvs250f-4x36ka-reg-175-250a"},"modified":"2026-05-01T01:59:30","modified_gmt":"2026-05-01T04:59:30","slug":"interruptor-compacto","status":"publish","type":"product","link":"https:\/\/tienda.rigelec.com.ar\/?product=interruptor-compacto","title":{"rendered":"INTERRUPTOR COMPACTO EN CAJA MOLDEADA CVS250F 4X36KA &#8211; REG 175-250A"},"content":{"rendered":"<p>INTERRUPTOR COMPACTO EN CAJA MOLDEADA<\/p>\n<p data-start=\"173\" data-end=\"248\"><strong data-start=\"173\" data-end=\"246\">INTERRUPTOR COMPACTO EN CAJA MOLDEADA CVS250F \u2013 4X36KA \u2013 REG 175-250A<\/strong><\/p>\n<p data-start=\"250\" data-end=\"500\">El <strong data-start=\"253\" data-end=\"273\">EasyPact CVS250F<\/strong> de Schneider Electric es un <strong data-start=\"302\" data-end=\"344\">interruptor autom\u00e1tico fijo de 4 polos<\/strong> dise\u00f1ado para ofrecer alto rendimiento y funcionalidad a un coste optimizado. Es ideal para la protecci\u00f3n el\u00e9ctrica en <strong data-start=\"464\" data-end=\"497\">edificios peque\u00f1os y medianos<\/strong>.<\/p>\n<p data-start=\"502\" data-end=\"816\">Cuenta con una <strong data-start=\"517\" data-end=\"557\">capacidad de corte (Icu) de 36kA rms<\/strong> a 415 VCA (50\/60 Hz) y una tensi\u00f3n de funcionamiento de <strong data-start=\"614\" data-end=\"625\">440 VCA<\/strong>. Incorpora una <strong data-start=\"641\" data-end=\"686\">unidad de control t\u00e9rmica-magn\u00e9tica (TMD)<\/strong> de 200 A, que brinda <strong data-start=\"708\" data-end=\"759\">protecci\u00f3n t\u00e9rmica regulable contra sobrecargas<\/strong> y <strong data-start=\"762\" data-end=\"813\">protecci\u00f3n magn\u00e9tica fija contra cortocircuitos<\/strong>.<\/p>\n<p data-start=\"818\" data-end=\"1123\">Este modelo de <strong data-start=\"833\" data-end=\"844\">4 polos<\/strong> tiene dimensiones de <strong data-start=\"866\" data-end=\"893\">140 mm x 161 mm x 86 mm<\/strong> y admite diversos <strong data-start=\"912\" data-end=\"937\">accesorios opcionales<\/strong> para ampliar su funcionalidad. Puede instalarse en <strong data-start=\"989\" data-end=\"1037\">armarios el\u00e9ctricos con aislamiento clase II<\/strong>, ya que cumple con los requisitos para <strong data-start=\"1077\" data-end=\"1102\">cara frontal clase II<\/strong> seg\u00fan IEC 60664-1.<\/p>\n<p data-start=\"1125\" data-end=\"1379\">El <strong data-start=\"1128\" data-end=\"1148\">EasyPact CVS250F<\/strong> ofrece una soluci\u00f3n segura, robusta y adaptable para instalaciones el\u00e9ctricas exigentes. Est\u00e1 certificado bajo normas internacionales <strong data-start=\"1283\" data-end=\"1307\">IEC 60947, CCC y EAC<\/strong>, garantizando confiabilidad y compatibilidad con est\u00e1ndares globales.<\/p>\n","protected":false},"excerpt":{"rendered":"<p>El EasyPact CVS250F es un interruptor autom\u00e1tico fijo 4d de 4 polos con un alto nivel de rendimiento y funcionalidad que ahorra costes. Es una opci\u00f3n \u00f3ptima para aplicaciones de protecci\u00f3n de edificios peque\u00f1os y medianos. La capacidad de corte (Icu) es de 36 kA rms a 415 VCA 50\/60 Hz. La tensi\u00f3n de funcionamiento es de 440 VCA 50\/60 Hz. Este producto incluye una unidad de control magn\u00e9tica t\u00e9rmica (TMD) de 200 A. El interruptor TMD proporciona una protecci\u00f3n t\u00e9rmica regulable contra sobrecargas y una protecci\u00f3n magn\u00e9tica fija. Esta versi\u00f3n de 4 polos (140 mm x 161 mm x 86 mm) incluye una variedad de funciones y accesorios opcionales. EasyPact CVS250F cumple con los est\u00e1ndares internacionales (IEC 60947, CCC, EAC). Se puede instalar en armarios el\u00e9ctricos con aislamiento clase II, ya que es un dispositivo de cara frontal clase II (IEC 60664-1).<\/p>\n","protected":false},"featured_media":30284,"comment_status":"open","ping_status":"closed","template":"","meta":{"_monsterinsights_skip_tracking":false,"_monsterinsights_sitenote_active":false,"_monsterinsights_sitenote_note":"","_monsterinsights_sitenote_category":0},"product_brand":[],"product_cat":[151],"product_tag":[450],"class_list":{"0":"post-30283","1":"product","2":"type-product","3":"status-publish","4":"has-post-thumbnail","6":"product_cat-k-interruptor-compacto","7":"product_tag-schneider","9":"first","10":"outofstock","11":"shipping-taxable","12":"purchasable","13":"product-type-simple"},"yoast_head":"<!-- This site is optimized with the Yoast SEO plugin v25.3.1 - https:\/\/yoast.com\/wordpress\/plugins\/seo\/ -->\n<title>INTERRUPTOR COMPACTO EN CAJA MOLDEADA CVS250F 4X36KA - REG 175-250A - Tienda Rigelec<\/title>\n<meta name=\"description\" content=\"INTERRUPTOR COMPACTO EN CAJA MOLDEADA CVS250F 4X36KA - REG 175-250A Tienda Rigelec INTERRUPTOR COMPACTO EN CAJA MOLDEADA CVS250F 4X36KA - REG 175-250A\" \/>\n<meta name=\"robots\" content=\"index, follow, max-snippet:-1, max-image-preview:large, max-video-preview:-1\" \/>\n<link rel=\"canonical\" href=\"https:\/\/tienda.rigelec.com.ar\/?product=interruptor-compacto\" \/>\n<meta property=\"og:locale\" content=\"es_ES\" \/>\n<meta property=\"og:type\" content=\"article\" \/>\n<meta property=\"og:title\" content=\"INTERRUPTOR COMPACTO EN CAJA MOLDEADA CVS250F 4X36KA - REG 175-250A - Tienda Rigelec\" \/>\n<meta property=\"og:description\" content=\"INTERRUPTOR COMPACTO EN CAJA MOLDEADA CVS250F 4X36KA - REG 175-250A Tienda Rigelec INTERRUPTOR COMPACTO EN CAJA MOLDEADA CVS250F 4X36KA - REG 175-250A\" \/>\n<meta property=\"og:url\" content=\"https:\/\/tienda.rigelec.com.ar\/?product=interruptor-compacto\" \/>\n<meta property=\"og:site_name\" content=\"Tienda Rigelec\" \/>\n<meta property=\"article:modified_time\" content=\"2026-05-01T04:59:30+00:00\" \/>\n<meta property=\"og:image\" content=\"https:\/\/tienda.rigelec.com.ar\/wp-content\/uploads\/2025\/07\/INTERRUPTORCOMPACTOENCAJAMOLDEADA.jpg\" \/>\n\t<meta property=\"og:image:width\" content=\"426\" \/>\n\t<meta property=\"og:image:height\" content=\"372\" \/>\n\t<meta property=\"og:image:type\" content=\"image\/jpeg\" \/>\n<meta name=\"twitter:card\" content=\"summary_large_image\" \/>\n<meta name=\"twitter:label1\" content=\"Tiempo de lectura\" \/>\n\t<meta name=\"twitter:data1\" content=\"2 minutos\" \/>\n<script type=\"application\/ld+json\" class=\"yoast-schema-graph\">{\"@context\":\"https:\/\/schema.org\",\"@graph\":[{\"@type\":\"WebPage\",\"@id\":\"https:\/\/tienda.rigelec.com.ar\/?product=interruptor-compacto\",\"url\":\"https:\/\/tienda.rigelec.com.ar\/?product=interruptor-compacto\",\"name\":\"INTERRUPTOR COMPACTO EN CAJA MOLDEADA CVS250F 4X36KA - REG 175-250A - Tienda Rigelec\",\"isPartOf\":{\"@id\":\"https:\/\/tienda.rigelec.com.ar\/#website\"},\"primaryImageOfPage\":{\"@id\":\"https:\/\/tienda.rigelec.com.ar\/?product=interruptor-compacto#primaryimage\"},\"image\":{\"@id\":\"https:\/\/tienda.rigelec.com.ar\/?product=interruptor-compacto#primaryimage\"},\"thumbnailUrl\":\"https:\/\/tienda.rigelec.com.ar\/wp-content\/uploads\/2025\/07\/INTERRUPTORCOMPACTOENCAJAMOLDEADA.jpg\",\"datePublished\":\"2025-07-05T19:17:38+00:00\",\"dateModified\":\"2026-05-01T04:59:30+00:00\",\"description\":\"INTERRUPTOR COMPACTO EN CAJA MOLDEADA CVS250F 4X36KA - REG 175-250A Tienda Rigelec INTERRUPTOR COMPACTO EN CAJA MOLDEADA CVS250F 4X36KA - REG 175-250A\",\"breadcrumb\":{\"@id\":\"https:\/\/tienda.rigelec.com.ar\/?product=interruptor-compacto#breadcrumb\"},\"inLanguage\":\"es-AR\",\"potentialAction\":[{\"@type\":\"ReadAction\",\"target\":[\"https:\/\/tienda.rigelec.com.ar\/?product=interruptor-compacto\"]}]},{\"@type\":\"ImageObject\",\"inLanguage\":\"es-AR\",\"@id\":\"https:\/\/tienda.rigelec.com.ar\/?product=interruptor-compacto#primaryimage\",\"url\":\"https:\/\/tienda.rigelec.com.ar\/wp-content\/uploads\/2025\/07\/INTERRUPTORCOMPACTOENCAJAMOLDEADA.jpg\",\"contentUrl\":\"https:\/\/tienda.rigelec.com.ar\/wp-content\/uploads\/2025\/07\/INTERRUPTORCOMPACTOENCAJAMOLDEADA.jpg\",\"width\":426,\"height\":372},{\"@type\":\"BreadcrumbList\",\"@id\":\"https:\/\/tienda.rigelec.com.ar\/?product=interruptor-compacto#breadcrumb\",\"itemListElement\":[{\"@type\":\"ListItem\",\"position\":1,\"name\":\"Inicio\",\"item\":\"https:\/\/tienda.rigelec.com.ar\/\"},{\"@type\":\"ListItem\",\"position\":2,\"name\":\"Shop\",\"item\":\"https:\/\/tienda.rigelec.com.ar\/?page_id=12\"},{\"@type\":\"ListItem\",\"position\":3,\"name\":\"INTERRUPTOR COMPACTO EN CAJA MOLDEADA CVS250F 4X36KA &#8211; REG 175-250A\"}]},{\"@type\":\"WebSite\",\"@id\":\"https:\/\/tienda.rigelec.com.ar\/#website\",\"url\":\"https:\/\/tienda.rigelec.com.ar\/\",\"name\":\"Tienda Rigelec\",\"description\":\"Energia en movimiento\",\"publisher\":{\"@id\":\"https:\/\/tienda.rigelec.com.ar\/#organization\"},\"potentialAction\":[{\"@type\":\"SearchAction\",\"target\":{\"@type\":\"EntryPoint\",\"urlTemplate\":\"https:\/\/tienda.rigelec.com.ar\/?s={search_term_string}\"},\"query-input\":{\"@type\":\"PropertyValueSpecification\",\"valueRequired\":true,\"valueName\":\"search_term_string\"}}],\"inLanguage\":\"es-AR\"},{\"@type\":\"Organization\",\"@id\":\"https:\/\/tienda.rigelec.com.ar\/#organization\",\"name\":\"Tienda Rigelec\",\"url\":\"https:\/\/tienda.rigelec.com.ar\/\",\"logo\":{\"@type\":\"ImageObject\",\"inLanguage\":\"es-AR\",\"@id\":\"https:\/\/tienda.rigelec.com.ar\/#\/schema\/logo\/image\/\",\"url\":\"https:\/\/tienda.rigelec.com.ar\/wp-content\/uploads\/2024\/09\/isologo-blanco-rigelec.png\",\"contentUrl\":\"https:\/\/tienda.rigelec.com.ar\/wp-content\/uploads\/2024\/09\/isologo-blanco-rigelec.png\",\"width\":94,\"height\":97,\"caption\":\"Tienda Rigelec\"},\"image\":{\"@id\":\"https:\/\/tienda.rigelec.com.ar\/#\/schema\/logo\/image\/\"}}]}<\/script>\n<!-- \/ Yoast SEO plugin. -->","yoast_head_json":{"title":"INTERRUPTOR COMPACTO EN CAJA MOLDEADA CVS250F 4X36KA - REG 175-250A - Tienda Rigelec","description":"INTERRUPTOR COMPACTO EN CAJA MOLDEADA CVS250F 4X36KA - REG 175-250A Tienda Rigelec INTERRUPTOR COMPACTO EN CAJA MOLDEADA CVS250F 4X36KA - REG 175-250A","robots":{"index":"index","follow":"follow","max-snippet":"max-snippet:-1","max-image-preview":"max-image-preview:large","max-video-preview":"max-video-preview:-1"},"canonical":"https:\/\/tienda.rigelec.com.ar\/?product=interruptor-compacto","og_locale":"es_ES","og_type":"article","og_title":"INTERRUPTOR COMPACTO EN CAJA MOLDEADA CVS250F 4X36KA - REG 175-250A - Tienda Rigelec","og_description":"INTERRUPTOR COMPACTO EN CAJA MOLDEADA CVS250F 4X36KA - REG 175-250A Tienda Rigelec INTERRUPTOR COMPACTO EN CAJA MOLDEADA CVS250F 4X36KA - REG 175-250A","og_url":"https:\/\/tienda.rigelec.com.ar\/?product=interruptor-compacto","og_site_name":"Tienda Rigelec","article_modified_time":"2026-05-01T04:59:30+00:00","og_image":[{"width":426,"height":372,"url":"https:\/\/tienda.rigelec.com.ar\/wp-content\/uploads\/2025\/07\/INTERRUPTORCOMPACTOENCAJAMOLDEADA.jpg","type":"image\/jpeg"}],"twitter_card":"summary_large_image","twitter_misc":{"Tiempo de lectura":"2 minutos"},"schema":{"@context":"https:\/\/schema.org","@graph":[{"@type":"WebPage","@id":"https:\/\/tienda.rigelec.com.ar\/?product=interruptor-compacto","url":"https:\/\/tienda.rigelec.com.ar\/?product=interruptor-compacto","name":"INTERRUPTOR COMPACTO EN CAJA MOLDEADA CVS250F 4X36KA - REG 175-250A - Tienda Rigelec","isPartOf":{"@id":"https:\/\/tienda.rigelec.com.ar\/#website"},"primaryImageOfPage":{"@id":"https:\/\/tienda.rigelec.com.ar\/?product=interruptor-compacto#primaryimage"},"image":{"@id":"https:\/\/tienda.rigelec.com.ar\/?product=interruptor-compacto#primaryimage"},"thumbnailUrl":"https:\/\/tienda.rigelec.com.ar\/wp-content\/uploads\/2025\/07\/INTERRUPTORCOMPACTOENCAJAMOLDEADA.jpg","datePublished":"2025-07-05T19:17:38+00:00","dateModified":"2026-05-01T04:59:30+00:00","description":"INTERRUPTOR COMPACTO EN CAJA MOLDEADA CVS250F 4X36KA - REG 175-250A Tienda Rigelec INTERRUPTOR COMPACTO EN CAJA MOLDEADA CVS250F 4X36KA - REG 175-250A","breadcrumb":{"@id":"https:\/\/tienda.rigelec.com.ar\/?product=interruptor-compacto#breadcrumb"},"inLanguage":"es-AR","potentialAction":[{"@type":"ReadAction","target":["https:\/\/tienda.rigelec.com.ar\/?product=interruptor-compacto"]}]},{"@type":"ImageObject","inLanguage":"es-AR","@id":"https:\/\/tienda.rigelec.com.ar\/?product=interruptor-compacto#primaryimage","url":"https:\/\/tienda.rigelec.com.ar\/wp-content\/uploads\/2025\/07\/INTERRUPTORCOMPACTOENCAJAMOLDEADA.jpg","contentUrl":"https:\/\/tienda.rigelec.com.ar\/wp-content\/uploads\/2025\/07\/INTERRUPTORCOMPACTOENCAJAMOLDEADA.jpg","width":426,"height":372},{"@type":"BreadcrumbList","@id":"https:\/\/tienda.rigelec.com.ar\/?product=interruptor-compacto#breadcrumb","itemListElement":[{"@type":"ListItem","position":1,"name":"Inicio","item":"https:\/\/tienda.rigelec.com.ar\/"},{"@type":"ListItem","position":2,"name":"Shop","item":"https:\/\/tienda.rigelec.com.ar\/?page_id=12"},{"@type":"ListItem","position":3,"name":"INTERRUPTOR COMPACTO EN CAJA MOLDEADA CVS250F 4X36KA &#8211; REG 175-250A"}]},{"@type":"WebSite","@id":"https:\/\/tienda.rigelec.com.ar\/#website","url":"https:\/\/tienda.rigelec.com.ar\/","name":"Tienda Rigelec","description":"Energia en movimiento","publisher":{"@id":"https:\/\/tienda.rigelec.com.ar\/#organization"},"potentialAction":[{"@type":"SearchAction","target":{"@type":"EntryPoint","urlTemplate":"https:\/\/tienda.rigelec.com.ar\/?s={search_term_string}"},"query-input":{"@type":"PropertyValueSpecification","valueRequired":true,"valueName":"search_term_string"}}],"inLanguage":"es-AR"},{"@type":"Organization","@id":"https:\/\/tienda.rigelec.com.ar\/#organization","name":"Tienda Rigelec","url":"https:\/\/tienda.rigelec.com.ar\/","logo":{"@type":"ImageObject","inLanguage":"es-AR","@id":"https:\/\/tienda.rigelec.com.ar\/#\/schema\/logo\/image\/","url":"https:\/\/tienda.rigelec.com.ar\/wp-content\/uploads\/2024\/09\/isologo-blanco-rigelec.png","contentUrl":"https:\/\/tienda.rigelec.com.ar\/wp-content\/uploads\/2024\/09\/isologo-blanco-rigelec.png","width":94,"height":97,"caption":"Tienda Rigelec"},"image":{"@id":"https:\/\/tienda.rigelec.com.ar\/#\/schema\/logo\/image\/"}}]}},"jetpack_sharing_enabled":true,"_links":{"self":[{"href":"https:\/\/tienda.rigelec.com.ar\/index.php?rest_route=\/wp\/v2\/product\/30283","targetHints":{"allow":["GET"]}}],"collection":[{"href":"https:\/\/tienda.rigelec.com.ar\/index.php?rest_route=\/wp\/v2\/product"}],"about":[{"href":"https:\/\/tienda.rigelec.com.ar\/index.php?rest_route=\/wp\/v2\/types\/product"}],"replies":[{"embeddable":true,"href":"https:\/\/tienda.rigelec.com.ar\/index.php?rest_route=%2Fwp%2Fv2%2Fcomments&post=30283"}],"wp:featuredmedia":[{"embeddable":true,"href":"https:\/\/tienda.rigelec.com.ar\/index.php?rest_route=\/wp\/v2\/media\/30284"}],"wp:attachment":[{"href":"https:\/\/tienda.rigelec.com.ar\/index.php?rest_route=%2Fwp%2Fv2%2Fmedia&parent=30283"}],"wp:term":[{"taxonomy":"product_brand","embeddable":true,"href":"https:\/\/tienda.rigelec.com.ar\/index.php?rest_route=%2Fwp%2Fv2%2Fproduct_brand&post=30283"},{"taxonomy":"product_cat","embeddable":true,"href":"https:\/\/tienda.rigelec.com.ar\/index.php?rest_route=%2Fwp%2Fv2%2Fproduct_cat&post=30283"},{"taxonomy":"product_tag","embeddable":true,"href":"https:\/\/tienda.rigelec.com.ar\/index.php?rest_route=%2Fwp%2Fv2%2Fproduct_tag&post=30283"}],"curies":[{"name":"wp","href":"https:\/\/api.w.org\/{rel}","templated":true}]}}