{"id":30491,"date":"2025-07-17T12:40:11","date_gmt":"2025-07-17T15:40:11","guid":{"rendered":"https:\/\/tienda.rigelec.com.ar\/?product=colgante-1-luz-oxido-40x40cm"},"modified":"2026-05-01T02:01:41","modified_gmt":"2026-05-01T05:01:41","slug":"colgante-1-luz-oxido-2","status":"publish","type":"product","link":"https:\/\/tienda.rigelec.com.ar\/?product=colgante-1-luz-oxido-2","title":{"rendered":"COLGANTE 1 LUZ OXIDO 40X40CM"},"content":{"rendered":"<p>COLGANTE 1 LUZ OXIDO<\/p>\n<p data-start=\"81\" data-end=\"139\"><strong data-start=\"81\" data-end=\"137\">COLGANTE 1 LUZ \u2013 ESTRUCTURA MET\u00c1LICA \u2013 ACABADO \u00d3XIDO<\/strong><\/p>\n<p data-start=\"141\" data-end=\"422\">L\u00e1mpara colgante de <strong data-start=\"161\" data-end=\"170\">1 luz<\/strong> fabricada en <strong data-start=\"184\" data-end=\"211\">metal con acabado \u00f3xido<\/strong>, que aporta un estilo r\u00fastico e industrial. Su dise\u00f1o presenta una estructura abierta de varillas verticales con detalles de malla calada en la parte inferior, generando un atractivo juego de luces y sombras.<\/p>\n<p data-start=\"424\" data-end=\"456\"><strong data-start=\"424\" data-end=\"454\">Especificaciones t\u00e9cnicas:<\/strong><\/p>\n<ul data-start=\"457\" data-end=\"769\">\n<li data-start=\"457\" data-end=\"511\">\n<p data-start=\"459\" data-end=\"511\"><strong data-start=\"459\" data-end=\"475\">Dimensiones:<\/strong> 40 cm de alto x 40 cm de di\u00e1metro<\/p>\n<\/li>\n<li data-start=\"512\" data-end=\"553\">\n<p data-start=\"514\" data-end=\"553\"><strong data-start=\"514\" data-end=\"527\">Material:<\/strong> Metal con acabado \u00f3xido<\/p>\n<\/li>\n<li data-start=\"554\" data-end=\"618\">\n<p data-start=\"556\" data-end=\"618\"><strong data-start=\"556\" data-end=\"567\">Dise\u00f1o:<\/strong> Estructura abierta con malla decorativa inferior<\/p>\n<\/li>\n<li data-start=\"619\" data-end=\"678\">\n<p data-start=\"621\" data-end=\"678\"><strong data-start=\"621\" data-end=\"637\">Instalaci\u00f3n:<\/strong> Colgante con cable regulable en altura<\/p>\n<\/li>\n<li data-start=\"679\" data-end=\"722\">\n<p data-start=\"681\" data-end=\"722\"><strong data-start=\"681\" data-end=\"689\">Uso:<\/strong> L\u00e1mpara tipo E27 (no incluida)<\/p>\n<\/li>\n<li data-start=\"723\" data-end=\"769\">\n<p data-start=\"725\" data-end=\"769\"><strong data-start=\"725\" data-end=\"736\">Estilo:<\/strong> Industrial \u2013 Vintage \u2013 R\u00fastico<\/p>\n<\/li>\n<\/ul>\n<p data-start=\"771\" data-end=\"909\">Ideal para comedores, livings, bares o locales comerciales que buscan una iluminaci\u00f3n decorativa con <strong data-start=\"872\" data-end=\"906\">presencia y car\u00e1cter artesanal<\/strong>.<\/p>\n","protected":false},"excerpt":{"rendered":"<p>COLGANTE 1 LUZ OXIDO COLGANTE 1 LUZ \u2013 ESTRUCTURA MET\u00c1LICA \u2013 ACABADO \u00d3XIDO L\u00e1mpara colgante de 1 luz fabricada en metal con acabado \u00f3xido, que aporta un estilo r\u00fastico e industrial. Su dise\u00f1o presenta una estructura abierta de varillas verticales con detalles de malla calada en la parte inferior, generando un atractivo juego de luces [&hellip;]<\/p>\n","protected":false},"featured_media":30492,"comment_status":"open","ping_status":"closed","template":"","meta":{"_monsterinsights_skip_tracking":false,"_monsterinsights_sitenote_active":false,"_monsterinsights_sitenote_note":"","_monsterinsights_sitenote_category":0},"product_brand":[],"product_cat":[181],"product_tag":[474],"class_list":{"0":"post-30491","1":"product","2":"type-product","3":"status-publish","4":"has-post-thumbnail","6":"product_cat-a-colgantes","7":"product_tag-los-nietos-herreria","9":"first","10":"outofstock","11":"shipping-taxable","12":"purchasable","13":"product-type-simple"},"yoast_head":"<!-- This site is optimized with the Yoast SEO plugin v25.3.1 - https:\/\/yoast.com\/wordpress\/plugins\/seo\/ -->\n<title>COLGANTE 1 LUZ OXIDO 40X40CM - Tienda Rigelec<\/title>\n<meta name=\"description\" content=\"COLGANTE 1 LUZ OXIDO 40X40CM Tienda Rigelec COLGANTE 1 LUZ OXIDO 40X40CM Tienda Rigelec COLGANTE 1 LUZ OXIDO Tienda Rigelec\" \/>\n<meta name=\"robots\" content=\"index, follow, max-snippet:-1, max-image-preview:large, max-video-preview:-1\" \/>\n<link rel=\"canonical\" href=\"https:\/\/tienda.rigelec.com.ar\/?product=colgante-1-luz-oxido-2\" \/>\n<meta property=\"og:locale\" content=\"es_ES\" \/>\n<meta property=\"og:type\" content=\"article\" \/>\n<meta property=\"og:title\" content=\"COLGANTE 1 LUZ OXIDO 40X40CM - Tienda Rigelec\" \/>\n<meta property=\"og:description\" content=\"COLGANTE 1 LUZ OXIDO 40X40CM Tienda Rigelec COLGANTE 1 LUZ OXIDO 40X40CM Tienda Rigelec COLGANTE 1 LUZ OXIDO Tienda Rigelec\" \/>\n<meta property=\"og:url\" content=\"https:\/\/tienda.rigelec.com.ar\/?product=colgante-1-luz-oxido-2\" \/>\n<meta property=\"og:site_name\" content=\"Tienda Rigelec\" \/>\n<meta property=\"article:modified_time\" content=\"2026-05-01T05:01:41+00:00\" \/>\n<meta property=\"og:image\" content=\"https:\/\/tienda.rigelec.com.ar\/wp-content\/uploads\/2025\/07\/COLGANTE1LUZOXIDO.jpg\" \/>\n\t<meta property=\"og:image:width\" content=\"1080\" \/>\n\t<meta property=\"og:image:height\" content=\"1080\" \/>\n\t<meta property=\"og:image:type\" content=\"image\/jpeg\" \/>\n<meta name=\"twitter:card\" content=\"summary_large_image\" \/>\n<meta name=\"twitter:label1\" content=\"Tiempo de lectura\" \/>\n\t<meta name=\"twitter:data1\" content=\"1 minuto\" \/>\n<script type=\"application\/ld+json\" class=\"yoast-schema-graph\">{\"@context\":\"https:\/\/schema.org\",\"@graph\":[{\"@type\":\"WebPage\",\"@id\":\"https:\/\/tienda.rigelec.com.ar\/?product=colgante-1-luz-oxido-2\",\"url\":\"https:\/\/tienda.rigelec.com.ar\/?product=colgante-1-luz-oxido-2\",\"name\":\"COLGANTE 1 LUZ OXIDO 40X40CM - Tienda Rigelec\",\"isPartOf\":{\"@id\":\"https:\/\/tienda.rigelec.com.ar\/#website\"},\"primaryImageOfPage\":{\"@id\":\"https:\/\/tienda.rigelec.com.ar\/?product=colgante-1-luz-oxido-2#primaryimage\"},\"image\":{\"@id\":\"https:\/\/tienda.rigelec.com.ar\/?product=colgante-1-luz-oxido-2#primaryimage\"},\"thumbnailUrl\":\"https:\/\/tienda.rigelec.com.ar\/wp-content\/uploads\/2025\/07\/COLGANTE1LUZOXIDO.jpg\",\"datePublished\":\"2025-07-17T15:40:11+00:00\",\"dateModified\":\"2026-05-01T05:01:41+00:00\",\"description\":\"COLGANTE 1 LUZ OXIDO 40X40CM Tienda Rigelec COLGANTE 1 LUZ OXIDO 40X40CM Tienda Rigelec COLGANTE 1 LUZ OXIDO Tienda Rigelec\",\"breadcrumb\":{\"@id\":\"https:\/\/tienda.rigelec.com.ar\/?product=colgante-1-luz-oxido-2#breadcrumb\"},\"inLanguage\":\"es-AR\",\"potentialAction\":[{\"@type\":\"ReadAction\",\"target\":[\"https:\/\/tienda.rigelec.com.ar\/?product=colgante-1-luz-oxido-2\"]}]},{\"@type\":\"ImageObject\",\"inLanguage\":\"es-AR\",\"@id\":\"https:\/\/tienda.rigelec.com.ar\/?product=colgante-1-luz-oxido-2#primaryimage\",\"url\":\"https:\/\/tienda.rigelec.com.ar\/wp-content\/uploads\/2025\/07\/COLGANTE1LUZOXIDO.jpg\",\"contentUrl\":\"https:\/\/tienda.rigelec.com.ar\/wp-content\/uploads\/2025\/07\/COLGANTE1LUZOXIDO.jpg\",\"width\":1080,\"height\":1080},{\"@type\":\"BreadcrumbList\",\"@id\":\"https:\/\/tienda.rigelec.com.ar\/?product=colgante-1-luz-oxido-2#breadcrumb\",\"itemListElement\":[{\"@type\":\"ListItem\",\"position\":1,\"name\":\"Inicio\",\"item\":\"https:\/\/tienda.rigelec.com.ar\/\"},{\"@type\":\"ListItem\",\"position\":2,\"name\":\"Shop\",\"item\":\"https:\/\/tienda.rigelec.com.ar\/?page_id=12\"},{\"@type\":\"ListItem\",\"position\":3,\"name\":\"COLGANTE 1 LUZ OXIDO 40X40CM\"}]},{\"@type\":\"WebSite\",\"@id\":\"https:\/\/tienda.rigelec.com.ar\/#website\",\"url\":\"https:\/\/tienda.rigelec.com.ar\/\",\"name\":\"Tienda Rigelec\",\"description\":\"Energia en movimiento\",\"publisher\":{\"@id\":\"https:\/\/tienda.rigelec.com.ar\/#organization\"},\"potentialAction\":[{\"@type\":\"SearchAction\",\"target\":{\"@type\":\"EntryPoint\",\"urlTemplate\":\"https:\/\/tienda.rigelec.com.ar\/?s={search_term_string}\"},\"query-input\":{\"@type\":\"PropertyValueSpecification\",\"valueRequired\":true,\"valueName\":\"search_term_string\"}}],\"inLanguage\":\"es-AR\"},{\"@type\":\"Organization\",\"@id\":\"https:\/\/tienda.rigelec.com.ar\/#organization\",\"name\":\"Tienda Rigelec\",\"url\":\"https:\/\/tienda.rigelec.com.ar\/\",\"logo\":{\"@type\":\"ImageObject\",\"inLanguage\":\"es-AR\",\"@id\":\"https:\/\/tienda.rigelec.com.ar\/#\/schema\/logo\/image\/\",\"url\":\"https:\/\/tienda.rigelec.com.ar\/wp-content\/uploads\/2024\/09\/isologo-blanco-rigelec.png\",\"contentUrl\":\"https:\/\/tienda.rigelec.com.ar\/wp-content\/uploads\/2024\/09\/isologo-blanco-rigelec.png\",\"width\":94,\"height\":97,\"caption\":\"Tienda Rigelec\"},\"image\":{\"@id\":\"https:\/\/tienda.rigelec.com.ar\/#\/schema\/logo\/image\/\"}}]}<\/script>\n<!-- \/ Yoast SEO plugin. -->","yoast_head_json":{"title":"COLGANTE 1 LUZ OXIDO 40X40CM - Tienda Rigelec","description":"COLGANTE 1 LUZ OXIDO 40X40CM Tienda Rigelec COLGANTE 1 LUZ OXIDO 40X40CM Tienda Rigelec COLGANTE 1 LUZ OXIDO Tienda Rigelec","robots":{"index":"index","follow":"follow","max-snippet":"max-snippet:-1","max-image-preview":"max-image-preview:large","max-video-preview":"max-video-preview:-1"},"canonical":"https:\/\/tienda.rigelec.com.ar\/?product=colgante-1-luz-oxido-2","og_locale":"es_ES","og_type":"article","og_title":"COLGANTE 1 LUZ OXIDO 40X40CM - Tienda Rigelec","og_description":"COLGANTE 1 LUZ OXIDO 40X40CM Tienda Rigelec COLGANTE 1 LUZ OXIDO 40X40CM Tienda Rigelec COLGANTE 1 LUZ OXIDO Tienda Rigelec","og_url":"https:\/\/tienda.rigelec.com.ar\/?product=colgante-1-luz-oxido-2","og_site_name":"Tienda Rigelec","article_modified_time":"2026-05-01T05:01:41+00:00","og_image":[{"width":1080,"height":1080,"url":"https:\/\/tienda.rigelec.com.ar\/wp-content\/uploads\/2025\/07\/COLGANTE1LUZOXIDO.jpg","type":"image\/jpeg"}],"twitter_card":"summary_large_image","twitter_misc":{"Tiempo de lectura":"1 minuto"},"schema":{"@context":"https:\/\/schema.org","@graph":[{"@type":"WebPage","@id":"https:\/\/tienda.rigelec.com.ar\/?product=colgante-1-luz-oxido-2","url":"https:\/\/tienda.rigelec.com.ar\/?product=colgante-1-luz-oxido-2","name":"COLGANTE 1 LUZ OXIDO 40X40CM - Tienda Rigelec","isPartOf":{"@id":"https:\/\/tienda.rigelec.com.ar\/#website"},"primaryImageOfPage":{"@id":"https:\/\/tienda.rigelec.com.ar\/?product=colgante-1-luz-oxido-2#primaryimage"},"image":{"@id":"https:\/\/tienda.rigelec.com.ar\/?product=colgante-1-luz-oxido-2#primaryimage"},"thumbnailUrl":"https:\/\/tienda.rigelec.com.ar\/wp-content\/uploads\/2025\/07\/COLGANTE1LUZOXIDO.jpg","datePublished":"2025-07-17T15:40:11+00:00","dateModified":"2026-05-01T05:01:41+00:00","description":"COLGANTE 1 LUZ OXIDO 40X40CM Tienda Rigelec COLGANTE 1 LUZ OXIDO 40X40CM Tienda Rigelec COLGANTE 1 LUZ OXIDO Tienda Rigelec","breadcrumb":{"@id":"https:\/\/tienda.rigelec.com.ar\/?product=colgante-1-luz-oxido-2#breadcrumb"},"inLanguage":"es-AR","potentialAction":[{"@type":"ReadAction","target":["https:\/\/tienda.rigelec.com.ar\/?product=colgante-1-luz-oxido-2"]}]},{"@type":"ImageObject","inLanguage":"es-AR","@id":"https:\/\/tienda.rigelec.com.ar\/?product=colgante-1-luz-oxido-2#primaryimage","url":"https:\/\/tienda.rigelec.com.ar\/wp-content\/uploads\/2025\/07\/COLGANTE1LUZOXIDO.jpg","contentUrl":"https:\/\/tienda.rigelec.com.ar\/wp-content\/uploads\/2025\/07\/COLGANTE1LUZOXIDO.jpg","width":1080,"height":1080},{"@type":"BreadcrumbList","@id":"https:\/\/tienda.rigelec.com.ar\/?product=colgante-1-luz-oxido-2#breadcrumb","itemListElement":[{"@type":"ListItem","position":1,"name":"Inicio","item":"https:\/\/tienda.rigelec.com.ar\/"},{"@type":"ListItem","position":2,"name":"Shop","item":"https:\/\/tienda.rigelec.com.ar\/?page_id=12"},{"@type":"ListItem","position":3,"name":"COLGANTE 1 LUZ OXIDO 40X40CM"}]},{"@type":"WebSite","@id":"https:\/\/tienda.rigelec.com.ar\/#website","url":"https:\/\/tienda.rigelec.com.ar\/","name":"Tienda Rigelec","description":"Energia en movimiento","publisher":{"@id":"https:\/\/tienda.rigelec.com.ar\/#organization"},"potentialAction":[{"@type":"SearchAction","target":{"@type":"EntryPoint","urlTemplate":"https:\/\/tienda.rigelec.com.ar\/?s={search_term_string}"},"query-input":{"@type":"PropertyValueSpecification","valueRequired":true,"valueName":"search_term_string"}}],"inLanguage":"es-AR"},{"@type":"Organization","@id":"https:\/\/tienda.rigelec.com.ar\/#organization","name":"Tienda Rigelec","url":"https:\/\/tienda.rigelec.com.ar\/","logo":{"@type":"ImageObject","inLanguage":"es-AR","@id":"https:\/\/tienda.rigelec.com.ar\/#\/schema\/logo\/image\/","url":"https:\/\/tienda.rigelec.com.ar\/wp-content\/uploads\/2024\/09\/isologo-blanco-rigelec.png","contentUrl":"https:\/\/tienda.rigelec.com.ar\/wp-content\/uploads\/2024\/09\/isologo-blanco-rigelec.png","width":94,"height":97,"caption":"Tienda Rigelec"},"image":{"@id":"https:\/\/tienda.rigelec.com.ar\/#\/schema\/logo\/image\/"}}]}},"jetpack_sharing_enabled":true,"_links":{"self":[{"href":"https:\/\/tienda.rigelec.com.ar\/index.php?rest_route=\/wp\/v2\/product\/30491","targetHints":{"allow":["GET"]}}],"collection":[{"href":"https:\/\/tienda.rigelec.com.ar\/index.php?rest_route=\/wp\/v2\/product"}],"about":[{"href":"https:\/\/tienda.rigelec.com.ar\/index.php?rest_route=\/wp\/v2\/types\/product"}],"replies":[{"embeddable":true,"href":"https:\/\/tienda.rigelec.com.ar\/index.php?rest_route=%2Fwp%2Fv2%2Fcomments&post=30491"}],"wp:featuredmedia":[{"embeddable":true,"href":"https:\/\/tienda.rigelec.com.ar\/index.php?rest_route=\/wp\/v2\/media\/30492"}],"wp:attachment":[{"href":"https:\/\/tienda.rigelec.com.ar\/index.php?rest_route=%2Fwp%2Fv2%2Fmedia&parent=30491"}],"wp:term":[{"taxonomy":"product_brand","embeddable":true,"href":"https:\/\/tienda.rigelec.com.ar\/index.php?rest_route=%2Fwp%2Fv2%2Fproduct_brand&post=30491"},{"taxonomy":"product_cat","embeddable":true,"href":"https:\/\/tienda.rigelec.com.ar\/index.php?rest_route=%2Fwp%2Fv2%2Fproduct_cat&post=30491"},{"taxonomy":"product_tag","embeddable":true,"href":"https:\/\/tienda.rigelec.com.ar\/index.php?rest_route=%2Fwp%2Fv2%2Fproduct_tag&post=30491"}],"curies":[{"name":"wp","href":"https:\/\/api.w.org\/{rel}","templated":true}]}}