{"id":30503,"date":"2025-07-17T12:41:20","date_gmt":"2025-07-17T15:41:20","guid":{"rendered":"https:\/\/tienda.rigelec.com.ar\/?product=difusor-pared-reja-oxido-exterior-20x20cm"},"modified":"2026-05-12T11:00:00","modified_gmt":"2026-05-12T14:00:00","slug":"difusor-3","status":"publish","type":"product","link":"https:\/\/tienda.rigelec.com.ar\/?product=difusor-3","title":{"rendered":"DIFUSOR PARED REJA OXIDO EXTERIOR 20X20CM"},"content":{"rendered":"<p>DIFUSOR PARED REJA OXIDO<\/p>\n<p data-start=\"105\" data-end=\"163\"><strong data-start=\"105\" data-end=\"161\">DIFUSOR DE PARED CON REJA \u2013 ACABADO \u00d3XIDO \u2013 EXTERIOR<\/strong><\/p>\n<p data-start=\"165\" data-end=\"427\">Aplique de pared dise\u00f1ado para <strong data-start=\"196\" data-end=\"212\">uso exterior<\/strong>, ideal para iluminar entradas, galer\u00edas, patios y fachadas con un estilo r\u00fastico e industrial. Fabricado en <strong data-start=\"321\" data-end=\"355\">metal con acabado efecto \u00f3xido<\/strong>, ofrece resistencia a la intemperie y un toque decorativo distintivo.<\/p>\n<p data-start=\"429\" data-end=\"615\">Su <strong data-start=\"432\" data-end=\"466\">estructura con reja protectora<\/strong> deja la l\u00e1mpara a la vista, generando una iluminaci\u00f3n amplia y realzando el dise\u00f1o decorativo (especialmente con l\u00e1mparas vintage tipo filamento).<\/p>\n<p data-start=\"617\" data-end=\"649\"><strong data-start=\"617\" data-end=\"647\">Especificaciones t\u00e9cnicas:<\/strong><\/p>\n<ul data-start=\"650\" data-end=\"909\">\n<li data-start=\"650\" data-end=\"681\">\n<p data-start=\"652\" data-end=\"681\"><strong data-start=\"652\" data-end=\"668\">Dimensiones:<\/strong> 20 x 20 cm<\/p>\n<\/li>\n<li data-start=\"682\" data-end=\"723\">\n<p data-start=\"684\" data-end=\"723\"><strong data-start=\"684\" data-end=\"697\">Material:<\/strong> Metal con acabado \u00f3xido<\/p>\n<\/li>\n<li data-start=\"724\" data-end=\"764\">\n<p data-start=\"726\" data-end=\"764\"><strong data-start=\"726\" data-end=\"738\">Difusor:<\/strong> Dise\u00f1o abierto con reja<\/p>\n<\/li>\n<li data-start=\"765\" data-end=\"818\">\n<p data-start=\"767\" data-end=\"818\"><strong data-start=\"767\" data-end=\"783\">Instalaci\u00f3n:<\/strong> Pared exterior (apto intemperie)<\/p>\n<\/li>\n<li data-start=\"819\" data-end=\"862\">\n<p data-start=\"821\" data-end=\"862\"><strong data-start=\"821\" data-end=\"829\">Uso:<\/strong> L\u00e1mpara tipo E27 (no incluida)<\/p>\n<\/li>\n<li data-start=\"863\" data-end=\"909\">\n<p data-start=\"865\" data-end=\"909\"><strong data-start=\"865\" data-end=\"876\">Estilo:<\/strong> R\u00fastico \u2013 Industrial \u2013 Vintage<\/p>\n<\/li>\n<\/ul>\n<p data-start=\"911\" data-end=\"1041\">Aporta <strong data-start=\"918\" data-end=\"954\">personalidad, calidez y car\u00e1cter<\/strong> a cualquier espacio exterior, combinando funcionalidad y est\u00e9tica en una sola pieza.<\/p>\n","protected":false},"excerpt":{"rendered":"<p>DIFUSOR PARED REJA OXIDO DIFUSOR DE PARED CON REJA \u2013 ACABADO \u00d3XIDO \u2013 EXTERIOR Aplique de pared dise\u00f1ado para uso exterior, ideal para iluminar entradas, galer\u00edas, patios y fachadas con un estilo r\u00fastico e industrial. Fabricado en metal con acabado efecto \u00f3xido, ofrece resistencia a la intemperie y un toque decorativo distintivo. Su estructura con [&hellip;]<\/p>\n","protected":false},"featured_media":30504,"comment_status":"open","ping_status":"closed","template":"","meta":{"_monsterinsights_skip_tracking":false,"_monsterinsights_sitenote_active":false,"_monsterinsights_sitenote_note":"","_monsterinsights_sitenote_category":0},"product_brand":[],"product_cat":[204],"product_tag":[474],"class_list":{"0":"post-30503","1":"product","2":"type-product","3":"status-publish","4":"has-post-thumbnail","6":"product_cat-h-difusores","7":"product_tag-los-nietos-herreria","9":"first","10":"instock","11":"shipping-taxable","12":"purchasable","13":"product-type-simple"},"yoast_head":"<!-- This site is optimized with the Yoast SEO plugin v25.3.1 - https:\/\/yoast.com\/wordpress\/plugins\/seo\/ -->\n<title>DIFUSOR PARED REJA OXIDO EXTERIOR 20X20CM - Tienda Rigelec<\/title>\n<meta name=\"description\" content=\"Tienda Rigelec DIFUSOR PARED REJA OXIDO EXTERIOR 20X20CM Tienda Rigelec DIFUSOR Tienda Rigelec\" \/>\n<meta name=\"robots\" content=\"index, follow, max-snippet:-1, max-image-preview:large, max-video-preview:-1\" \/>\n<link rel=\"canonical\" href=\"https:\/\/tienda.rigelec.com.ar\/?product=difusor-3\" \/>\n<meta property=\"og:locale\" content=\"es_ES\" \/>\n<meta property=\"og:type\" content=\"article\" \/>\n<meta property=\"og:title\" content=\"DIFUSOR PARED REJA OXIDO EXTERIOR 20X20CM - Tienda Rigelec\" \/>\n<meta property=\"og:description\" content=\"Tienda Rigelec DIFUSOR PARED REJA OXIDO EXTERIOR 20X20CM Tienda Rigelec DIFUSOR Tienda Rigelec\" \/>\n<meta property=\"og:url\" content=\"https:\/\/tienda.rigelec.com.ar\/?product=difusor-3\" \/>\n<meta property=\"og:site_name\" content=\"Tienda Rigelec\" \/>\n<meta property=\"article:modified_time\" content=\"2026-05-12T14:00:00+00:00\" \/>\n<meta property=\"og:image\" content=\"https:\/\/tienda.rigelec.com.ar\/wp-content\/uploads\/2025\/07\/DIFUSORPAREDREJAOXIDO.jpg\" \/>\n\t<meta property=\"og:image:width\" content=\"1080\" \/>\n\t<meta property=\"og:image:height\" content=\"1080\" \/>\n\t<meta property=\"og:image:type\" content=\"image\/jpeg\" \/>\n<meta name=\"twitter:card\" content=\"summary_large_image\" \/>\n<meta name=\"twitter:label1\" content=\"Tiempo de lectura\" \/>\n\t<meta name=\"twitter:data1\" content=\"1 minuto\" \/>\n<script type=\"application\/ld+json\" class=\"yoast-schema-graph\">{\"@context\":\"https:\/\/schema.org\",\"@graph\":[{\"@type\":\"WebPage\",\"@id\":\"https:\/\/tienda.rigelec.com.ar\/?product=difusor-3\",\"url\":\"https:\/\/tienda.rigelec.com.ar\/?product=difusor-3\",\"name\":\"DIFUSOR PARED REJA OXIDO EXTERIOR 20X20CM - Tienda Rigelec\",\"isPartOf\":{\"@id\":\"https:\/\/tienda.rigelec.com.ar\/#website\"},\"primaryImageOfPage\":{\"@id\":\"https:\/\/tienda.rigelec.com.ar\/?product=difusor-3#primaryimage\"},\"image\":{\"@id\":\"https:\/\/tienda.rigelec.com.ar\/?product=difusor-3#primaryimage\"},\"thumbnailUrl\":\"https:\/\/tienda.rigelec.com.ar\/wp-content\/uploads\/2025\/07\/DIFUSORPAREDREJAOXIDO.jpg\",\"datePublished\":\"2025-07-17T15:41:20+00:00\",\"dateModified\":\"2026-05-12T14:00:00+00:00\",\"description\":\"Tienda Rigelec DIFUSOR PARED REJA OXIDO EXTERIOR 20X20CM Tienda Rigelec DIFUSOR Tienda Rigelec\",\"breadcrumb\":{\"@id\":\"https:\/\/tienda.rigelec.com.ar\/?product=difusor-3#breadcrumb\"},\"inLanguage\":\"es-AR\",\"potentialAction\":[{\"@type\":\"ReadAction\",\"target\":[\"https:\/\/tienda.rigelec.com.ar\/?product=difusor-3\"]}]},{\"@type\":\"ImageObject\",\"inLanguage\":\"es-AR\",\"@id\":\"https:\/\/tienda.rigelec.com.ar\/?product=difusor-3#primaryimage\",\"url\":\"https:\/\/tienda.rigelec.com.ar\/wp-content\/uploads\/2025\/07\/DIFUSORPAREDREJAOXIDO.jpg\",\"contentUrl\":\"https:\/\/tienda.rigelec.com.ar\/wp-content\/uploads\/2025\/07\/DIFUSORPAREDREJAOXIDO.jpg\",\"width\":1080,\"height\":1080},{\"@type\":\"BreadcrumbList\",\"@id\":\"https:\/\/tienda.rigelec.com.ar\/?product=difusor-3#breadcrumb\",\"itemListElement\":[{\"@type\":\"ListItem\",\"position\":1,\"name\":\"Inicio\",\"item\":\"https:\/\/tienda.rigelec.com.ar\/\"},{\"@type\":\"ListItem\",\"position\":2,\"name\":\"Shop\",\"item\":\"https:\/\/tienda.rigelec.com.ar\/?page_id=12\"},{\"@type\":\"ListItem\",\"position\":3,\"name\":\"DIFUSOR PARED REJA OXIDO EXTERIOR 20X20CM\"}]},{\"@type\":\"WebSite\",\"@id\":\"https:\/\/tienda.rigelec.com.ar\/#website\",\"url\":\"https:\/\/tienda.rigelec.com.ar\/\",\"name\":\"Tienda Rigelec\",\"description\":\"Energia en movimiento\",\"publisher\":{\"@id\":\"https:\/\/tienda.rigelec.com.ar\/#organization\"},\"potentialAction\":[{\"@type\":\"SearchAction\",\"target\":{\"@type\":\"EntryPoint\",\"urlTemplate\":\"https:\/\/tienda.rigelec.com.ar\/?s={search_term_string}\"},\"query-input\":{\"@type\":\"PropertyValueSpecification\",\"valueRequired\":true,\"valueName\":\"search_term_string\"}}],\"inLanguage\":\"es-AR\"},{\"@type\":\"Organization\",\"@id\":\"https:\/\/tienda.rigelec.com.ar\/#organization\",\"name\":\"Tienda Rigelec\",\"url\":\"https:\/\/tienda.rigelec.com.ar\/\",\"logo\":{\"@type\":\"ImageObject\",\"inLanguage\":\"es-AR\",\"@id\":\"https:\/\/tienda.rigelec.com.ar\/#\/schema\/logo\/image\/\",\"url\":\"https:\/\/tienda.rigelec.com.ar\/wp-content\/uploads\/2024\/09\/isologo-blanco-rigelec.png\",\"contentUrl\":\"https:\/\/tienda.rigelec.com.ar\/wp-content\/uploads\/2024\/09\/isologo-blanco-rigelec.png\",\"width\":94,\"height\":97,\"caption\":\"Tienda Rigelec\"},\"image\":{\"@id\":\"https:\/\/tienda.rigelec.com.ar\/#\/schema\/logo\/image\/\"}}]}<\/script>\n<!-- \/ Yoast SEO plugin. -->","yoast_head_json":{"title":"DIFUSOR PARED REJA OXIDO EXTERIOR 20X20CM - Tienda Rigelec","description":"Tienda Rigelec DIFUSOR PARED REJA OXIDO EXTERIOR 20X20CM Tienda Rigelec DIFUSOR Tienda Rigelec","robots":{"index":"index","follow":"follow","max-snippet":"max-snippet:-1","max-image-preview":"max-image-preview:large","max-video-preview":"max-video-preview:-1"},"canonical":"https:\/\/tienda.rigelec.com.ar\/?product=difusor-3","og_locale":"es_ES","og_type":"article","og_title":"DIFUSOR PARED REJA OXIDO EXTERIOR 20X20CM - Tienda Rigelec","og_description":"Tienda Rigelec DIFUSOR PARED REJA OXIDO EXTERIOR 20X20CM Tienda Rigelec DIFUSOR Tienda Rigelec","og_url":"https:\/\/tienda.rigelec.com.ar\/?product=difusor-3","og_site_name":"Tienda Rigelec","article_modified_time":"2026-05-12T14:00:00+00:00","og_image":[{"width":1080,"height":1080,"url":"https:\/\/tienda.rigelec.com.ar\/wp-content\/uploads\/2025\/07\/DIFUSORPAREDREJAOXIDO.jpg","type":"image\/jpeg"}],"twitter_card":"summary_large_image","twitter_misc":{"Tiempo de lectura":"1 minuto"},"schema":{"@context":"https:\/\/schema.org","@graph":[{"@type":"WebPage","@id":"https:\/\/tienda.rigelec.com.ar\/?product=difusor-3","url":"https:\/\/tienda.rigelec.com.ar\/?product=difusor-3","name":"DIFUSOR PARED REJA OXIDO EXTERIOR 20X20CM - Tienda Rigelec","isPartOf":{"@id":"https:\/\/tienda.rigelec.com.ar\/#website"},"primaryImageOfPage":{"@id":"https:\/\/tienda.rigelec.com.ar\/?product=difusor-3#primaryimage"},"image":{"@id":"https:\/\/tienda.rigelec.com.ar\/?product=difusor-3#primaryimage"},"thumbnailUrl":"https:\/\/tienda.rigelec.com.ar\/wp-content\/uploads\/2025\/07\/DIFUSORPAREDREJAOXIDO.jpg","datePublished":"2025-07-17T15:41:20+00:00","dateModified":"2026-05-12T14:00:00+00:00","description":"Tienda Rigelec DIFUSOR PARED REJA OXIDO EXTERIOR 20X20CM Tienda Rigelec DIFUSOR Tienda Rigelec","breadcrumb":{"@id":"https:\/\/tienda.rigelec.com.ar\/?product=difusor-3#breadcrumb"},"inLanguage":"es-AR","potentialAction":[{"@type":"ReadAction","target":["https:\/\/tienda.rigelec.com.ar\/?product=difusor-3"]}]},{"@type":"ImageObject","inLanguage":"es-AR","@id":"https:\/\/tienda.rigelec.com.ar\/?product=difusor-3#primaryimage","url":"https:\/\/tienda.rigelec.com.ar\/wp-content\/uploads\/2025\/07\/DIFUSORPAREDREJAOXIDO.jpg","contentUrl":"https:\/\/tienda.rigelec.com.ar\/wp-content\/uploads\/2025\/07\/DIFUSORPAREDREJAOXIDO.jpg","width":1080,"height":1080},{"@type":"BreadcrumbList","@id":"https:\/\/tienda.rigelec.com.ar\/?product=difusor-3#breadcrumb","itemListElement":[{"@type":"ListItem","position":1,"name":"Inicio","item":"https:\/\/tienda.rigelec.com.ar\/"},{"@type":"ListItem","position":2,"name":"Shop","item":"https:\/\/tienda.rigelec.com.ar\/?page_id=12"},{"@type":"ListItem","position":3,"name":"DIFUSOR PARED REJA OXIDO EXTERIOR 20X20CM"}]},{"@type":"WebSite","@id":"https:\/\/tienda.rigelec.com.ar\/#website","url":"https:\/\/tienda.rigelec.com.ar\/","name":"Tienda Rigelec","description":"Energia en movimiento","publisher":{"@id":"https:\/\/tienda.rigelec.com.ar\/#organization"},"potentialAction":[{"@type":"SearchAction","target":{"@type":"EntryPoint","urlTemplate":"https:\/\/tienda.rigelec.com.ar\/?s={search_term_string}"},"query-input":{"@type":"PropertyValueSpecification","valueRequired":true,"valueName":"search_term_string"}}],"inLanguage":"es-AR"},{"@type":"Organization","@id":"https:\/\/tienda.rigelec.com.ar\/#organization","name":"Tienda Rigelec","url":"https:\/\/tienda.rigelec.com.ar\/","logo":{"@type":"ImageObject","inLanguage":"es-AR","@id":"https:\/\/tienda.rigelec.com.ar\/#\/schema\/logo\/image\/","url":"https:\/\/tienda.rigelec.com.ar\/wp-content\/uploads\/2024\/09\/isologo-blanco-rigelec.png","contentUrl":"https:\/\/tienda.rigelec.com.ar\/wp-content\/uploads\/2024\/09\/isologo-blanco-rigelec.png","width":94,"height":97,"caption":"Tienda Rigelec"},"image":{"@id":"https:\/\/tienda.rigelec.com.ar\/#\/schema\/logo\/image\/"}}]}},"jetpack_sharing_enabled":true,"_links":{"self":[{"href":"https:\/\/tienda.rigelec.com.ar\/index.php?rest_route=\/wp\/v2\/product\/30503","targetHints":{"allow":["GET"]}}],"collection":[{"href":"https:\/\/tienda.rigelec.com.ar\/index.php?rest_route=\/wp\/v2\/product"}],"about":[{"href":"https:\/\/tienda.rigelec.com.ar\/index.php?rest_route=\/wp\/v2\/types\/product"}],"replies":[{"embeddable":true,"href":"https:\/\/tienda.rigelec.com.ar\/index.php?rest_route=%2Fwp%2Fv2%2Fcomments&post=30503"}],"wp:featuredmedia":[{"embeddable":true,"href":"https:\/\/tienda.rigelec.com.ar\/index.php?rest_route=\/wp\/v2\/media\/30504"}],"wp:attachment":[{"href":"https:\/\/tienda.rigelec.com.ar\/index.php?rest_route=%2Fwp%2Fv2%2Fmedia&parent=30503"}],"wp:term":[{"taxonomy":"product_brand","embeddable":true,"href":"https:\/\/tienda.rigelec.com.ar\/index.php?rest_route=%2Fwp%2Fv2%2Fproduct_brand&post=30503"},{"taxonomy":"product_cat","embeddable":true,"href":"https:\/\/tienda.rigelec.com.ar\/index.php?rest_route=%2Fwp%2Fv2%2Fproduct_cat&post=30503"},{"taxonomy":"product_tag","embeddable":true,"href":"https:\/\/tienda.rigelec.com.ar\/index.php?rest_route=%2Fwp%2Fv2%2Fproduct_tag&post=30503"}],"curies":[{"name":"wp","href":"https:\/\/api.w.org\/{rel}","templated":true}]}}