{"id":30511,"date":"2025-07-17T12:41:25","date_gmt":"2025-07-17T15:41:25","guid":{"rendered":"https:\/\/tienda.rigelec.com.ar\/?product=difusor-pared-rectangular-vidrio-oxido-exterior-15x25x13xcm"},"modified":"2026-05-01T02:02:44","modified_gmt":"2026-05-01T05:02:44","slug":"difusor-pared-rectangular-vidrio-oxido","status":"publish","type":"product","link":"https:\/\/tienda.rigelec.com.ar\/?product=difusor-pared-rectangular-vidrio-oxido","title":{"rendered":"DIFUSOR PARED RECTANGULAR VIDRIO OXIDO EXTERIOR 15X25X13XCM"},"content":{"rendered":"<p>DIFUSOR PARED RECTANGULAR VIDRIO OXIDO<\/p>\n<p data-start=\"91\" data-end=\"159\"><strong data-start=\"91\" data-end=\"157\">DIFUSOR DE PARED RECTANGULAR VIDRIO \u2013 ACABADO \u00d3XIDO \u2013 EXTERIOR<\/strong><\/p>\n<p data-start=\"161\" data-end=\"399\">Aplique de pared rectangular para <strong data-start=\"195\" data-end=\"207\">exterior<\/strong>, ideal para iluminaci\u00f3n decorativa y funcional en galer\u00edas, patios, entradas o fachadas. Fabricado con estructura resistente y acabado <strong data-start=\"343\" data-end=\"359\">efecto \u00f3xido<\/strong>, aporta un estilo r\u00fastico y elegante.<\/p>\n<p data-start=\"401\" data-end=\"562\">Cuenta con <strong data-start=\"412\" data-end=\"446\">paneles de vidrio transparente<\/strong> que protegen la l\u00e1mpara y permiten una \u00f3ptima dispersi\u00f3n de la luz, brindando calidez y seguridad a los espacios.<\/p>\n<p data-start=\"564\" data-end=\"596\"><strong data-start=\"564\" data-end=\"594\">Especificaciones t\u00e9cnicas:<\/strong><\/p>\n<ul data-start=\"597\" data-end=\"857\">\n<li data-start=\"597\" data-end=\"633\">\n<p data-start=\"599\" data-end=\"633\"><strong data-start=\"599\" data-end=\"615\">Dimensiones:<\/strong> 15 x 25 x 13 cm<\/p>\n<\/li>\n<li data-start=\"634\" data-end=\"675\">\n<p data-start=\"636\" data-end=\"675\"><strong data-start=\"636\" data-end=\"649\">Material:<\/strong> Metal con acabado \u00f3xido<\/p>\n<\/li>\n<li data-start=\"676\" data-end=\"712\">\n<p data-start=\"678\" data-end=\"712\"><strong data-start=\"678\" data-end=\"690\">Difusor:<\/strong> Vidrio transparente<\/p>\n<\/li>\n<li data-start=\"713\" data-end=\"766\">\n<p data-start=\"715\" data-end=\"766\"><strong data-start=\"715\" data-end=\"731\">Instalaci\u00f3n:<\/strong> Pared exterior (apto intemperie)<\/p>\n<\/li>\n<li data-start=\"767\" data-end=\"810\">\n<p data-start=\"769\" data-end=\"810\"><strong data-start=\"769\" data-end=\"777\">Uso:<\/strong> L\u00e1mpara tipo E27 (no incluida)<\/p>\n<\/li>\n<li data-start=\"811\" data-end=\"857\">\n<p data-start=\"813\" data-end=\"857\"><strong data-start=\"813\" data-end=\"824\">Estilo:<\/strong> R\u00fastico \u2013 Vintage \u2013 Industrial<\/p>\n<\/li>\n<\/ul>\n<p data-start=\"859\" data-end=\"992\">Perfecto para complementar la est\u00e9tica de ambientes exteriores, combinando <strong data-start=\"934\" data-end=\"965\">resistencia a la intemperie<\/strong> con un dise\u00f1o atractivo.<\/p>\n","protected":false},"excerpt":{"rendered":"<p>DIFUSOR PARED RECTANGULAR VIDRIO OXIDO DIFUSOR DE PARED RECTANGULAR VIDRIO \u2013 ACABADO \u00d3XIDO \u2013 EXTERIOR Aplique de pared rectangular para exterior, ideal para iluminaci\u00f3n decorativa y funcional en galer\u00edas, patios, entradas o fachadas. Fabricado con estructura resistente y acabado efecto \u00f3xido, aporta un estilo r\u00fastico y elegante. Cuenta con paneles de vidrio transparente que protegen [&hellip;]<\/p>\n","protected":false},"featured_media":30512,"comment_status":"open","ping_status":"closed","template":"","meta":{"_monsterinsights_skip_tracking":false,"_monsterinsights_sitenote_active":false,"_monsterinsights_sitenote_note":"","_monsterinsights_sitenote_category":0},"product_brand":[],"product_cat":[204],"product_tag":[474],"class_list":{"0":"post-30511","1":"product","2":"type-product","3":"status-publish","4":"has-post-thumbnail","6":"product_cat-h-difusores","7":"product_tag-los-nietos-herreria","9":"first","10":"instock","11":"shipping-taxable","12":"purchasable","13":"product-type-simple"},"yoast_head":"<!-- This site is optimized with the Yoast SEO plugin v25.3.1 - https:\/\/yoast.com\/wordpress\/plugins\/seo\/ -->\n<title>DIFUSOR PARED RECTANGULAR VIDRIO OXIDO EXTERIOR 15X25X13XCM - Tienda Rigelec<\/title>\n<meta name=\"description\" content=\"DIFUSOR PARED RECTANGULAR VIDRIO OXIDO EXTERIOR 15X25X13XCM Tienda Rigelec DIFUSOR PARED RECTANGULAR VIDRIO OXIDO EXTERIOR 15X25X13XCM Tienda Rigelec\" \/>\n<meta name=\"robots\" content=\"index, follow, max-snippet:-1, max-image-preview:large, max-video-preview:-1\" \/>\n<link rel=\"canonical\" href=\"https:\/\/tienda.rigelec.com.ar\/?product=difusor-pared-rectangular-vidrio-oxido\" \/>\n<meta property=\"og:locale\" content=\"es_ES\" \/>\n<meta property=\"og:type\" content=\"article\" \/>\n<meta property=\"og:title\" content=\"DIFUSOR PARED RECTANGULAR VIDRIO OXIDO EXTERIOR 15X25X13XCM - Tienda Rigelec\" \/>\n<meta property=\"og:description\" content=\"DIFUSOR PARED RECTANGULAR VIDRIO OXIDO EXTERIOR 15X25X13XCM Tienda Rigelec DIFUSOR PARED RECTANGULAR VIDRIO OXIDO EXTERIOR 15X25X13XCM Tienda Rigelec\" \/>\n<meta property=\"og:url\" content=\"https:\/\/tienda.rigelec.com.ar\/?product=difusor-pared-rectangular-vidrio-oxido\" \/>\n<meta property=\"og:site_name\" content=\"Tienda Rigelec\" \/>\n<meta property=\"article:modified_time\" content=\"2026-05-01T05:02:44+00:00\" \/>\n<meta property=\"og:image\" content=\"https:\/\/tienda.rigelec.com.ar\/wp-content\/uploads\/2025\/07\/DIFUSORPAREDRECTANGULARVIDRIOOXIDO.jpg\" \/>\n\t<meta property=\"og:image:width\" content=\"1080\" \/>\n\t<meta property=\"og:image:height\" content=\"1080\" \/>\n\t<meta property=\"og:image:type\" content=\"image\/jpeg\" \/>\n<meta name=\"twitter:card\" content=\"summary_large_image\" \/>\n<meta name=\"twitter:label1\" content=\"Tiempo de lectura\" \/>\n\t<meta name=\"twitter:data1\" content=\"1 minuto\" \/>\n<script type=\"application\/ld+json\" class=\"yoast-schema-graph\">{\"@context\":\"https:\/\/schema.org\",\"@graph\":[{\"@type\":\"WebPage\",\"@id\":\"https:\/\/tienda.rigelec.com.ar\/?product=difusor-pared-rectangular-vidrio-oxido\",\"url\":\"https:\/\/tienda.rigelec.com.ar\/?product=difusor-pared-rectangular-vidrio-oxido\",\"name\":\"DIFUSOR PARED RECTANGULAR VIDRIO OXIDO EXTERIOR 15X25X13XCM - Tienda Rigelec\",\"isPartOf\":{\"@id\":\"https:\/\/tienda.rigelec.com.ar\/#website\"},\"primaryImageOfPage\":{\"@id\":\"https:\/\/tienda.rigelec.com.ar\/?product=difusor-pared-rectangular-vidrio-oxido#primaryimage\"},\"image\":{\"@id\":\"https:\/\/tienda.rigelec.com.ar\/?product=difusor-pared-rectangular-vidrio-oxido#primaryimage\"},\"thumbnailUrl\":\"https:\/\/tienda.rigelec.com.ar\/wp-content\/uploads\/2025\/07\/DIFUSORPAREDRECTANGULARVIDRIOOXIDO.jpg\",\"datePublished\":\"2025-07-17T15:41:25+00:00\",\"dateModified\":\"2026-05-01T05:02:44+00:00\",\"description\":\"DIFUSOR PARED RECTANGULAR VIDRIO OXIDO EXTERIOR 15X25X13XCM Tienda Rigelec DIFUSOR PARED RECTANGULAR VIDRIO OXIDO EXTERIOR 15X25X13XCM Tienda Rigelec\",\"breadcrumb\":{\"@id\":\"https:\/\/tienda.rigelec.com.ar\/?product=difusor-pared-rectangular-vidrio-oxido#breadcrumb\"},\"inLanguage\":\"es-AR\",\"potentialAction\":[{\"@type\":\"ReadAction\",\"target\":[\"https:\/\/tienda.rigelec.com.ar\/?product=difusor-pared-rectangular-vidrio-oxido\"]}]},{\"@type\":\"ImageObject\",\"inLanguage\":\"es-AR\",\"@id\":\"https:\/\/tienda.rigelec.com.ar\/?product=difusor-pared-rectangular-vidrio-oxido#primaryimage\",\"url\":\"https:\/\/tienda.rigelec.com.ar\/wp-content\/uploads\/2025\/07\/DIFUSORPAREDRECTANGULARVIDRIOOXIDO.jpg\",\"contentUrl\":\"https:\/\/tienda.rigelec.com.ar\/wp-content\/uploads\/2025\/07\/DIFUSORPAREDRECTANGULARVIDRIOOXIDO.jpg\",\"width\":1080,\"height\":1080},{\"@type\":\"BreadcrumbList\",\"@id\":\"https:\/\/tienda.rigelec.com.ar\/?product=difusor-pared-rectangular-vidrio-oxido#breadcrumb\",\"itemListElement\":[{\"@type\":\"ListItem\",\"position\":1,\"name\":\"Inicio\",\"item\":\"https:\/\/tienda.rigelec.com.ar\/\"},{\"@type\":\"ListItem\",\"position\":2,\"name\":\"Shop\",\"item\":\"https:\/\/tienda.rigelec.com.ar\/?page_id=12\"},{\"@type\":\"ListItem\",\"position\":3,\"name\":\"DIFUSOR PARED RECTANGULAR VIDRIO OXIDO EXTERIOR 15X25X13XCM\"}]},{\"@type\":\"WebSite\",\"@id\":\"https:\/\/tienda.rigelec.com.ar\/#website\",\"url\":\"https:\/\/tienda.rigelec.com.ar\/\",\"name\":\"Tienda Rigelec\",\"description\":\"Energia en movimiento\",\"publisher\":{\"@id\":\"https:\/\/tienda.rigelec.com.ar\/#organization\"},\"potentialAction\":[{\"@type\":\"SearchAction\",\"target\":{\"@type\":\"EntryPoint\",\"urlTemplate\":\"https:\/\/tienda.rigelec.com.ar\/?s={search_term_string}\"},\"query-input\":{\"@type\":\"PropertyValueSpecification\",\"valueRequired\":true,\"valueName\":\"search_term_string\"}}],\"inLanguage\":\"es-AR\"},{\"@type\":\"Organization\",\"@id\":\"https:\/\/tienda.rigelec.com.ar\/#organization\",\"name\":\"Tienda Rigelec\",\"url\":\"https:\/\/tienda.rigelec.com.ar\/\",\"logo\":{\"@type\":\"ImageObject\",\"inLanguage\":\"es-AR\",\"@id\":\"https:\/\/tienda.rigelec.com.ar\/#\/schema\/logo\/image\/\",\"url\":\"https:\/\/tienda.rigelec.com.ar\/wp-content\/uploads\/2024\/09\/isologo-blanco-rigelec.png\",\"contentUrl\":\"https:\/\/tienda.rigelec.com.ar\/wp-content\/uploads\/2024\/09\/isologo-blanco-rigelec.png\",\"width\":94,\"height\":97,\"caption\":\"Tienda Rigelec\"},\"image\":{\"@id\":\"https:\/\/tienda.rigelec.com.ar\/#\/schema\/logo\/image\/\"}}]}<\/script>\n<!-- \/ Yoast SEO plugin. -->","yoast_head_json":{"title":"DIFUSOR PARED RECTANGULAR VIDRIO OXIDO EXTERIOR 15X25X13XCM - Tienda Rigelec","description":"DIFUSOR PARED RECTANGULAR VIDRIO OXIDO EXTERIOR 15X25X13XCM Tienda Rigelec DIFUSOR PARED RECTANGULAR VIDRIO OXIDO EXTERIOR 15X25X13XCM Tienda Rigelec","robots":{"index":"index","follow":"follow","max-snippet":"max-snippet:-1","max-image-preview":"max-image-preview:large","max-video-preview":"max-video-preview:-1"},"canonical":"https:\/\/tienda.rigelec.com.ar\/?product=difusor-pared-rectangular-vidrio-oxido","og_locale":"es_ES","og_type":"article","og_title":"DIFUSOR PARED RECTANGULAR VIDRIO OXIDO EXTERIOR 15X25X13XCM - Tienda Rigelec","og_description":"DIFUSOR PARED RECTANGULAR VIDRIO OXIDO EXTERIOR 15X25X13XCM Tienda Rigelec DIFUSOR PARED RECTANGULAR VIDRIO OXIDO EXTERIOR 15X25X13XCM Tienda Rigelec","og_url":"https:\/\/tienda.rigelec.com.ar\/?product=difusor-pared-rectangular-vidrio-oxido","og_site_name":"Tienda Rigelec","article_modified_time":"2026-05-01T05:02:44+00:00","og_image":[{"width":1080,"height":1080,"url":"https:\/\/tienda.rigelec.com.ar\/wp-content\/uploads\/2025\/07\/DIFUSORPAREDRECTANGULARVIDRIOOXIDO.jpg","type":"image\/jpeg"}],"twitter_card":"summary_large_image","twitter_misc":{"Tiempo de lectura":"1 minuto"},"schema":{"@context":"https:\/\/schema.org","@graph":[{"@type":"WebPage","@id":"https:\/\/tienda.rigelec.com.ar\/?product=difusor-pared-rectangular-vidrio-oxido","url":"https:\/\/tienda.rigelec.com.ar\/?product=difusor-pared-rectangular-vidrio-oxido","name":"DIFUSOR PARED RECTANGULAR VIDRIO OXIDO EXTERIOR 15X25X13XCM - Tienda Rigelec","isPartOf":{"@id":"https:\/\/tienda.rigelec.com.ar\/#website"},"primaryImageOfPage":{"@id":"https:\/\/tienda.rigelec.com.ar\/?product=difusor-pared-rectangular-vidrio-oxido#primaryimage"},"image":{"@id":"https:\/\/tienda.rigelec.com.ar\/?product=difusor-pared-rectangular-vidrio-oxido#primaryimage"},"thumbnailUrl":"https:\/\/tienda.rigelec.com.ar\/wp-content\/uploads\/2025\/07\/DIFUSORPAREDRECTANGULARVIDRIOOXIDO.jpg","datePublished":"2025-07-17T15:41:25+00:00","dateModified":"2026-05-01T05:02:44+00:00","description":"DIFUSOR PARED RECTANGULAR VIDRIO OXIDO EXTERIOR 15X25X13XCM Tienda Rigelec DIFUSOR PARED RECTANGULAR VIDRIO OXIDO EXTERIOR 15X25X13XCM Tienda Rigelec","breadcrumb":{"@id":"https:\/\/tienda.rigelec.com.ar\/?product=difusor-pared-rectangular-vidrio-oxido#breadcrumb"},"inLanguage":"es-AR","potentialAction":[{"@type":"ReadAction","target":["https:\/\/tienda.rigelec.com.ar\/?product=difusor-pared-rectangular-vidrio-oxido"]}]},{"@type":"ImageObject","inLanguage":"es-AR","@id":"https:\/\/tienda.rigelec.com.ar\/?product=difusor-pared-rectangular-vidrio-oxido#primaryimage","url":"https:\/\/tienda.rigelec.com.ar\/wp-content\/uploads\/2025\/07\/DIFUSORPAREDRECTANGULARVIDRIOOXIDO.jpg","contentUrl":"https:\/\/tienda.rigelec.com.ar\/wp-content\/uploads\/2025\/07\/DIFUSORPAREDRECTANGULARVIDRIOOXIDO.jpg","width":1080,"height":1080},{"@type":"BreadcrumbList","@id":"https:\/\/tienda.rigelec.com.ar\/?product=difusor-pared-rectangular-vidrio-oxido#breadcrumb","itemListElement":[{"@type":"ListItem","position":1,"name":"Inicio","item":"https:\/\/tienda.rigelec.com.ar\/"},{"@type":"ListItem","position":2,"name":"Shop","item":"https:\/\/tienda.rigelec.com.ar\/?page_id=12"},{"@type":"ListItem","position":3,"name":"DIFUSOR PARED RECTANGULAR VIDRIO OXIDO EXTERIOR 15X25X13XCM"}]},{"@type":"WebSite","@id":"https:\/\/tienda.rigelec.com.ar\/#website","url":"https:\/\/tienda.rigelec.com.ar\/","name":"Tienda Rigelec","description":"Energia en movimiento","publisher":{"@id":"https:\/\/tienda.rigelec.com.ar\/#organization"},"potentialAction":[{"@type":"SearchAction","target":{"@type":"EntryPoint","urlTemplate":"https:\/\/tienda.rigelec.com.ar\/?s={search_term_string}"},"query-input":{"@type":"PropertyValueSpecification","valueRequired":true,"valueName":"search_term_string"}}],"inLanguage":"es-AR"},{"@type":"Organization","@id":"https:\/\/tienda.rigelec.com.ar\/#organization","name":"Tienda Rigelec","url":"https:\/\/tienda.rigelec.com.ar\/","logo":{"@type":"ImageObject","inLanguage":"es-AR","@id":"https:\/\/tienda.rigelec.com.ar\/#\/schema\/logo\/image\/","url":"https:\/\/tienda.rigelec.com.ar\/wp-content\/uploads\/2024\/09\/isologo-blanco-rigelec.png","contentUrl":"https:\/\/tienda.rigelec.com.ar\/wp-content\/uploads\/2024\/09\/isologo-blanco-rigelec.png","width":94,"height":97,"caption":"Tienda Rigelec"},"image":{"@id":"https:\/\/tienda.rigelec.com.ar\/#\/schema\/logo\/image\/"}}]}},"jetpack_sharing_enabled":true,"_links":{"self":[{"href":"https:\/\/tienda.rigelec.com.ar\/index.php?rest_route=\/wp\/v2\/product\/30511","targetHints":{"allow":["GET"]}}],"collection":[{"href":"https:\/\/tienda.rigelec.com.ar\/index.php?rest_route=\/wp\/v2\/product"}],"about":[{"href":"https:\/\/tienda.rigelec.com.ar\/index.php?rest_route=\/wp\/v2\/types\/product"}],"replies":[{"embeddable":true,"href":"https:\/\/tienda.rigelec.com.ar\/index.php?rest_route=%2Fwp%2Fv2%2Fcomments&post=30511"}],"wp:featuredmedia":[{"embeddable":true,"href":"https:\/\/tienda.rigelec.com.ar\/index.php?rest_route=\/wp\/v2\/media\/30512"}],"wp:attachment":[{"href":"https:\/\/tienda.rigelec.com.ar\/index.php?rest_route=%2Fwp%2Fv2%2Fmedia&parent=30511"}],"wp:term":[{"taxonomy":"product_brand","embeddable":true,"href":"https:\/\/tienda.rigelec.com.ar\/index.php?rest_route=%2Fwp%2Fv2%2Fproduct_brand&post=30511"},{"taxonomy":"product_cat","embeddable":true,"href":"https:\/\/tienda.rigelec.com.ar\/index.php?rest_route=%2Fwp%2Fv2%2Fproduct_cat&post=30511"},{"taxonomy":"product_tag","embeddable":true,"href":"https:\/\/tienda.rigelec.com.ar\/index.php?rest_route=%2Fwp%2Fv2%2Fproduct_tag&post=30511"}],"curies":[{"name":"wp","href":"https:\/\/api.w.org\/{rel}","templated":true}]}}