{"id":30667,"date":"2025-07-25T13:05:24","date_gmt":"2025-07-25T16:05:24","guid":{"rendered":"https:\/\/tienda.rigelec.com.ar\/?product=acople-con-buloneria-articulado-renovatio-3-8w"},"modified":"2026-05-01T02:09:15","modified_gmt":"2026-05-01T05:09:15","slug":"acople-con-buloneria-articulado-renovatio-3-8w","status":"publish","type":"product","link":"https:\/\/tienda.rigelec.com.ar\/?product=acople-con-buloneria-articulado-renovatio-3-8w","title":{"rendered":"ACOPLE CON BULONERIA ARTICULADO RENOVATIO 3\/8W&#8221;"},"content":{"rendered":"<p>ACOPLE CON BULONERIA ARTICULADO<\/p>\n","protected":false},"excerpt":{"rendered":"<p>ncluye 4 tornillos cuello cuadrado autoencastrante y 4 tuercas flange 3\/8 W\u0094. La buloneria se provee en terminaci\u00f3n cincado. La uni\u00f3n mediante tornillos garantiza rigidez y es de vital importancia en la continuidad el\u00e9ctrica entre tramo y tramo. * Zingrip. * Galvanizado por inmersi\u00f3n en caliente. 70 micrones m\u00ednimo certificado.<\/p>\n","protected":false},"featured_media":30668,"comment_status":"open","ping_status":"closed","template":"","meta":{"_monsterinsights_skip_tracking":false,"_monsterinsights_sitenote_active":false,"_monsterinsights_sitenote_note":"","_monsterinsights_sitenote_category":0},"product_brand":[],"product_cat":[294],"product_tag":[124],"class_list":{"0":"post-30667","1":"product","2":"type-product","3":"status-publish","4":"has-post-thumbnail","6":"product_cat-d-bandejas-portacables","7":"product_tag-elece","9":"first","10":"outofstock","11":"shipping-taxable","12":"purchasable","13":"product-type-simple"},"yoast_head":"<!-- This site is optimized with the Yoast SEO plugin v25.3.1 - https:\/\/yoast.com\/wordpress\/plugins\/seo\/ -->\n<title>ACOPLE CON BULONERIA ARTICULADO RENOVATIO 3\/8W&quot; - Tienda Rigelec<\/title>\n<meta name=\"robots\" content=\"index, follow, max-snippet:-1, max-image-preview:large, max-video-preview:-1\" \/>\n<link rel=\"canonical\" href=\"https:\/\/tienda.rigelec.com.ar\/?product=acople-con-buloneria-articulado-renovatio-3-8w\" \/>\n<meta property=\"og:locale\" content=\"es_ES\" \/>\n<meta property=\"og:type\" content=\"article\" \/>\n<meta property=\"og:title\" content=\"ACOPLE CON BULONERIA ARTICULADO RENOVATIO 3\/8W&quot; - Tienda Rigelec\" \/>\n<meta property=\"og:description\" content=\"ncluye 4 tornillos cuello cuadrado autoencastrante y 4 tuercas flange 3\/8 W\u0094. La buloneria se provee en terminaci\u00f3n cincado. La uni\u00f3n mediante tornillos garantiza rigidez y es de vital importancia en la continuidad el\u00e9ctrica entre tramo y tramo. * Zingrip. * Galvanizado por inmersi\u00f3n en caliente. 70 micrones m\u00ednimo certificado.\" \/>\n<meta property=\"og:url\" content=\"https:\/\/tienda.rigelec.com.ar\/?product=acople-con-buloneria-articulado-renovatio-3-8w\" \/>\n<meta property=\"og:site_name\" content=\"Tienda Rigelec\" \/>\n<meta property=\"article:modified_time\" content=\"2026-05-01T05:09:15+00:00\" \/>\n<meta name=\"twitter:card\" content=\"summary_large_image\" \/>\n<script type=\"application\/ld+json\" class=\"yoast-schema-graph\">{\"@context\":\"https:\/\/schema.org\",\"@graph\":[{\"@type\":\"WebPage\",\"@id\":\"https:\/\/tienda.rigelec.com.ar\/?product=acople-con-buloneria-articulado-renovatio-3-8w\",\"url\":\"https:\/\/tienda.rigelec.com.ar\/?product=acople-con-buloneria-articulado-renovatio-3-8w\",\"name\":\"ACOPLE CON BULONERIA ARTICULADO RENOVATIO 3\/8W\\\" - Tienda Rigelec\",\"isPartOf\":{\"@id\":\"https:\/\/tienda.rigelec.com.ar\/#website\"},\"primaryImageOfPage\":{\"@id\":\"https:\/\/tienda.rigelec.com.ar\/?product=acople-con-buloneria-articulado-renovatio-3-8w#primaryimage\"},\"image\":{\"@id\":\"https:\/\/tienda.rigelec.com.ar\/?product=acople-con-buloneria-articulado-renovatio-3-8w#primaryimage\"},\"thumbnailUrl\":\"https:\/\/tienda.rigelec.com.ar\/wp-content\/uploads\/2025\/07\/ACOPLECONBULONERIAARTICULADO.jpg\",\"datePublished\":\"2025-07-25T16:05:24+00:00\",\"dateModified\":\"2026-05-01T05:09:15+00:00\",\"breadcrumb\":{\"@id\":\"https:\/\/tienda.rigelec.com.ar\/?product=acople-con-buloneria-articulado-renovatio-3-8w#breadcrumb\"},\"inLanguage\":\"es-AR\",\"potentialAction\":[{\"@type\":\"ReadAction\",\"target\":[\"https:\/\/tienda.rigelec.com.ar\/?product=acople-con-buloneria-articulado-renovatio-3-8w\"]}]},{\"@type\":\"ImageObject\",\"inLanguage\":\"es-AR\",\"@id\":\"https:\/\/tienda.rigelec.com.ar\/?product=acople-con-buloneria-articulado-renovatio-3-8w#primaryimage\",\"url\":\"https:\/\/tienda.rigelec.com.ar\/wp-content\/uploads\/2025\/07\/ACOPLECONBULONERIAARTICULADO.jpg\",\"contentUrl\":\"https:\/\/tienda.rigelec.com.ar\/wp-content\/uploads\/2025\/07\/ACOPLECONBULONERIAARTICULADO.jpg\",\"width\":2000,\"height\":2000},{\"@type\":\"BreadcrumbList\",\"@id\":\"https:\/\/tienda.rigelec.com.ar\/?product=acople-con-buloneria-articulado-renovatio-3-8w#breadcrumb\",\"itemListElement\":[{\"@type\":\"ListItem\",\"position\":1,\"name\":\"Inicio\",\"item\":\"https:\/\/tienda.rigelec.com.ar\/\"},{\"@type\":\"ListItem\",\"position\":2,\"name\":\"Shop\",\"item\":\"https:\/\/tienda.rigelec.com.ar\/?page_id=12\"},{\"@type\":\"ListItem\",\"position\":3,\"name\":\"ACOPLE CON BULONERIA ARTICULADO RENOVATIO 3\/8W&#8221;\"}]},{\"@type\":\"WebSite\",\"@id\":\"https:\/\/tienda.rigelec.com.ar\/#website\",\"url\":\"https:\/\/tienda.rigelec.com.ar\/\",\"name\":\"Tienda Rigelec\",\"description\":\"Energia en movimiento\",\"publisher\":{\"@id\":\"https:\/\/tienda.rigelec.com.ar\/#organization\"},\"potentialAction\":[{\"@type\":\"SearchAction\",\"target\":{\"@type\":\"EntryPoint\",\"urlTemplate\":\"https:\/\/tienda.rigelec.com.ar\/?s={search_term_string}\"},\"query-input\":{\"@type\":\"PropertyValueSpecification\",\"valueRequired\":true,\"valueName\":\"search_term_string\"}}],\"inLanguage\":\"es-AR\"},{\"@type\":\"Organization\",\"@id\":\"https:\/\/tienda.rigelec.com.ar\/#organization\",\"name\":\"Tienda Rigelec\",\"url\":\"https:\/\/tienda.rigelec.com.ar\/\",\"logo\":{\"@type\":\"ImageObject\",\"inLanguage\":\"es-AR\",\"@id\":\"https:\/\/tienda.rigelec.com.ar\/#\/schema\/logo\/image\/\",\"url\":\"https:\/\/tienda.rigelec.com.ar\/wp-content\/uploads\/2024\/09\/isologo-blanco-rigelec.png\",\"contentUrl\":\"https:\/\/tienda.rigelec.com.ar\/wp-content\/uploads\/2024\/09\/isologo-blanco-rigelec.png\",\"width\":94,\"height\":97,\"caption\":\"Tienda Rigelec\"},\"image\":{\"@id\":\"https:\/\/tienda.rigelec.com.ar\/#\/schema\/logo\/image\/\"}}]}<\/script>\n<!-- \/ Yoast SEO plugin. -->","yoast_head_json":{"title":"ACOPLE CON BULONERIA ARTICULADO RENOVATIO 3\/8W\" - Tienda Rigelec","robots":{"index":"index","follow":"follow","max-snippet":"max-snippet:-1","max-image-preview":"max-image-preview:large","max-video-preview":"max-video-preview:-1"},"canonical":"https:\/\/tienda.rigelec.com.ar\/?product=acople-con-buloneria-articulado-renovatio-3-8w","og_locale":"es_ES","og_type":"article","og_title":"ACOPLE CON BULONERIA ARTICULADO RENOVATIO 3\/8W\" - Tienda Rigelec","og_description":"ncluye 4 tornillos cuello cuadrado autoencastrante y 4 tuercas flange 3\/8 W\u0094. La buloneria se provee en terminaci\u00f3n cincado. La uni\u00f3n mediante tornillos garantiza rigidez y es de vital importancia en la continuidad el\u00e9ctrica entre tramo y tramo. * Zingrip. * Galvanizado por inmersi\u00f3n en caliente. 70 micrones m\u00ednimo certificado.","og_url":"https:\/\/tienda.rigelec.com.ar\/?product=acople-con-buloneria-articulado-renovatio-3-8w","og_site_name":"Tienda Rigelec","article_modified_time":"2026-05-01T05:09:15+00:00","twitter_card":"summary_large_image","schema":{"@context":"https:\/\/schema.org","@graph":[{"@type":"WebPage","@id":"https:\/\/tienda.rigelec.com.ar\/?product=acople-con-buloneria-articulado-renovatio-3-8w","url":"https:\/\/tienda.rigelec.com.ar\/?product=acople-con-buloneria-articulado-renovatio-3-8w","name":"ACOPLE CON BULONERIA ARTICULADO RENOVATIO 3\/8W\" - Tienda Rigelec","isPartOf":{"@id":"https:\/\/tienda.rigelec.com.ar\/#website"},"primaryImageOfPage":{"@id":"https:\/\/tienda.rigelec.com.ar\/?product=acople-con-buloneria-articulado-renovatio-3-8w#primaryimage"},"image":{"@id":"https:\/\/tienda.rigelec.com.ar\/?product=acople-con-buloneria-articulado-renovatio-3-8w#primaryimage"},"thumbnailUrl":"https:\/\/tienda.rigelec.com.ar\/wp-content\/uploads\/2025\/07\/ACOPLECONBULONERIAARTICULADO.jpg","datePublished":"2025-07-25T16:05:24+00:00","dateModified":"2026-05-01T05:09:15+00:00","breadcrumb":{"@id":"https:\/\/tienda.rigelec.com.ar\/?product=acople-con-buloneria-articulado-renovatio-3-8w#breadcrumb"},"inLanguage":"es-AR","potentialAction":[{"@type":"ReadAction","target":["https:\/\/tienda.rigelec.com.ar\/?product=acople-con-buloneria-articulado-renovatio-3-8w"]}]},{"@type":"ImageObject","inLanguage":"es-AR","@id":"https:\/\/tienda.rigelec.com.ar\/?product=acople-con-buloneria-articulado-renovatio-3-8w#primaryimage","url":"https:\/\/tienda.rigelec.com.ar\/wp-content\/uploads\/2025\/07\/ACOPLECONBULONERIAARTICULADO.jpg","contentUrl":"https:\/\/tienda.rigelec.com.ar\/wp-content\/uploads\/2025\/07\/ACOPLECONBULONERIAARTICULADO.jpg","width":2000,"height":2000},{"@type":"BreadcrumbList","@id":"https:\/\/tienda.rigelec.com.ar\/?product=acople-con-buloneria-articulado-renovatio-3-8w#breadcrumb","itemListElement":[{"@type":"ListItem","position":1,"name":"Inicio","item":"https:\/\/tienda.rigelec.com.ar\/"},{"@type":"ListItem","position":2,"name":"Shop","item":"https:\/\/tienda.rigelec.com.ar\/?page_id=12"},{"@type":"ListItem","position":3,"name":"ACOPLE CON BULONERIA ARTICULADO RENOVATIO 3\/8W&#8221;"}]},{"@type":"WebSite","@id":"https:\/\/tienda.rigelec.com.ar\/#website","url":"https:\/\/tienda.rigelec.com.ar\/","name":"Tienda Rigelec","description":"Energia en movimiento","publisher":{"@id":"https:\/\/tienda.rigelec.com.ar\/#organization"},"potentialAction":[{"@type":"SearchAction","target":{"@type":"EntryPoint","urlTemplate":"https:\/\/tienda.rigelec.com.ar\/?s={search_term_string}"},"query-input":{"@type":"PropertyValueSpecification","valueRequired":true,"valueName":"search_term_string"}}],"inLanguage":"es-AR"},{"@type":"Organization","@id":"https:\/\/tienda.rigelec.com.ar\/#organization","name":"Tienda Rigelec","url":"https:\/\/tienda.rigelec.com.ar\/","logo":{"@type":"ImageObject","inLanguage":"es-AR","@id":"https:\/\/tienda.rigelec.com.ar\/#\/schema\/logo\/image\/","url":"https:\/\/tienda.rigelec.com.ar\/wp-content\/uploads\/2024\/09\/isologo-blanco-rigelec.png","contentUrl":"https:\/\/tienda.rigelec.com.ar\/wp-content\/uploads\/2024\/09\/isologo-blanco-rigelec.png","width":94,"height":97,"caption":"Tienda Rigelec"},"image":{"@id":"https:\/\/tienda.rigelec.com.ar\/#\/schema\/logo\/image\/"}}]}},"jetpack_sharing_enabled":true,"_links":{"self":[{"href":"https:\/\/tienda.rigelec.com.ar\/index.php?rest_route=\/wp\/v2\/product\/30667","targetHints":{"allow":["GET"]}}],"collection":[{"href":"https:\/\/tienda.rigelec.com.ar\/index.php?rest_route=\/wp\/v2\/product"}],"about":[{"href":"https:\/\/tienda.rigelec.com.ar\/index.php?rest_route=\/wp\/v2\/types\/product"}],"replies":[{"embeddable":true,"href":"https:\/\/tienda.rigelec.com.ar\/index.php?rest_route=%2Fwp%2Fv2%2Fcomments&post=30667"}],"wp:featuredmedia":[{"embeddable":true,"href":"https:\/\/tienda.rigelec.com.ar\/index.php?rest_route=\/wp\/v2\/media\/30668"}],"wp:attachment":[{"href":"https:\/\/tienda.rigelec.com.ar\/index.php?rest_route=%2Fwp%2Fv2%2Fmedia&parent=30667"}],"wp:term":[{"taxonomy":"product_brand","embeddable":true,"href":"https:\/\/tienda.rigelec.com.ar\/index.php?rest_route=%2Fwp%2Fv2%2Fproduct_brand&post=30667"},{"taxonomy":"product_cat","embeddable":true,"href":"https:\/\/tienda.rigelec.com.ar\/index.php?rest_route=%2Fwp%2Fv2%2Fproduct_cat&post=30667"},{"taxonomy":"product_tag","embeddable":true,"href":"https:\/\/tienda.rigelec.com.ar\/index.php?rest_route=%2Fwp%2Fv2%2Fproduct_tag&post=30667"}],"curies":[{"name":"wp","href":"https:\/\/api.w.org\/{rel}","templated":true}]}}