{"id":30775,"date":"2025-07-29T17:27:17","date_gmt":"2025-07-29T20:27:17","guid":{"rendered":"https:\/\/tienda.rigelec.com.ar\/?product=cutter-de-hoja-desmontable-jdsk3918-18x100mm-l153mm"},"modified":"2026-05-01T00:33:08","modified_gmt":"2026-05-01T03:33:08","slug":"cutter-de-hoja-desmontable-2","status":"publish","type":"product","link":"https:\/\/tienda.rigelec.com.ar\/?product=cutter-de-hoja-desmontable-2","title":{"rendered":"CUTTER DE HOJA DESMONTABLE JDSK3918 18X100MM -L:153MM"},"content":{"rendered":"<p>CUTTER DE HOJA DESMONTABLE<\/p>\n<h3 data-start=\"69\" data-end=\"131\"><strong data-start=\"73\" data-end=\"131\">Cutter de Hoja Desmontable 18x100mm | Jadever JDSK3918<\/strong><\/h3>\n<p data-start=\"133\" data-end=\"249\">Cutter ergon\u00f3mico con hoja desmontable, ideal para trabajos de precisi\u00f3n y uso intensivo en oficina, hogar o taller.<\/p>\n<p data-start=\"251\" data-end=\"271\"><strong data-start=\"251\" data-end=\"271\">Caracter\u00edsticas:<\/strong><\/p>\n<ul data-start=\"272\" data-end=\"565\">\n<li data-start=\"272\" data-end=\"309\">\n<p data-start=\"274\" data-end=\"309\">Tama\u00f1o de la hoja: 18 mm x 100 mm<\/p>\n<\/li>\n<li data-start=\"310\" data-end=\"347\">\n<p data-start=\"312\" data-end=\"347\">Longitud total del cutter: 153 mm<\/p>\n<\/li>\n<li data-start=\"348\" data-end=\"397\">\n<p data-start=\"350\" data-end=\"397\">Pulsador plano para mayor control y seguridad<\/p>\n<\/li>\n<li data-start=\"398\" data-end=\"456\">\n<p data-start=\"400\" data-end=\"456\">Cuerpo pl\u00e1stico con dise\u00f1o ergon\u00f3mico y antideslizante<\/p>\n<\/li>\n<li data-start=\"457\" data-end=\"503\">\n<p data-start=\"459\" data-end=\"503\">Sistema de recambio de hoja f\u00e1cil y seguro<\/p>\n<\/li>\n<li data-start=\"504\" data-end=\"565\">\n<p data-start=\"506\" data-end=\"565\">Incluye tarjeta deslizante para almacenamiento y exhibici\u00f3n<\/p>\n<\/li>\n<\/ul>\n<p data-start=\"567\" data-end=\"637\">Herramienta confiable, c\u00f3moda y segura para cortes limpios y precisos.<\/p>\n<p>&nbsp;<\/p>\n","protected":false},"excerpt":{"rendered":"<p>Tama\u00f1o de la hoja: 18 mm x 100 mm<br \/>\nLongitud: 153mm<br \/>\nCon pulsador plano<br \/>\nEmbalado con tarjeta deslizante<\/p>\n","protected":false},"featured_media":30776,"comment_status":"open","ping_status":"closed","template":"","meta":{"_monsterinsights_skip_tracking":false,"_monsterinsights_sitenote_active":false,"_monsterinsights_sitenote_note":"","_monsterinsights_sitenote_category":0},"product_brand":[],"product_cat":[363],"product_tag":[452],"class_list":{"0":"post-30775","1":"product","2":"type-product","3":"status-publish","4":"has-post-thumbnail","6":"product_cat-i-destornillador","7":"product_tag-jadever","9":"first","10":"outofstock","11":"shipping-taxable","12":"purchasable","13":"product-type-simple"},"yoast_head":"<!-- This site is optimized with the Yoast SEO plugin v25.3.1 - https:\/\/yoast.com\/wordpress\/plugins\/seo\/ -->\n<title>CUTTER DE HOJA DESMONTABLE JDSK3918 18X100MM -L:153MM - Tienda Rigelec<\/title>\n<meta name=\"description\" content=\"Tienda Rigelec CUTTER DE HOJA DESMONTABLE JDSK3918 18X100MM -L:153MM Tienda Rigelec CUTTER DE HOJA DESMONTABLE JDSK3918 18X100MM -L:153MM\" \/>\n<meta name=\"robots\" content=\"index, follow, max-snippet:-1, max-image-preview:large, max-video-preview:-1\" \/>\n<link rel=\"canonical\" href=\"https:\/\/tienda.rigelec.com.ar\/?product=cutter-de-hoja-desmontable-2\" \/>\n<meta property=\"og:locale\" content=\"es_ES\" \/>\n<meta property=\"og:type\" content=\"article\" \/>\n<meta property=\"og:title\" content=\"CUTTER DE HOJA DESMONTABLE JDSK3918 18X100MM -L:153MM - Tienda Rigelec\" \/>\n<meta property=\"og:description\" content=\"Tienda Rigelec CUTTER DE HOJA DESMONTABLE JDSK3918 18X100MM -L:153MM Tienda Rigelec CUTTER DE HOJA DESMONTABLE JDSK3918 18X100MM -L:153MM\" \/>\n<meta property=\"og:url\" content=\"https:\/\/tienda.rigelec.com.ar\/?product=cutter-de-hoja-desmontable-2\" \/>\n<meta property=\"og:site_name\" content=\"Tienda Rigelec\" \/>\n<meta property=\"article:modified_time\" content=\"2026-05-01T03:33:08+00:00\" \/>\n<meta property=\"og:image\" content=\"https:\/\/tienda.rigelec.com.ar\/wp-content\/uploads\/2025\/07\/CUTTERDEHOJADESMONTABLE-1.jpg\" \/>\n\t<meta property=\"og:image:width\" content=\"2000\" \/>\n\t<meta property=\"og:image:height\" content=\"2000\" \/>\n\t<meta property=\"og:image:type\" content=\"image\/jpeg\" \/>\n<meta name=\"twitter:card\" content=\"summary_large_image\" \/>\n<meta name=\"twitter:label1\" content=\"Tiempo de lectura\" \/>\n\t<meta name=\"twitter:data1\" content=\"1 minuto\" \/>\n<script type=\"application\/ld+json\" class=\"yoast-schema-graph\">{\"@context\":\"https:\/\/schema.org\",\"@graph\":[{\"@type\":\"WebPage\",\"@id\":\"https:\/\/tienda.rigelec.com.ar\/?product=cutter-de-hoja-desmontable-2\",\"url\":\"https:\/\/tienda.rigelec.com.ar\/?product=cutter-de-hoja-desmontable-2\",\"name\":\"CUTTER DE HOJA DESMONTABLE JDSK3918 18X100MM -L:153MM - Tienda Rigelec\",\"isPartOf\":{\"@id\":\"https:\/\/tienda.rigelec.com.ar\/#website\"},\"primaryImageOfPage\":{\"@id\":\"https:\/\/tienda.rigelec.com.ar\/?product=cutter-de-hoja-desmontable-2#primaryimage\"},\"image\":{\"@id\":\"https:\/\/tienda.rigelec.com.ar\/?product=cutter-de-hoja-desmontable-2#primaryimage\"},\"thumbnailUrl\":\"https:\/\/tienda.rigelec.com.ar\/wp-content\/uploads\/2025\/07\/CUTTERDEHOJADESMONTABLE-1.jpg\",\"datePublished\":\"2025-07-29T20:27:17+00:00\",\"dateModified\":\"2026-05-01T03:33:08+00:00\",\"description\":\"Tienda Rigelec CUTTER DE HOJA DESMONTABLE JDSK3918 18X100MM -L:153MM Tienda Rigelec CUTTER DE HOJA DESMONTABLE JDSK3918 18X100MM -L:153MM\",\"breadcrumb\":{\"@id\":\"https:\/\/tienda.rigelec.com.ar\/?product=cutter-de-hoja-desmontable-2#breadcrumb\"},\"inLanguage\":\"es-AR\",\"potentialAction\":[{\"@type\":\"ReadAction\",\"target\":[\"https:\/\/tienda.rigelec.com.ar\/?product=cutter-de-hoja-desmontable-2\"]}]},{\"@type\":\"ImageObject\",\"inLanguage\":\"es-AR\",\"@id\":\"https:\/\/tienda.rigelec.com.ar\/?product=cutter-de-hoja-desmontable-2#primaryimage\",\"url\":\"https:\/\/tienda.rigelec.com.ar\/wp-content\/uploads\/2025\/07\/CUTTERDEHOJADESMONTABLE-1.jpg\",\"contentUrl\":\"https:\/\/tienda.rigelec.com.ar\/wp-content\/uploads\/2025\/07\/CUTTERDEHOJADESMONTABLE-1.jpg\",\"width\":2000,\"height\":2000},{\"@type\":\"BreadcrumbList\",\"@id\":\"https:\/\/tienda.rigelec.com.ar\/?product=cutter-de-hoja-desmontable-2#breadcrumb\",\"itemListElement\":[{\"@type\":\"ListItem\",\"position\":1,\"name\":\"Inicio\",\"item\":\"https:\/\/tienda.rigelec.com.ar\/\"},{\"@type\":\"ListItem\",\"position\":2,\"name\":\"Shop\",\"item\":\"https:\/\/tienda.rigelec.com.ar\/?page_id=12\"},{\"@type\":\"ListItem\",\"position\":3,\"name\":\"CUTTER DE HOJA DESMONTABLE JDSK3918 18X100MM -L:153MM\"}]},{\"@type\":\"WebSite\",\"@id\":\"https:\/\/tienda.rigelec.com.ar\/#website\",\"url\":\"https:\/\/tienda.rigelec.com.ar\/\",\"name\":\"Tienda Rigelec\",\"description\":\"Energia en movimiento\",\"publisher\":{\"@id\":\"https:\/\/tienda.rigelec.com.ar\/#organization\"},\"potentialAction\":[{\"@type\":\"SearchAction\",\"target\":{\"@type\":\"EntryPoint\",\"urlTemplate\":\"https:\/\/tienda.rigelec.com.ar\/?s={search_term_string}\"},\"query-input\":{\"@type\":\"PropertyValueSpecification\",\"valueRequired\":true,\"valueName\":\"search_term_string\"}}],\"inLanguage\":\"es-AR\"},{\"@type\":\"Organization\",\"@id\":\"https:\/\/tienda.rigelec.com.ar\/#organization\",\"name\":\"Tienda Rigelec\",\"url\":\"https:\/\/tienda.rigelec.com.ar\/\",\"logo\":{\"@type\":\"ImageObject\",\"inLanguage\":\"es-AR\",\"@id\":\"https:\/\/tienda.rigelec.com.ar\/#\/schema\/logo\/image\/\",\"url\":\"https:\/\/tienda.rigelec.com.ar\/wp-content\/uploads\/2024\/09\/isologo-blanco-rigelec.png\",\"contentUrl\":\"https:\/\/tienda.rigelec.com.ar\/wp-content\/uploads\/2024\/09\/isologo-blanco-rigelec.png\",\"width\":94,\"height\":97,\"caption\":\"Tienda Rigelec\"},\"image\":{\"@id\":\"https:\/\/tienda.rigelec.com.ar\/#\/schema\/logo\/image\/\"}}]}<\/script>\n<!-- \/ Yoast SEO plugin. -->","yoast_head_json":{"title":"CUTTER DE HOJA DESMONTABLE JDSK3918 18X100MM -L:153MM - Tienda Rigelec","description":"Tienda Rigelec CUTTER DE HOJA DESMONTABLE JDSK3918 18X100MM -L:153MM Tienda Rigelec CUTTER DE HOJA DESMONTABLE JDSK3918 18X100MM -L:153MM","robots":{"index":"index","follow":"follow","max-snippet":"max-snippet:-1","max-image-preview":"max-image-preview:large","max-video-preview":"max-video-preview:-1"},"canonical":"https:\/\/tienda.rigelec.com.ar\/?product=cutter-de-hoja-desmontable-2","og_locale":"es_ES","og_type":"article","og_title":"CUTTER DE HOJA DESMONTABLE JDSK3918 18X100MM -L:153MM - Tienda Rigelec","og_description":"Tienda Rigelec CUTTER DE HOJA DESMONTABLE JDSK3918 18X100MM -L:153MM Tienda Rigelec CUTTER DE HOJA DESMONTABLE JDSK3918 18X100MM -L:153MM","og_url":"https:\/\/tienda.rigelec.com.ar\/?product=cutter-de-hoja-desmontable-2","og_site_name":"Tienda Rigelec","article_modified_time":"2026-05-01T03:33:08+00:00","og_image":[{"width":2000,"height":2000,"url":"https:\/\/tienda.rigelec.com.ar\/wp-content\/uploads\/2025\/07\/CUTTERDEHOJADESMONTABLE-1.jpg","type":"image\/jpeg"}],"twitter_card":"summary_large_image","twitter_misc":{"Tiempo de lectura":"1 minuto"},"schema":{"@context":"https:\/\/schema.org","@graph":[{"@type":"WebPage","@id":"https:\/\/tienda.rigelec.com.ar\/?product=cutter-de-hoja-desmontable-2","url":"https:\/\/tienda.rigelec.com.ar\/?product=cutter-de-hoja-desmontable-2","name":"CUTTER DE HOJA DESMONTABLE JDSK3918 18X100MM -L:153MM - Tienda Rigelec","isPartOf":{"@id":"https:\/\/tienda.rigelec.com.ar\/#website"},"primaryImageOfPage":{"@id":"https:\/\/tienda.rigelec.com.ar\/?product=cutter-de-hoja-desmontable-2#primaryimage"},"image":{"@id":"https:\/\/tienda.rigelec.com.ar\/?product=cutter-de-hoja-desmontable-2#primaryimage"},"thumbnailUrl":"https:\/\/tienda.rigelec.com.ar\/wp-content\/uploads\/2025\/07\/CUTTERDEHOJADESMONTABLE-1.jpg","datePublished":"2025-07-29T20:27:17+00:00","dateModified":"2026-05-01T03:33:08+00:00","description":"Tienda Rigelec CUTTER DE HOJA DESMONTABLE JDSK3918 18X100MM -L:153MM Tienda Rigelec CUTTER DE HOJA DESMONTABLE JDSK3918 18X100MM -L:153MM","breadcrumb":{"@id":"https:\/\/tienda.rigelec.com.ar\/?product=cutter-de-hoja-desmontable-2#breadcrumb"},"inLanguage":"es-AR","potentialAction":[{"@type":"ReadAction","target":["https:\/\/tienda.rigelec.com.ar\/?product=cutter-de-hoja-desmontable-2"]}]},{"@type":"ImageObject","inLanguage":"es-AR","@id":"https:\/\/tienda.rigelec.com.ar\/?product=cutter-de-hoja-desmontable-2#primaryimage","url":"https:\/\/tienda.rigelec.com.ar\/wp-content\/uploads\/2025\/07\/CUTTERDEHOJADESMONTABLE-1.jpg","contentUrl":"https:\/\/tienda.rigelec.com.ar\/wp-content\/uploads\/2025\/07\/CUTTERDEHOJADESMONTABLE-1.jpg","width":2000,"height":2000},{"@type":"BreadcrumbList","@id":"https:\/\/tienda.rigelec.com.ar\/?product=cutter-de-hoja-desmontable-2#breadcrumb","itemListElement":[{"@type":"ListItem","position":1,"name":"Inicio","item":"https:\/\/tienda.rigelec.com.ar\/"},{"@type":"ListItem","position":2,"name":"Shop","item":"https:\/\/tienda.rigelec.com.ar\/?page_id=12"},{"@type":"ListItem","position":3,"name":"CUTTER DE HOJA DESMONTABLE JDSK3918 18X100MM -L:153MM"}]},{"@type":"WebSite","@id":"https:\/\/tienda.rigelec.com.ar\/#website","url":"https:\/\/tienda.rigelec.com.ar\/","name":"Tienda Rigelec","description":"Energia en movimiento","publisher":{"@id":"https:\/\/tienda.rigelec.com.ar\/#organization"},"potentialAction":[{"@type":"SearchAction","target":{"@type":"EntryPoint","urlTemplate":"https:\/\/tienda.rigelec.com.ar\/?s={search_term_string}"},"query-input":{"@type":"PropertyValueSpecification","valueRequired":true,"valueName":"search_term_string"}}],"inLanguage":"es-AR"},{"@type":"Organization","@id":"https:\/\/tienda.rigelec.com.ar\/#organization","name":"Tienda Rigelec","url":"https:\/\/tienda.rigelec.com.ar\/","logo":{"@type":"ImageObject","inLanguage":"es-AR","@id":"https:\/\/tienda.rigelec.com.ar\/#\/schema\/logo\/image\/","url":"https:\/\/tienda.rigelec.com.ar\/wp-content\/uploads\/2024\/09\/isologo-blanco-rigelec.png","contentUrl":"https:\/\/tienda.rigelec.com.ar\/wp-content\/uploads\/2024\/09\/isologo-blanco-rigelec.png","width":94,"height":97,"caption":"Tienda Rigelec"},"image":{"@id":"https:\/\/tienda.rigelec.com.ar\/#\/schema\/logo\/image\/"}}]}},"jetpack_sharing_enabled":true,"_links":{"self":[{"href":"https:\/\/tienda.rigelec.com.ar\/index.php?rest_route=\/wp\/v2\/product\/30775","targetHints":{"allow":["GET"]}}],"collection":[{"href":"https:\/\/tienda.rigelec.com.ar\/index.php?rest_route=\/wp\/v2\/product"}],"about":[{"href":"https:\/\/tienda.rigelec.com.ar\/index.php?rest_route=\/wp\/v2\/types\/product"}],"replies":[{"embeddable":true,"href":"https:\/\/tienda.rigelec.com.ar\/index.php?rest_route=%2Fwp%2Fv2%2Fcomments&post=30775"}],"wp:featuredmedia":[{"embeddable":true,"href":"https:\/\/tienda.rigelec.com.ar\/index.php?rest_route=\/wp\/v2\/media\/30776"}],"wp:attachment":[{"href":"https:\/\/tienda.rigelec.com.ar\/index.php?rest_route=%2Fwp%2Fv2%2Fmedia&parent=30775"}],"wp:term":[{"taxonomy":"product_brand","embeddable":true,"href":"https:\/\/tienda.rigelec.com.ar\/index.php?rest_route=%2Fwp%2Fv2%2Fproduct_brand&post=30775"},{"taxonomy":"product_cat","embeddable":true,"href":"https:\/\/tienda.rigelec.com.ar\/index.php?rest_route=%2Fwp%2Fv2%2Fproduct_cat&post=30775"},{"taxonomy":"product_tag","embeddable":true,"href":"https:\/\/tienda.rigelec.com.ar\/index.php?rest_route=%2Fwp%2Fv2%2Fproduct_tag&post=30775"}],"curies":[{"name":"wp","href":"https:\/\/api.w.org\/{rel}","templated":true}]}}