{"id":30878,"date":"2025-07-30T15:36:07","date_gmt":"2025-07-30T18:36:07","guid":{"rendered":"https:\/\/tienda.rigelec.com.ar\/?product=escalera-extensible-2x14-escalones-aluminio-7620mm-150kg"},"modified":"2026-05-01T02:06:01","modified_gmt":"2026-05-01T05:06:01","slug":"escalera-extensible-2x14-escalones","status":"publish","type":"product","link":"https:\/\/tienda.rigelec.com.ar\/?product=escalera-extensible-2x14-escalones","title":{"rendered":"ESCALERA EXTENSIBLE 2X14 ESCALONES ALUMINIO 7620MM &#8211; 150KG"},"content":{"rendered":"<p>ESCALERA EXTENSIBLE 2X14 ESCALONES<\/p>\n<h3 data-start=\"222\" data-end=\"318\"><strong data-start=\"226\" data-end=\"318\">Escalera extensible de aluminio 2&#215;14 escalones \u2013 Altura m\u00e1xima 7,62 m \u2013 Capacidad 150 kg<\/strong><\/h3>\n<p data-start=\"320\" data-end=\"648\">Dise\u00f1ada para trabajos en altura exigentes, esta escalera extensible de aluminio 2&#215;14 escalones es la opci\u00f3n ideal para profesionales que necesitan alcanzar hasta <strong data-start=\"483\" data-end=\"498\">7,62 metros<\/strong> de extensi\u00f3n con seguridad y estabilidad. Su estructura de aluminio combina resistencia con un peso controlado, permitiendo un uso c\u00f3modo y duradero.<\/p>\n<p data-start=\"650\" data-end=\"970\">El sistema extensible de doble tramo permite ajustarla a distintas alturas, adapt\u00e1ndose a m\u00faltiples tareas en obra, mantenimiento edilicio, instalaciones el\u00e9ctricas, limpieza de techos o trabajos en exteriores. Sus pelda\u00f1os cuentan con superficie antideslizante, y su estructura robusta admite hasta <strong data-start=\"950\" data-end=\"969\">150 kg de carga<\/strong>.<\/p>\n<h3 data-start=\"977\" data-end=\"1010\"><strong data-start=\"981\" data-end=\"1010\">Caracter\u00edsticas t\u00e9cnicas:<\/strong><\/h3>\n<ul data-start=\"1011\" data-end=\"1398\">\n<li data-start=\"1011\" data-end=\"1033\">\n<p data-start=\"1013\" data-end=\"1033\">Material: Aluminio<\/p>\n<\/li>\n<li data-start=\"1034\" data-end=\"1075\">\n<p data-start=\"1036\" data-end=\"1075\">Tipo: Escalera extensible de 2 tramos<\/p>\n<\/li>\n<li data-start=\"1076\" data-end=\"1097\">\n<p data-start=\"1078\" data-end=\"1097\">Escalones: 2 x 14<\/p>\n<\/li>\n<li data-start=\"1098\" data-end=\"1134\">\n<p data-start=\"1100\" data-end=\"1134\">Altura m\u00e1xima extendida: 7620 mm<\/p>\n<\/li>\n<li data-start=\"1135\" data-end=\"1162\">\n<p data-start=\"1137\" data-end=\"1162\">Altura cerrada: 4250 mm<\/p>\n<\/li>\n<li data-start=\"1163\" data-end=\"1200\">\n<p data-start=\"1165\" data-end=\"1200\">Elevaci\u00f3n entre escalones: 305 mm<\/p>\n<\/li>\n<li data-start=\"1201\" data-end=\"1240\">\n<p data-start=\"1203\" data-end=\"1240\">Tama\u00f1o abierto: 435 \u00d7 135 \u00d7 7620 mm<\/p>\n<\/li>\n<li data-start=\"1241\" data-end=\"1280\">\n<p data-start=\"1243\" data-end=\"1280\">Tama\u00f1o cerrado: 435 \u00d7 135 \u00d7 4250 mm<\/p>\n<\/li>\n<li data-start=\"1281\" data-end=\"1309\">\n<p data-start=\"1283\" data-end=\"1309\">Peso aproximado: 16,8 kg<\/p>\n<\/li>\n<li data-start=\"1310\" data-end=\"1349\">\n<p data-start=\"1312\" data-end=\"1349\">Capacidad de carga: 150 kg (330 lb)<\/p>\n<\/li>\n<li data-start=\"1350\" data-end=\"1398\">\n<p data-start=\"1352\" data-end=\"1398\">Presentaci\u00f3n: Embalada en bolsa de polietileno<\/p>\n<\/li>\n<\/ul>\n","protected":false},"excerpt":{"rendered":"<p>Material: aluminio<br \/>\nN\u00famero de pasos: 2&#215;14<br \/>\nAltura de extensi\u00f3n: 7620 mm<br \/>\nElevaci\u00f3n del escal\u00f3n: 305 mm<br \/>\nTama\u00f1o abierto: 435x135x7620mm<br \/>\nTama\u00f1o cerrado: 435x135x4250mm<br \/>\nAprox. peso: 16,8 kg<br \/>\nM\u00e1x. carga: 150 kg (330 libras)<br \/>\nEmbalado en bolsa de polietileno<\/p>\n","protected":false},"featured_media":30879,"comment_status":"open","ping_status":"closed","template":"","meta":{"_monsterinsights_skip_tracking":false,"_monsterinsights_sitenote_active":false,"_monsterinsights_sitenote_note":"","_monsterinsights_sitenote_category":0},"product_brand":[],"product_cat":[153],"product_tag":[452],"class_list":{"0":"post-30878","1":"product","2":"type-product","3":"status-publish","4":"has-post-thumbnail","6":"product_cat-a-herramientas","7":"product_tag-jadever","9":"first","10":"outofstock","11":"shipping-taxable","12":"purchasable","13":"product-type-simple"},"yoast_head":"<!-- This site is optimized with the Yoast SEO plugin v25.3.1 - https:\/\/yoast.com\/wordpress\/plugins\/seo\/ -->\n<title>ESCALERA EXTENSIBLE 2X14 ESCALONES ALUMINIO 7620MM - 150KG - Tienda Rigelec<\/title>\n<meta name=\"description\" content=\"ESCALERA EXTENSIBLE 2X14 ESCALONES ALUMINIO 7620MM - 150KG Tienda Rigelec ESCALERA EXTENSIBLE 2X14 ESCALONES ALUMINIO 7620MM - 150KG\" \/>\n<meta name=\"robots\" content=\"index, follow, max-snippet:-1, max-image-preview:large, max-video-preview:-1\" \/>\n<link rel=\"canonical\" href=\"https:\/\/tienda.rigelec.com.ar\/?product=escalera-extensible-2x14-escalones\" \/>\n<meta property=\"og:locale\" content=\"es_ES\" \/>\n<meta property=\"og:type\" content=\"article\" \/>\n<meta property=\"og:title\" content=\"ESCALERA EXTENSIBLE 2X14 ESCALONES ALUMINIO 7620MM - 150KG - Tienda Rigelec\" \/>\n<meta property=\"og:description\" content=\"ESCALERA EXTENSIBLE 2X14 ESCALONES ALUMINIO 7620MM - 150KG Tienda Rigelec ESCALERA EXTENSIBLE 2X14 ESCALONES ALUMINIO 7620MM - 150KG\" \/>\n<meta property=\"og:url\" content=\"https:\/\/tienda.rigelec.com.ar\/?product=escalera-extensible-2x14-escalones\" \/>\n<meta property=\"og:site_name\" content=\"Tienda Rigelec\" \/>\n<meta property=\"article:modified_time\" content=\"2026-05-01T05:06:01+00:00\" \/>\n<meta property=\"og:image\" content=\"https:\/\/tienda.rigelec.com.ar\/wp-content\/uploads\/2025\/07\/ESCALERAEXTENSIBLE2X14ESCALONES.jpg\" \/>\n\t<meta property=\"og:image:width\" content=\"2000\" \/>\n\t<meta property=\"og:image:height\" content=\"2000\" \/>\n\t<meta property=\"og:image:type\" content=\"image\/jpeg\" \/>\n<meta name=\"twitter:card\" content=\"summary_large_image\" \/>\n<meta name=\"twitter:label1\" content=\"Tiempo de lectura\" \/>\n\t<meta name=\"twitter:data1\" content=\"1 minuto\" \/>\n<script type=\"application\/ld+json\" class=\"yoast-schema-graph\">{\"@context\":\"https:\/\/schema.org\",\"@graph\":[{\"@type\":\"WebPage\",\"@id\":\"https:\/\/tienda.rigelec.com.ar\/?product=escalera-extensible-2x14-escalones\",\"url\":\"https:\/\/tienda.rigelec.com.ar\/?product=escalera-extensible-2x14-escalones\",\"name\":\"ESCALERA EXTENSIBLE 2X14 ESCALONES ALUMINIO 7620MM - 150KG - Tienda Rigelec\",\"isPartOf\":{\"@id\":\"https:\/\/tienda.rigelec.com.ar\/#website\"},\"primaryImageOfPage\":{\"@id\":\"https:\/\/tienda.rigelec.com.ar\/?product=escalera-extensible-2x14-escalones#primaryimage\"},\"image\":{\"@id\":\"https:\/\/tienda.rigelec.com.ar\/?product=escalera-extensible-2x14-escalones#primaryimage\"},\"thumbnailUrl\":\"https:\/\/tienda.rigelec.com.ar\/wp-content\/uploads\/2025\/07\/ESCALERAEXTENSIBLE2X14ESCALONES.jpg\",\"datePublished\":\"2025-07-30T18:36:07+00:00\",\"dateModified\":\"2026-05-01T05:06:01+00:00\",\"description\":\"ESCALERA EXTENSIBLE 2X14 ESCALONES ALUMINIO 7620MM - 150KG Tienda Rigelec ESCALERA EXTENSIBLE 2X14 ESCALONES ALUMINIO 7620MM - 150KG\",\"breadcrumb\":{\"@id\":\"https:\/\/tienda.rigelec.com.ar\/?product=escalera-extensible-2x14-escalones#breadcrumb\"},\"inLanguage\":\"es-AR\",\"potentialAction\":[{\"@type\":\"ReadAction\",\"target\":[\"https:\/\/tienda.rigelec.com.ar\/?product=escalera-extensible-2x14-escalones\"]}]},{\"@type\":\"ImageObject\",\"inLanguage\":\"es-AR\",\"@id\":\"https:\/\/tienda.rigelec.com.ar\/?product=escalera-extensible-2x14-escalones#primaryimage\",\"url\":\"https:\/\/tienda.rigelec.com.ar\/wp-content\/uploads\/2025\/07\/ESCALERAEXTENSIBLE2X14ESCALONES.jpg\",\"contentUrl\":\"https:\/\/tienda.rigelec.com.ar\/wp-content\/uploads\/2025\/07\/ESCALERAEXTENSIBLE2X14ESCALONES.jpg\",\"width\":2000,\"height\":2000},{\"@type\":\"BreadcrumbList\",\"@id\":\"https:\/\/tienda.rigelec.com.ar\/?product=escalera-extensible-2x14-escalones#breadcrumb\",\"itemListElement\":[{\"@type\":\"ListItem\",\"position\":1,\"name\":\"Inicio\",\"item\":\"https:\/\/tienda.rigelec.com.ar\/\"},{\"@type\":\"ListItem\",\"position\":2,\"name\":\"Shop\",\"item\":\"https:\/\/tienda.rigelec.com.ar\/?page_id=12\"},{\"@type\":\"ListItem\",\"position\":3,\"name\":\"ESCALERA EXTENSIBLE 2X14 ESCALONES ALUMINIO 7620MM &#8211; 150KG\"}]},{\"@type\":\"WebSite\",\"@id\":\"https:\/\/tienda.rigelec.com.ar\/#website\",\"url\":\"https:\/\/tienda.rigelec.com.ar\/\",\"name\":\"Tienda Rigelec\",\"description\":\"Energia en movimiento\",\"publisher\":{\"@id\":\"https:\/\/tienda.rigelec.com.ar\/#organization\"},\"potentialAction\":[{\"@type\":\"SearchAction\",\"target\":{\"@type\":\"EntryPoint\",\"urlTemplate\":\"https:\/\/tienda.rigelec.com.ar\/?s={search_term_string}\"},\"query-input\":{\"@type\":\"PropertyValueSpecification\",\"valueRequired\":true,\"valueName\":\"search_term_string\"}}],\"inLanguage\":\"es-AR\"},{\"@type\":\"Organization\",\"@id\":\"https:\/\/tienda.rigelec.com.ar\/#organization\",\"name\":\"Tienda Rigelec\",\"url\":\"https:\/\/tienda.rigelec.com.ar\/\",\"logo\":{\"@type\":\"ImageObject\",\"inLanguage\":\"es-AR\",\"@id\":\"https:\/\/tienda.rigelec.com.ar\/#\/schema\/logo\/image\/\",\"url\":\"https:\/\/tienda.rigelec.com.ar\/wp-content\/uploads\/2024\/09\/isologo-blanco-rigelec.png\",\"contentUrl\":\"https:\/\/tienda.rigelec.com.ar\/wp-content\/uploads\/2024\/09\/isologo-blanco-rigelec.png\",\"width\":94,\"height\":97,\"caption\":\"Tienda Rigelec\"},\"image\":{\"@id\":\"https:\/\/tienda.rigelec.com.ar\/#\/schema\/logo\/image\/\"}}]}<\/script>\n<!-- \/ Yoast SEO plugin. -->","yoast_head_json":{"title":"ESCALERA EXTENSIBLE 2X14 ESCALONES ALUMINIO 7620MM - 150KG - Tienda Rigelec","description":"ESCALERA EXTENSIBLE 2X14 ESCALONES ALUMINIO 7620MM - 150KG Tienda Rigelec ESCALERA EXTENSIBLE 2X14 ESCALONES ALUMINIO 7620MM - 150KG","robots":{"index":"index","follow":"follow","max-snippet":"max-snippet:-1","max-image-preview":"max-image-preview:large","max-video-preview":"max-video-preview:-1"},"canonical":"https:\/\/tienda.rigelec.com.ar\/?product=escalera-extensible-2x14-escalones","og_locale":"es_ES","og_type":"article","og_title":"ESCALERA EXTENSIBLE 2X14 ESCALONES ALUMINIO 7620MM - 150KG - Tienda Rigelec","og_description":"ESCALERA EXTENSIBLE 2X14 ESCALONES ALUMINIO 7620MM - 150KG Tienda Rigelec ESCALERA EXTENSIBLE 2X14 ESCALONES ALUMINIO 7620MM - 150KG","og_url":"https:\/\/tienda.rigelec.com.ar\/?product=escalera-extensible-2x14-escalones","og_site_name":"Tienda Rigelec","article_modified_time":"2026-05-01T05:06:01+00:00","og_image":[{"width":2000,"height":2000,"url":"https:\/\/tienda.rigelec.com.ar\/wp-content\/uploads\/2025\/07\/ESCALERAEXTENSIBLE2X14ESCALONES.jpg","type":"image\/jpeg"}],"twitter_card":"summary_large_image","twitter_misc":{"Tiempo de lectura":"1 minuto"},"schema":{"@context":"https:\/\/schema.org","@graph":[{"@type":"WebPage","@id":"https:\/\/tienda.rigelec.com.ar\/?product=escalera-extensible-2x14-escalones","url":"https:\/\/tienda.rigelec.com.ar\/?product=escalera-extensible-2x14-escalones","name":"ESCALERA EXTENSIBLE 2X14 ESCALONES ALUMINIO 7620MM - 150KG - Tienda Rigelec","isPartOf":{"@id":"https:\/\/tienda.rigelec.com.ar\/#website"},"primaryImageOfPage":{"@id":"https:\/\/tienda.rigelec.com.ar\/?product=escalera-extensible-2x14-escalones#primaryimage"},"image":{"@id":"https:\/\/tienda.rigelec.com.ar\/?product=escalera-extensible-2x14-escalones#primaryimage"},"thumbnailUrl":"https:\/\/tienda.rigelec.com.ar\/wp-content\/uploads\/2025\/07\/ESCALERAEXTENSIBLE2X14ESCALONES.jpg","datePublished":"2025-07-30T18:36:07+00:00","dateModified":"2026-05-01T05:06:01+00:00","description":"ESCALERA EXTENSIBLE 2X14 ESCALONES ALUMINIO 7620MM - 150KG Tienda Rigelec ESCALERA EXTENSIBLE 2X14 ESCALONES ALUMINIO 7620MM - 150KG","breadcrumb":{"@id":"https:\/\/tienda.rigelec.com.ar\/?product=escalera-extensible-2x14-escalones#breadcrumb"},"inLanguage":"es-AR","potentialAction":[{"@type":"ReadAction","target":["https:\/\/tienda.rigelec.com.ar\/?product=escalera-extensible-2x14-escalones"]}]},{"@type":"ImageObject","inLanguage":"es-AR","@id":"https:\/\/tienda.rigelec.com.ar\/?product=escalera-extensible-2x14-escalones#primaryimage","url":"https:\/\/tienda.rigelec.com.ar\/wp-content\/uploads\/2025\/07\/ESCALERAEXTENSIBLE2X14ESCALONES.jpg","contentUrl":"https:\/\/tienda.rigelec.com.ar\/wp-content\/uploads\/2025\/07\/ESCALERAEXTENSIBLE2X14ESCALONES.jpg","width":2000,"height":2000},{"@type":"BreadcrumbList","@id":"https:\/\/tienda.rigelec.com.ar\/?product=escalera-extensible-2x14-escalones#breadcrumb","itemListElement":[{"@type":"ListItem","position":1,"name":"Inicio","item":"https:\/\/tienda.rigelec.com.ar\/"},{"@type":"ListItem","position":2,"name":"Shop","item":"https:\/\/tienda.rigelec.com.ar\/?page_id=12"},{"@type":"ListItem","position":3,"name":"ESCALERA EXTENSIBLE 2X14 ESCALONES ALUMINIO 7620MM &#8211; 150KG"}]},{"@type":"WebSite","@id":"https:\/\/tienda.rigelec.com.ar\/#website","url":"https:\/\/tienda.rigelec.com.ar\/","name":"Tienda Rigelec","description":"Energia en movimiento","publisher":{"@id":"https:\/\/tienda.rigelec.com.ar\/#organization"},"potentialAction":[{"@type":"SearchAction","target":{"@type":"EntryPoint","urlTemplate":"https:\/\/tienda.rigelec.com.ar\/?s={search_term_string}"},"query-input":{"@type":"PropertyValueSpecification","valueRequired":true,"valueName":"search_term_string"}}],"inLanguage":"es-AR"},{"@type":"Organization","@id":"https:\/\/tienda.rigelec.com.ar\/#organization","name":"Tienda Rigelec","url":"https:\/\/tienda.rigelec.com.ar\/","logo":{"@type":"ImageObject","inLanguage":"es-AR","@id":"https:\/\/tienda.rigelec.com.ar\/#\/schema\/logo\/image\/","url":"https:\/\/tienda.rigelec.com.ar\/wp-content\/uploads\/2024\/09\/isologo-blanco-rigelec.png","contentUrl":"https:\/\/tienda.rigelec.com.ar\/wp-content\/uploads\/2024\/09\/isologo-blanco-rigelec.png","width":94,"height":97,"caption":"Tienda Rigelec"},"image":{"@id":"https:\/\/tienda.rigelec.com.ar\/#\/schema\/logo\/image\/"}}]}},"jetpack_sharing_enabled":true,"_links":{"self":[{"href":"https:\/\/tienda.rigelec.com.ar\/index.php?rest_route=\/wp\/v2\/product\/30878","targetHints":{"allow":["GET"]}}],"collection":[{"href":"https:\/\/tienda.rigelec.com.ar\/index.php?rest_route=\/wp\/v2\/product"}],"about":[{"href":"https:\/\/tienda.rigelec.com.ar\/index.php?rest_route=\/wp\/v2\/types\/product"}],"replies":[{"embeddable":true,"href":"https:\/\/tienda.rigelec.com.ar\/index.php?rest_route=%2Fwp%2Fv2%2Fcomments&post=30878"}],"wp:featuredmedia":[{"embeddable":true,"href":"https:\/\/tienda.rigelec.com.ar\/index.php?rest_route=\/wp\/v2\/media\/30879"}],"wp:attachment":[{"href":"https:\/\/tienda.rigelec.com.ar\/index.php?rest_route=%2Fwp%2Fv2%2Fmedia&parent=30878"}],"wp:term":[{"taxonomy":"product_brand","embeddable":true,"href":"https:\/\/tienda.rigelec.com.ar\/index.php?rest_route=%2Fwp%2Fv2%2Fproduct_brand&post=30878"},{"taxonomy":"product_cat","embeddable":true,"href":"https:\/\/tienda.rigelec.com.ar\/index.php?rest_route=%2Fwp%2Fv2%2Fproduct_cat&post=30878"},{"taxonomy":"product_tag","embeddable":true,"href":"https:\/\/tienda.rigelec.com.ar\/index.php?rest_route=%2Fwp%2Fv2%2Fproduct_tag&post=30878"}],"curies":[{"name":"wp","href":"https:\/\/api.w.org\/{rel}","templated":true}]}}