{"id":30910,"date":"2025-07-31T19:20:47","date_gmt":"2025-07-31T22:20:47","guid":{"rendered":"https:\/\/tienda.rigelec.com.ar\/?product=kit-de-tres-pinzas-jdps0613-3-piezas"},"modified":"2026-05-01T00:33:53","modified_gmt":"2026-05-01T03:33:53","slug":"kit-de-tres-pinzas","status":"publish","type":"product","link":"https:\/\/tienda.rigelec.com.ar\/?product=kit-de-tres-pinzas","title":{"rendered":"KIT DE TRES PINZAS JDPS0613 3 PIEZAS"},"content":{"rendered":"<p>KIT DE TRES PINZAS<\/p>\n<h3 data-start=\"202\" data-end=\"275\"><strong data-start=\"206\" data-end=\"275\">Kit de 3 pinzas JDPS0613 \u2013 Alto apalancamiento \u2013 Mango ergon\u00f3mico<\/strong><\/h3>\n<p data-start=\"277\" data-end=\"550\">El <strong data-start=\"280\" data-end=\"311\">kit de tres pinzas JDPS0613<\/strong> es una soluci\u00f3n completa y profesional para tareas de corte, sujeci\u00f3n y precisi\u00f3n. Cada pieza cuenta con dise\u00f1o de <strong data-start=\"427\" data-end=\"450\">alto apalancamiento<\/strong>, lo que permite ahorrar hasta un <strong data-start=\"484\" data-end=\"503\">30% de esfuerzo<\/strong> en comparaci\u00f3n con herramientas tradicionales.<\/p>\n<p data-start=\"552\" data-end=\"879\">Fabricadas con materiales resistentes y tratadas con acabado <strong data-start=\"613\" data-end=\"631\">negro y pulido<\/strong>, estas pinzas brindan durabilidad, rendimiento y versatilidad para el trabajo diario. Adem\u00e1s, incorporan <strong data-start=\"737\" data-end=\"762\">funciones adicionales<\/strong> como soporte para u\u00f1as, desbarbado y funci\u00f3n de llave, lo que las convierte en herramientas multifunci\u00f3n esenciales.<\/p>\n<h3 data-start=\"886\" data-end=\"923\"><strong data-start=\"890\" data-end=\"923\">Contenido del kit (3 piezas):<\/strong><\/h3>\n<ul data-start=\"924\" data-end=\"1059\">\n<li data-start=\"924\" data-end=\"988\">\n<p data-start=\"926\" data-end=\"988\"><strong data-start=\"926\" data-end=\"955\">Pinza universal combinada<\/strong> de 8&#8243; (apalancamiento elevado)<\/p>\n<\/li>\n<li data-start=\"989\" data-end=\"1026\">\n<p data-start=\"991\" data-end=\"1026\"><strong data-start=\"991\" data-end=\"1018\">Pinza de corte diagonal<\/strong> de 6&#8243;<\/p>\n<\/li>\n<li data-start=\"1027\" data-end=\"1059\">\n<p data-start=\"1029\" data-end=\"1059\"><strong data-start=\"1029\" data-end=\"1053\">Pinza de punta larga<\/strong> de 6&#8243;<\/p>\n<\/li>\n<\/ul>\n","protected":false},"excerpt":{"rendered":"<p>Alicates combinados de alto apalancamiento de 8&#8243;<br \/>\nAlicates de corte diagonal de alto apalancamiento de 6&#8243;<br \/>\n6&#8243;Alicates de punta larga de alto apalancamiento&#8221;<br \/>\nAhorro de energ\u00eda del 30% respecto a los alicates normales.<br \/>\nTratamiento superficial: acabado negro y pulido.<br \/>\nMango de dos colores para mayor agarre y comodidad.<br \/>\nCon funci\u00f3n de soporte para u\u00f1as<br \/>\nCon funci\u00f3n de llave<br \/>\nCon funci\u00f3n de desbarbado<br \/>\nEmbalado con tarjeta deslizante<\/p>\n","protected":false},"featured_media":30911,"comment_status":"open","ping_status":"closed","template":"","meta":{"_monsterinsights_skip_tracking":false,"_monsterinsights_sitenote_active":false,"_monsterinsights_sitenote_note":"","_monsterinsights_sitenote_category":0},"product_brand":[],"product_cat":[371],"product_tag":[452],"class_list":{"0":"post-30910","1":"product","2":"type-product","3":"status-publish","4":"has-post-thumbnail","6":"product_cat-ii-pinza","7":"product_tag-jadever","9":"first","10":"instock","11":"shipping-taxable","12":"purchasable","13":"product-type-simple"},"yoast_head":"<!-- This site is optimized with the Yoast SEO plugin v25.3.1 - https:\/\/yoast.com\/wordpress\/plugins\/seo\/ -->\n<title>KIT DE TRES PINZAS JDPS0613 3 PIEZAS - Tienda Rigelec<\/title>\n<meta name=\"description\" content=\"KIT DE TRES PINZAS JDPS0613 3 PIEZAS Tienda Rigelec KIT DE TRES PINZAS JDPS0613 3 PIEZAS Tienda Rigelec KIT DE TRES PINZAS\" \/>\n<meta name=\"robots\" content=\"index, follow, max-snippet:-1, max-image-preview:large, max-video-preview:-1\" \/>\n<link rel=\"canonical\" href=\"https:\/\/tienda.rigelec.com.ar\/?product=kit-de-tres-pinzas\" \/>\n<meta property=\"og:locale\" content=\"es_ES\" \/>\n<meta property=\"og:type\" content=\"article\" \/>\n<meta property=\"og:title\" content=\"KIT DE TRES PINZAS JDPS0613 3 PIEZAS - Tienda Rigelec\" \/>\n<meta property=\"og:description\" content=\"KIT DE TRES PINZAS JDPS0613 3 PIEZAS Tienda Rigelec KIT DE TRES PINZAS JDPS0613 3 PIEZAS Tienda Rigelec KIT DE TRES PINZAS\" \/>\n<meta property=\"og:url\" content=\"https:\/\/tienda.rigelec.com.ar\/?product=kit-de-tres-pinzas\" \/>\n<meta property=\"og:site_name\" content=\"Tienda Rigelec\" \/>\n<meta property=\"article:modified_time\" content=\"2026-05-01T03:33:53+00:00\" \/>\n<meta property=\"og:image\" content=\"https:\/\/tienda.rigelec.com.ar\/wp-content\/uploads\/2025\/07\/KITDETRESPINZAS-scaled.jpg\" \/>\n\t<meta property=\"og:image:width\" content=\"2560\" \/>\n\t<meta property=\"og:image:height\" content=\"2560\" \/>\n\t<meta property=\"og:image:type\" content=\"image\/jpeg\" \/>\n<meta name=\"twitter:card\" content=\"summary_large_image\" \/>\n<meta name=\"twitter:label1\" content=\"Tiempo de lectura\" \/>\n\t<meta name=\"twitter:data1\" content=\"1 minuto\" \/>\n<script type=\"application\/ld+json\" class=\"yoast-schema-graph\">{\"@context\":\"https:\/\/schema.org\",\"@graph\":[{\"@type\":\"WebPage\",\"@id\":\"https:\/\/tienda.rigelec.com.ar\/?product=kit-de-tres-pinzas\",\"url\":\"https:\/\/tienda.rigelec.com.ar\/?product=kit-de-tres-pinzas\",\"name\":\"KIT DE TRES PINZAS JDPS0613 3 PIEZAS - Tienda Rigelec\",\"isPartOf\":{\"@id\":\"https:\/\/tienda.rigelec.com.ar\/#website\"},\"primaryImageOfPage\":{\"@id\":\"https:\/\/tienda.rigelec.com.ar\/?product=kit-de-tres-pinzas#primaryimage\"},\"image\":{\"@id\":\"https:\/\/tienda.rigelec.com.ar\/?product=kit-de-tres-pinzas#primaryimage\"},\"thumbnailUrl\":\"https:\/\/tienda.rigelec.com.ar\/wp-content\/uploads\/2025\/07\/KITDETRESPINZAS-scaled.jpg\",\"datePublished\":\"2025-07-31T22:20:47+00:00\",\"dateModified\":\"2026-05-01T03:33:53+00:00\",\"description\":\"KIT DE TRES PINZAS JDPS0613 3 PIEZAS Tienda Rigelec KIT DE TRES PINZAS JDPS0613 3 PIEZAS Tienda Rigelec KIT DE TRES PINZAS\",\"breadcrumb\":{\"@id\":\"https:\/\/tienda.rigelec.com.ar\/?product=kit-de-tres-pinzas#breadcrumb\"},\"inLanguage\":\"es-AR\",\"potentialAction\":[{\"@type\":\"ReadAction\",\"target\":[\"https:\/\/tienda.rigelec.com.ar\/?product=kit-de-tres-pinzas\"]}]},{\"@type\":\"ImageObject\",\"inLanguage\":\"es-AR\",\"@id\":\"https:\/\/tienda.rigelec.com.ar\/?product=kit-de-tres-pinzas#primaryimage\",\"url\":\"https:\/\/tienda.rigelec.com.ar\/wp-content\/uploads\/2025\/07\/KITDETRESPINZAS-scaled.jpg\",\"contentUrl\":\"https:\/\/tienda.rigelec.com.ar\/wp-content\/uploads\/2025\/07\/KITDETRESPINZAS-scaled.jpg\",\"width\":2560,\"height\":2560},{\"@type\":\"BreadcrumbList\",\"@id\":\"https:\/\/tienda.rigelec.com.ar\/?product=kit-de-tres-pinzas#breadcrumb\",\"itemListElement\":[{\"@type\":\"ListItem\",\"position\":1,\"name\":\"Inicio\",\"item\":\"https:\/\/tienda.rigelec.com.ar\/\"},{\"@type\":\"ListItem\",\"position\":2,\"name\":\"Shop\",\"item\":\"https:\/\/tienda.rigelec.com.ar\/?page_id=12\"},{\"@type\":\"ListItem\",\"position\":3,\"name\":\"KIT DE TRES PINZAS JDPS0613 3 PIEZAS\"}]},{\"@type\":\"WebSite\",\"@id\":\"https:\/\/tienda.rigelec.com.ar\/#website\",\"url\":\"https:\/\/tienda.rigelec.com.ar\/\",\"name\":\"Tienda Rigelec\",\"description\":\"Energia en movimiento\",\"publisher\":{\"@id\":\"https:\/\/tienda.rigelec.com.ar\/#organization\"},\"potentialAction\":[{\"@type\":\"SearchAction\",\"target\":{\"@type\":\"EntryPoint\",\"urlTemplate\":\"https:\/\/tienda.rigelec.com.ar\/?s={search_term_string}\"},\"query-input\":{\"@type\":\"PropertyValueSpecification\",\"valueRequired\":true,\"valueName\":\"search_term_string\"}}],\"inLanguage\":\"es-AR\"},{\"@type\":\"Organization\",\"@id\":\"https:\/\/tienda.rigelec.com.ar\/#organization\",\"name\":\"Tienda Rigelec\",\"url\":\"https:\/\/tienda.rigelec.com.ar\/\",\"logo\":{\"@type\":\"ImageObject\",\"inLanguage\":\"es-AR\",\"@id\":\"https:\/\/tienda.rigelec.com.ar\/#\/schema\/logo\/image\/\",\"url\":\"https:\/\/tienda.rigelec.com.ar\/wp-content\/uploads\/2024\/09\/isologo-blanco-rigelec.png\",\"contentUrl\":\"https:\/\/tienda.rigelec.com.ar\/wp-content\/uploads\/2024\/09\/isologo-blanco-rigelec.png\",\"width\":94,\"height\":97,\"caption\":\"Tienda Rigelec\"},\"image\":{\"@id\":\"https:\/\/tienda.rigelec.com.ar\/#\/schema\/logo\/image\/\"}}]}<\/script>\n<!-- \/ Yoast SEO plugin. -->","yoast_head_json":{"title":"KIT DE TRES PINZAS JDPS0613 3 PIEZAS - Tienda Rigelec","description":"KIT DE TRES PINZAS JDPS0613 3 PIEZAS Tienda Rigelec KIT DE TRES PINZAS JDPS0613 3 PIEZAS Tienda Rigelec KIT DE TRES PINZAS","robots":{"index":"index","follow":"follow","max-snippet":"max-snippet:-1","max-image-preview":"max-image-preview:large","max-video-preview":"max-video-preview:-1"},"canonical":"https:\/\/tienda.rigelec.com.ar\/?product=kit-de-tres-pinzas","og_locale":"es_ES","og_type":"article","og_title":"KIT DE TRES PINZAS JDPS0613 3 PIEZAS - Tienda Rigelec","og_description":"KIT DE TRES PINZAS JDPS0613 3 PIEZAS Tienda Rigelec KIT DE TRES PINZAS JDPS0613 3 PIEZAS Tienda Rigelec KIT DE TRES PINZAS","og_url":"https:\/\/tienda.rigelec.com.ar\/?product=kit-de-tres-pinzas","og_site_name":"Tienda Rigelec","article_modified_time":"2026-05-01T03:33:53+00:00","og_image":[{"width":2560,"height":2560,"url":"https:\/\/tienda.rigelec.com.ar\/wp-content\/uploads\/2025\/07\/KITDETRESPINZAS-scaled.jpg","type":"image\/jpeg"}],"twitter_card":"summary_large_image","twitter_misc":{"Tiempo de lectura":"1 minuto"},"schema":{"@context":"https:\/\/schema.org","@graph":[{"@type":"WebPage","@id":"https:\/\/tienda.rigelec.com.ar\/?product=kit-de-tres-pinzas","url":"https:\/\/tienda.rigelec.com.ar\/?product=kit-de-tres-pinzas","name":"KIT DE TRES PINZAS JDPS0613 3 PIEZAS - Tienda Rigelec","isPartOf":{"@id":"https:\/\/tienda.rigelec.com.ar\/#website"},"primaryImageOfPage":{"@id":"https:\/\/tienda.rigelec.com.ar\/?product=kit-de-tres-pinzas#primaryimage"},"image":{"@id":"https:\/\/tienda.rigelec.com.ar\/?product=kit-de-tres-pinzas#primaryimage"},"thumbnailUrl":"https:\/\/tienda.rigelec.com.ar\/wp-content\/uploads\/2025\/07\/KITDETRESPINZAS-scaled.jpg","datePublished":"2025-07-31T22:20:47+00:00","dateModified":"2026-05-01T03:33:53+00:00","description":"KIT DE TRES PINZAS JDPS0613 3 PIEZAS Tienda Rigelec KIT DE TRES PINZAS JDPS0613 3 PIEZAS Tienda Rigelec KIT DE TRES PINZAS","breadcrumb":{"@id":"https:\/\/tienda.rigelec.com.ar\/?product=kit-de-tres-pinzas#breadcrumb"},"inLanguage":"es-AR","potentialAction":[{"@type":"ReadAction","target":["https:\/\/tienda.rigelec.com.ar\/?product=kit-de-tres-pinzas"]}]},{"@type":"ImageObject","inLanguage":"es-AR","@id":"https:\/\/tienda.rigelec.com.ar\/?product=kit-de-tres-pinzas#primaryimage","url":"https:\/\/tienda.rigelec.com.ar\/wp-content\/uploads\/2025\/07\/KITDETRESPINZAS-scaled.jpg","contentUrl":"https:\/\/tienda.rigelec.com.ar\/wp-content\/uploads\/2025\/07\/KITDETRESPINZAS-scaled.jpg","width":2560,"height":2560},{"@type":"BreadcrumbList","@id":"https:\/\/tienda.rigelec.com.ar\/?product=kit-de-tres-pinzas#breadcrumb","itemListElement":[{"@type":"ListItem","position":1,"name":"Inicio","item":"https:\/\/tienda.rigelec.com.ar\/"},{"@type":"ListItem","position":2,"name":"Shop","item":"https:\/\/tienda.rigelec.com.ar\/?page_id=12"},{"@type":"ListItem","position":3,"name":"KIT DE TRES PINZAS JDPS0613 3 PIEZAS"}]},{"@type":"WebSite","@id":"https:\/\/tienda.rigelec.com.ar\/#website","url":"https:\/\/tienda.rigelec.com.ar\/","name":"Tienda Rigelec","description":"Energia en movimiento","publisher":{"@id":"https:\/\/tienda.rigelec.com.ar\/#organization"},"potentialAction":[{"@type":"SearchAction","target":{"@type":"EntryPoint","urlTemplate":"https:\/\/tienda.rigelec.com.ar\/?s={search_term_string}"},"query-input":{"@type":"PropertyValueSpecification","valueRequired":true,"valueName":"search_term_string"}}],"inLanguage":"es-AR"},{"@type":"Organization","@id":"https:\/\/tienda.rigelec.com.ar\/#organization","name":"Tienda Rigelec","url":"https:\/\/tienda.rigelec.com.ar\/","logo":{"@type":"ImageObject","inLanguage":"es-AR","@id":"https:\/\/tienda.rigelec.com.ar\/#\/schema\/logo\/image\/","url":"https:\/\/tienda.rigelec.com.ar\/wp-content\/uploads\/2024\/09\/isologo-blanco-rigelec.png","contentUrl":"https:\/\/tienda.rigelec.com.ar\/wp-content\/uploads\/2024\/09\/isologo-blanco-rigelec.png","width":94,"height":97,"caption":"Tienda Rigelec"},"image":{"@id":"https:\/\/tienda.rigelec.com.ar\/#\/schema\/logo\/image\/"}}]}},"jetpack_sharing_enabled":true,"_links":{"self":[{"href":"https:\/\/tienda.rigelec.com.ar\/index.php?rest_route=\/wp\/v2\/product\/30910","targetHints":{"allow":["GET"]}}],"collection":[{"href":"https:\/\/tienda.rigelec.com.ar\/index.php?rest_route=\/wp\/v2\/product"}],"about":[{"href":"https:\/\/tienda.rigelec.com.ar\/index.php?rest_route=\/wp\/v2\/types\/product"}],"replies":[{"embeddable":true,"href":"https:\/\/tienda.rigelec.com.ar\/index.php?rest_route=%2Fwp%2Fv2%2Fcomments&post=30910"}],"wp:featuredmedia":[{"embeddable":true,"href":"https:\/\/tienda.rigelec.com.ar\/index.php?rest_route=\/wp\/v2\/media\/30911"}],"wp:attachment":[{"href":"https:\/\/tienda.rigelec.com.ar\/index.php?rest_route=%2Fwp%2Fv2%2Fmedia&parent=30910"}],"wp:term":[{"taxonomy":"product_brand","embeddable":true,"href":"https:\/\/tienda.rigelec.com.ar\/index.php?rest_route=%2Fwp%2Fv2%2Fproduct_brand&post=30910"},{"taxonomy":"product_cat","embeddable":true,"href":"https:\/\/tienda.rigelec.com.ar\/index.php?rest_route=%2Fwp%2Fv2%2Fproduct_cat&post=30910"},{"taxonomy":"product_tag","embeddable":true,"href":"https:\/\/tienda.rigelec.com.ar\/index.php?rest_route=%2Fwp%2Fv2%2Fproduct_tag&post=30910"}],"curies":[{"name":"wp","href":"https:\/\/api.w.org\/{rel}","templated":true}]}}