{"id":30989,"date":"2025-08-04T14:42:31","date_gmt":"2025-08-04T17:42:31","guid":{"rendered":"https:\/\/tienda.rigelec.com.ar\/?product=baterias-litio-li-ion-ffbl2080-20v-8ah"},"modified":"2026-05-03T21:46:41","modified_gmt":"2026-05-04T00:46:41","slug":"baterias-litio-7","status":"publish","type":"product","link":"https:\/\/tienda.rigelec.com.ar\/?product=baterias-litio-7","title":{"rendered":"BATERIAS LITIO LI-ION &#8211; FFBL2080 20V &#8211; 8AH"},"content":{"rendered":"<p>BATERIAS LITIO<\/p>\n<p data-start=\"135\" data-end=\"220\"><strong data-start=\"135\" data-end=\"218\">Bater\u00eda de Litio DCK FFBL2080 \u2013 20V 8.0Ah | M\u00e1xima Potencia y Autonom\u00eda Extrema<\/strong><\/p>\n<p data-start=\"222\" data-end=\"579\">La <strong data-start=\"225\" data-end=\"258\">Bater\u00eda de Litio DCK FFBL2080<\/strong> ofrece <strong data-start=\"266\" data-end=\"285\">20V de potencia<\/strong> y una impresionante <strong data-start=\"306\" data-end=\"328\">capacidad de 8.0Ah<\/strong>, ideal para trabajos prolongados y exigentes donde la autonom\u00eda es clave. Gracias a su tecnolog\u00eda <strong data-start=\"427\" data-end=\"437\">Li-Ion<\/strong>, proporciona un flujo de energ\u00eda constante, sin efecto memoria y con una carga m\u00e1s eficiente, asegurando un rendimiento \u00f3ptimo en cada uso.<\/p>\n<p data-start=\"581\" data-end=\"866\">Su dise\u00f1o robusto y ergon\u00f3mico garantiza un acople firme y seguro en todas las herramientas inal\u00e1mbricas DCK de 20V, mientras que su alta capacidad permite trabajar durante m\u00e1s tiempo sin interrupciones. Perfecta para profesionales que requieren potencia sostenida y m\u00e1xima duraci\u00f3n.<\/p>\n<p data-start=\"868\" data-end=\"901\"><strong data-start=\"868\" data-end=\"899\">Caracter\u00edsticas destacadas:<\/strong><\/p>\n<ul data-start=\"902\" data-end=\"1092\">\n<li data-start=\"902\" data-end=\"919\">\n<p data-start=\"904\" data-end=\"919\">Voltaje: 20V.<\/p>\n<\/li>\n<li data-start=\"920\" data-end=\"941\">\n<p data-start=\"922\" data-end=\"941\">Capacidad: 8.0Ah.<\/p>\n<\/li>\n<li data-start=\"942\" data-end=\"1003\">\n<p data-start=\"944\" data-end=\"1003\">Tecnolog\u00eda Li-Ion: mayor duraci\u00f3n, menor tiempo de carga.<\/p>\n<\/li>\n<li data-start=\"1004\" data-end=\"1045\">\n<p data-start=\"1006\" data-end=\"1045\">Compatible con toda la l\u00ednea DCK 20V.<\/p>\n<\/li>\n<li data-start=\"1046\" data-end=\"1092\">\n<p data-start=\"1048\" data-end=\"1092\">Dise\u00f1o resistente y f\u00e1cil de intercambiar.<\/p>\n<\/li>\n<\/ul>\n","protected":false},"excerpt":{"rendered":"<p>BATER\u00cdAS DE LI-ION 8,0 AH &#8211; VOLTAJE: 20V &#8211; INDICADOR LED DE ENERG\u00cdA DE LA BATER\u00cdA<\/p>\n","protected":false},"featured_media":31249,"comment_status":"open","ping_status":"closed","template":"","meta":{"_monsterinsights_skip_tracking":false,"_monsterinsights_sitenote_active":false,"_monsterinsights_sitenote_note":"","_monsterinsights_sitenote_category":0},"product_brand":[],"product_cat":[366],"product_tag":[479],"class_list":{"0":"post-30989","1":"product","2":"type-product","3":"status-publish","4":"has-post-thumbnail","6":"product_cat-b-electricas","7":"product_tag-dck","9":"first","10":"instock","11":"shipping-taxable","12":"purchasable","13":"product-type-simple"},"yoast_head":"<!-- This site is optimized with the Yoast SEO plugin v25.3.1 - https:\/\/yoast.com\/wordpress\/plugins\/seo\/ -->\n<title>BATERIAS LITIO LI-ION - FFBL2080 20V - 8AH - Tienda Rigelec<\/title>\n<meta name=\"description\" content=\"Tienda Rigelec BATERIAS LITIO LI-ION - FFBL2080 20V - 8AH Tienda Rigelec BATERIAS LITIO LI-ION - FFBL2080 20V - 8AH BATERIAS LITIO\" \/>\n<meta name=\"robots\" content=\"index, follow, max-snippet:-1, max-image-preview:large, max-video-preview:-1\" \/>\n<link rel=\"canonical\" href=\"https:\/\/tienda.rigelec.com.ar\/?product=baterias-litio-7\" \/>\n<meta property=\"og:locale\" content=\"es_ES\" \/>\n<meta property=\"og:type\" content=\"article\" \/>\n<meta property=\"og:title\" content=\"BATERIAS LITIO LI-ION - FFBL2080 20V - 8AH - Tienda Rigelec\" \/>\n<meta property=\"og:description\" content=\"Tienda Rigelec BATERIAS LITIO LI-ION - FFBL2080 20V - 8AH Tienda Rigelec BATERIAS LITIO LI-ION - FFBL2080 20V - 8AH BATERIAS LITIO\" \/>\n<meta property=\"og:url\" content=\"https:\/\/tienda.rigelec.com.ar\/?product=baterias-litio-7\" \/>\n<meta property=\"og:site_name\" content=\"Tienda Rigelec\" \/>\n<meta property=\"article:modified_time\" content=\"2026-05-04T00:46:41+00:00\" \/>\n<meta property=\"og:image\" content=\"https:\/\/tienda.rigelec.com.ar\/wp-content\/uploads\/2025\/08\/white-Photoroom-31.png\" \/>\n\t<meta property=\"og:image:width\" content=\"2000\" \/>\n\t<meta property=\"og:image:height\" content=\"2000\" \/>\n\t<meta property=\"og:image:type\" content=\"image\/png\" \/>\n<meta name=\"twitter:card\" content=\"summary_large_image\" \/>\n<meta name=\"twitter:label1\" content=\"Tiempo de lectura\" \/>\n\t<meta name=\"twitter:data1\" content=\"1 minuto\" \/>\n<script type=\"application\/ld+json\" class=\"yoast-schema-graph\">{\"@context\":\"https:\/\/schema.org\",\"@graph\":[{\"@type\":\"WebPage\",\"@id\":\"https:\/\/tienda.rigelec.com.ar\/?product=baterias-litio-7\",\"url\":\"https:\/\/tienda.rigelec.com.ar\/?product=baterias-litio-7\",\"name\":\"BATERIAS LITIO LI-ION - FFBL2080 20V - 8AH - Tienda Rigelec\",\"isPartOf\":{\"@id\":\"https:\/\/tienda.rigelec.com.ar\/#website\"},\"primaryImageOfPage\":{\"@id\":\"https:\/\/tienda.rigelec.com.ar\/?product=baterias-litio-7#primaryimage\"},\"image\":{\"@id\":\"https:\/\/tienda.rigelec.com.ar\/?product=baterias-litio-7#primaryimage\"},\"thumbnailUrl\":\"https:\/\/tienda.rigelec.com.ar\/wp-content\/uploads\/2025\/08\/white-Photoroom-31.png\",\"datePublished\":\"2025-08-04T17:42:31+00:00\",\"dateModified\":\"2026-05-04T00:46:41+00:00\",\"description\":\"Tienda Rigelec BATERIAS LITIO LI-ION - FFBL2080 20V - 8AH Tienda Rigelec BATERIAS LITIO LI-ION - FFBL2080 20V - 8AH BATERIAS LITIO\",\"breadcrumb\":{\"@id\":\"https:\/\/tienda.rigelec.com.ar\/?product=baterias-litio-7#breadcrumb\"},\"inLanguage\":\"es-AR\",\"potentialAction\":[{\"@type\":\"ReadAction\",\"target\":[\"https:\/\/tienda.rigelec.com.ar\/?product=baterias-litio-7\"]}]},{\"@type\":\"ImageObject\",\"inLanguage\":\"es-AR\",\"@id\":\"https:\/\/tienda.rigelec.com.ar\/?product=baterias-litio-7#primaryimage\",\"url\":\"https:\/\/tienda.rigelec.com.ar\/wp-content\/uploads\/2025\/08\/white-Photoroom-31.png\",\"contentUrl\":\"https:\/\/tienda.rigelec.com.ar\/wp-content\/uploads\/2025\/08\/white-Photoroom-31.png\",\"width\":2000,\"height\":2000},{\"@type\":\"BreadcrumbList\",\"@id\":\"https:\/\/tienda.rigelec.com.ar\/?product=baterias-litio-7#breadcrumb\",\"itemListElement\":[{\"@type\":\"ListItem\",\"position\":1,\"name\":\"Inicio\",\"item\":\"https:\/\/tienda.rigelec.com.ar\/\"},{\"@type\":\"ListItem\",\"position\":2,\"name\":\"Shop\",\"item\":\"https:\/\/tienda.rigelec.com.ar\/?page_id=12\"},{\"@type\":\"ListItem\",\"position\":3,\"name\":\"BATERIAS LITIO LI-ION &#8211; FFBL2080 20V &#8211; 8AH\"}]},{\"@type\":\"WebSite\",\"@id\":\"https:\/\/tienda.rigelec.com.ar\/#website\",\"url\":\"https:\/\/tienda.rigelec.com.ar\/\",\"name\":\"Tienda Rigelec\",\"description\":\"Energia en movimiento\",\"publisher\":{\"@id\":\"https:\/\/tienda.rigelec.com.ar\/#organization\"},\"potentialAction\":[{\"@type\":\"SearchAction\",\"target\":{\"@type\":\"EntryPoint\",\"urlTemplate\":\"https:\/\/tienda.rigelec.com.ar\/?s={search_term_string}\"},\"query-input\":{\"@type\":\"PropertyValueSpecification\",\"valueRequired\":true,\"valueName\":\"search_term_string\"}}],\"inLanguage\":\"es-AR\"},{\"@type\":\"Organization\",\"@id\":\"https:\/\/tienda.rigelec.com.ar\/#organization\",\"name\":\"Tienda Rigelec\",\"url\":\"https:\/\/tienda.rigelec.com.ar\/\",\"logo\":{\"@type\":\"ImageObject\",\"inLanguage\":\"es-AR\",\"@id\":\"https:\/\/tienda.rigelec.com.ar\/#\/schema\/logo\/image\/\",\"url\":\"https:\/\/tienda.rigelec.com.ar\/wp-content\/uploads\/2024\/09\/isologo-blanco-rigelec.png\",\"contentUrl\":\"https:\/\/tienda.rigelec.com.ar\/wp-content\/uploads\/2024\/09\/isologo-blanco-rigelec.png\",\"width\":94,\"height\":97,\"caption\":\"Tienda Rigelec\"},\"image\":{\"@id\":\"https:\/\/tienda.rigelec.com.ar\/#\/schema\/logo\/image\/\"}}]}<\/script>\n<!-- \/ Yoast SEO plugin. -->","yoast_head_json":{"title":"BATERIAS LITIO LI-ION - FFBL2080 20V - 8AH - Tienda Rigelec","description":"Tienda Rigelec BATERIAS LITIO LI-ION - FFBL2080 20V - 8AH Tienda Rigelec BATERIAS LITIO LI-ION - FFBL2080 20V - 8AH BATERIAS LITIO","robots":{"index":"index","follow":"follow","max-snippet":"max-snippet:-1","max-image-preview":"max-image-preview:large","max-video-preview":"max-video-preview:-1"},"canonical":"https:\/\/tienda.rigelec.com.ar\/?product=baterias-litio-7","og_locale":"es_ES","og_type":"article","og_title":"BATERIAS LITIO LI-ION - FFBL2080 20V - 8AH - Tienda Rigelec","og_description":"Tienda Rigelec BATERIAS LITIO LI-ION - FFBL2080 20V - 8AH Tienda Rigelec BATERIAS LITIO LI-ION - FFBL2080 20V - 8AH BATERIAS LITIO","og_url":"https:\/\/tienda.rigelec.com.ar\/?product=baterias-litio-7","og_site_name":"Tienda Rigelec","article_modified_time":"2026-05-04T00:46:41+00:00","og_image":[{"width":2000,"height":2000,"url":"https:\/\/tienda.rigelec.com.ar\/wp-content\/uploads\/2025\/08\/white-Photoroom-31.png","type":"image\/png"}],"twitter_card":"summary_large_image","twitter_misc":{"Tiempo de lectura":"1 minuto"},"schema":{"@context":"https:\/\/schema.org","@graph":[{"@type":"WebPage","@id":"https:\/\/tienda.rigelec.com.ar\/?product=baterias-litio-7","url":"https:\/\/tienda.rigelec.com.ar\/?product=baterias-litio-7","name":"BATERIAS LITIO LI-ION - FFBL2080 20V - 8AH - Tienda Rigelec","isPartOf":{"@id":"https:\/\/tienda.rigelec.com.ar\/#website"},"primaryImageOfPage":{"@id":"https:\/\/tienda.rigelec.com.ar\/?product=baterias-litio-7#primaryimage"},"image":{"@id":"https:\/\/tienda.rigelec.com.ar\/?product=baterias-litio-7#primaryimage"},"thumbnailUrl":"https:\/\/tienda.rigelec.com.ar\/wp-content\/uploads\/2025\/08\/white-Photoroom-31.png","datePublished":"2025-08-04T17:42:31+00:00","dateModified":"2026-05-04T00:46:41+00:00","description":"Tienda Rigelec BATERIAS LITIO LI-ION - FFBL2080 20V - 8AH Tienda Rigelec BATERIAS LITIO LI-ION - FFBL2080 20V - 8AH BATERIAS LITIO","breadcrumb":{"@id":"https:\/\/tienda.rigelec.com.ar\/?product=baterias-litio-7#breadcrumb"},"inLanguage":"es-AR","potentialAction":[{"@type":"ReadAction","target":["https:\/\/tienda.rigelec.com.ar\/?product=baterias-litio-7"]}]},{"@type":"ImageObject","inLanguage":"es-AR","@id":"https:\/\/tienda.rigelec.com.ar\/?product=baterias-litio-7#primaryimage","url":"https:\/\/tienda.rigelec.com.ar\/wp-content\/uploads\/2025\/08\/white-Photoroom-31.png","contentUrl":"https:\/\/tienda.rigelec.com.ar\/wp-content\/uploads\/2025\/08\/white-Photoroom-31.png","width":2000,"height":2000},{"@type":"BreadcrumbList","@id":"https:\/\/tienda.rigelec.com.ar\/?product=baterias-litio-7#breadcrumb","itemListElement":[{"@type":"ListItem","position":1,"name":"Inicio","item":"https:\/\/tienda.rigelec.com.ar\/"},{"@type":"ListItem","position":2,"name":"Shop","item":"https:\/\/tienda.rigelec.com.ar\/?page_id=12"},{"@type":"ListItem","position":3,"name":"BATERIAS LITIO LI-ION &#8211; FFBL2080 20V &#8211; 8AH"}]},{"@type":"WebSite","@id":"https:\/\/tienda.rigelec.com.ar\/#website","url":"https:\/\/tienda.rigelec.com.ar\/","name":"Tienda Rigelec","description":"Energia en movimiento","publisher":{"@id":"https:\/\/tienda.rigelec.com.ar\/#organization"},"potentialAction":[{"@type":"SearchAction","target":{"@type":"EntryPoint","urlTemplate":"https:\/\/tienda.rigelec.com.ar\/?s={search_term_string}"},"query-input":{"@type":"PropertyValueSpecification","valueRequired":true,"valueName":"search_term_string"}}],"inLanguage":"es-AR"},{"@type":"Organization","@id":"https:\/\/tienda.rigelec.com.ar\/#organization","name":"Tienda Rigelec","url":"https:\/\/tienda.rigelec.com.ar\/","logo":{"@type":"ImageObject","inLanguage":"es-AR","@id":"https:\/\/tienda.rigelec.com.ar\/#\/schema\/logo\/image\/","url":"https:\/\/tienda.rigelec.com.ar\/wp-content\/uploads\/2024\/09\/isologo-blanco-rigelec.png","contentUrl":"https:\/\/tienda.rigelec.com.ar\/wp-content\/uploads\/2024\/09\/isologo-blanco-rigelec.png","width":94,"height":97,"caption":"Tienda Rigelec"},"image":{"@id":"https:\/\/tienda.rigelec.com.ar\/#\/schema\/logo\/image\/"}}]}},"jetpack_sharing_enabled":true,"_links":{"self":[{"href":"https:\/\/tienda.rigelec.com.ar\/index.php?rest_route=\/wp\/v2\/product\/30989","targetHints":{"allow":["GET"]}}],"collection":[{"href":"https:\/\/tienda.rigelec.com.ar\/index.php?rest_route=\/wp\/v2\/product"}],"about":[{"href":"https:\/\/tienda.rigelec.com.ar\/index.php?rest_route=\/wp\/v2\/types\/product"}],"replies":[{"embeddable":true,"href":"https:\/\/tienda.rigelec.com.ar\/index.php?rest_route=%2Fwp%2Fv2%2Fcomments&post=30989"}],"wp:featuredmedia":[{"embeddable":true,"href":"https:\/\/tienda.rigelec.com.ar\/index.php?rest_route=\/wp\/v2\/media\/31249"}],"wp:attachment":[{"href":"https:\/\/tienda.rigelec.com.ar\/index.php?rest_route=%2Fwp%2Fv2%2Fmedia&parent=30989"}],"wp:term":[{"taxonomy":"product_brand","embeddable":true,"href":"https:\/\/tienda.rigelec.com.ar\/index.php?rest_route=%2Fwp%2Fv2%2Fproduct_brand&post=30989"},{"taxonomy":"product_cat","embeddable":true,"href":"https:\/\/tienda.rigelec.com.ar\/index.php?rest_route=%2Fwp%2Fv2%2Fproduct_cat&post=30989"},{"taxonomy":"product_tag","embeddable":true,"href":"https:\/\/tienda.rigelec.com.ar\/index.php?rest_route=%2Fwp%2Fv2%2Fproduct_tag&post=30989"}],"curies":[{"name":"wp","href":"https:\/\/api.w.org\/{rel}","templated":true}]}}