{"id":31573,"date":"2025-08-12T11:19:04","date_gmt":"2025-08-12T14:19:04","guid":{"rendered":"https:\/\/tienda.rigelec.com.ar\/?product=diferencial-2x25a-easy9-30ma-230v"},"modified":"2026-05-01T01:12:54","modified_gmt":"2026-05-01T04:12:54","slug":"diferencial-2x25a","status":"publish","type":"product","link":"https:\/\/tienda.rigelec.com.ar\/?product=diferencial-2x25a","title":{"rendered":"DIFERENCIAL 2X25A EASY9 30MA &#8211; 230V"},"content":{"rendered":"<p>DIFERENCIAL 2X25A<\/p>\n<p data-start=\"122\" data-end=\"165\"><strong data-start=\"122\" data-end=\"163\">DIFERENCIAL 2X25A EASY9 \u2013 30mA \u2013 230V<\/strong><\/p>\n<p data-start=\"167\" data-end=\"400\">El <strong data-start=\"170\" data-end=\"203\">interruptor diferencial Easy9<\/strong> de Schneider Electric est\u00e1 dise\u00f1ado para <strong data-start=\"245\" data-end=\"285\">proteger contra descargas el\u00e9ctricas<\/strong> por contacto directo o indirecto y prevenir <strong data-start=\"330\" data-end=\"353\">riesgos de incendio<\/strong> ocasionados por fugas a tierra persistentes.<\/p>\n<p data-start=\"402\" data-end=\"734\">Cuenta con <strong data-start=\"413\" data-end=\"424\">2 polos<\/strong>, corriente nominal de <strong data-start=\"447\" data-end=\"454\">25A<\/strong>, clase de protecci\u00f3n <strong data-start=\"476\" data-end=\"487\">tipo AC<\/strong> y sensibilidad de <strong data-start=\"506\" data-end=\"514\">30mA<\/strong>, siendo ideal para instalaciones residenciales y peque\u00f1os comercios. Incorpora <strong data-start=\"594\" data-end=\"625\">indicador visual de disparo<\/strong> en el panel frontal mediante la posici\u00f3n del asa (grabado en -I) para una r\u00e1pida identificaci\u00f3n de fallos.<\/p>\n<p data-start=\"736\" data-end=\"1022\">Se monta f\u00e1cilmente en <strong data-start=\"759\" data-end=\"771\">riel DIN<\/strong> y cuenta con grado de protecci\u00f3n <strong data-start=\"805\" data-end=\"813\">IP20<\/strong> (IP40 al instalarse en gabinete modular), garantizando seguridad y durabilidad. Fabricado en <strong data-start=\"907\" data-end=\"930\">gris claro RAL 7035<\/strong>, presenta un dise\u00f1o compacto de <strong data-start=\"963\" data-end=\"1019\">36 mm de ancho, 82 mm de alto y 72 mm de profundidad<\/strong>.<\/p>\n<p data-start=\"1024\" data-end=\"1282\">Cumple con la norma <strong data-start=\"1044\" data-end=\"1059\">IEC 61008-1<\/strong> y ofrece una resistencia mec\u00e1nica de hasta <strong data-start=\"1103\" data-end=\"1119\">5.000 ciclos<\/strong> y el\u00e9ctrica de <strong data-start=\"1135\" data-end=\"1151\">2.000 ciclos<\/strong>. Soporta tensi\u00f3n nominal de aislamiento de <strong data-start=\"1195\" data-end=\"1206\">440V AC<\/strong> y tensi\u00f3n de impulso de <strong data-start=\"1231\" data-end=\"1239\">4 kV<\/strong>, operando en frecuencia de <strong data-start=\"1267\" data-end=\"1279\">50\/60 Hz<\/strong>.<\/p>\n","protected":false},"excerpt":{"rendered":"<p>Este producto es un interruptor diferencial (RCCB) Easy9. Se trata de un interruptor autom\u00e1tico 2P con corriente nominal In de 25 A, una sensibilidad de 3 mA con clase de protecci\u00f3n de tipo CA. Este producto protege contra las descargas el\u00e9ctricas mediante el contacto directo o indirecto y contra peligros de incendio. Tambi\u00e9n cuenta con protecci\u00f3n contra peligros de incendio debido a la corriente de fallo a tierra persistente. Este producto tiene indicaciones de contacto positivas con indicaci\u00f3n de disparo de fallo en el panel frontal por la posici\u00f3n del asa (grabado en -I). Este segmento est\u00e1 dedicado al segmento de mercado de edificios residenciales y comerciales peque\u00f1os. Este producto cumple la norma IEC 618-1. La capacidad nominal de corte y de cortocircuito (Im\/m) es de 5 A. La corriente de cortocircuito nominal condicional (Inc\/c) es de 6 A. La resistencia mec\u00e1nica alcanza los 5. ciclos y la resistencia el\u00e9ctrica alcanza los 2. ciclos. El voltaje de funcionamiento del Ue es de 23VCA. La tensi\u00f3n nominal de aislamiento Ui es de 44 V CA. La tensi\u00f3n nominal soportada al impulso Uimp es de 4 kV. La frecuencia es de 5 Hz o 6 Hz. Puede montarse en un segmento DIN. La anchura en tramas de 9 mm es de 4. El color del producto es gris claro (RAL735). Las dimensiones son (An.) 36 mm x (Alt.) 82 mm x (Prof.) 72 mm. Posee un grado de protecci\u00f3n IP2 (seg\u00fan el est\u00e1ndar IEC\/EN 6529) y se convierte en IP4 una vez en un armario modular. La temperatura de funcionamiento es de -5 \u00b0C a 6 \u00b0C. La temperatura de almacenamiento es de -4 \u00b0C a 85 \u00b0C.<\/p>\n","protected":false},"featured_media":31574,"comment_status":"open","ping_status":"closed","template":"","meta":{"_monsterinsights_skip_tracking":false,"_monsterinsights_sitenote_active":false,"_monsterinsights_sitenote_note":"","_monsterinsights_sitenote_category":0},"product_brand":[],"product_cat":[267],"product_tag":[450],"class_list":{"0":"post-31573","1":"product","2":"type-product","3":"status-publish","4":"has-post-thumbnail","6":"product_cat-b-diferencial","7":"product_tag-schneider","9":"first","10":"instock","11":"shipping-taxable","12":"purchasable","13":"product-type-simple"},"yoast_head":"<!-- This site is optimized with the Yoast SEO plugin v25.3.1 - https:\/\/yoast.com\/wordpress\/plugins\/seo\/ -->\n<title>DIFERENCIAL 2X25A EASY9 30MA - 230V - Tienda Rigelec<\/title>\n<meta name=\"description\" content=\"DIFERENCIAL 2X25A EASY9 30MA - 230V Tienda Rigelec DIFERENCIAL 2X25A EASY9 30MA - 230V Tienda Rigelec DIFERENCIAL 2X25A Tienda Rigelec\" \/>\n<meta name=\"robots\" content=\"index, follow, max-snippet:-1, max-image-preview:large, max-video-preview:-1\" \/>\n<link rel=\"canonical\" href=\"https:\/\/tienda.rigelec.com.ar\/?product=diferencial-2x25a\" \/>\n<meta property=\"og:locale\" content=\"es_ES\" \/>\n<meta property=\"og:type\" content=\"article\" \/>\n<meta property=\"og:title\" content=\"DIFERENCIAL 2X25A EASY9 30MA - 230V - Tienda Rigelec\" \/>\n<meta property=\"og:description\" content=\"DIFERENCIAL 2X25A EASY9 30MA - 230V Tienda Rigelec DIFERENCIAL 2X25A EASY9 30MA - 230V Tienda Rigelec DIFERENCIAL 2X25A Tienda Rigelec\" \/>\n<meta property=\"og:url\" content=\"https:\/\/tienda.rigelec.com.ar\/?product=diferencial-2x25a\" \/>\n<meta property=\"og:site_name\" content=\"Tienda Rigelec\" \/>\n<meta property=\"article:modified_time\" content=\"2026-05-01T04:12:54+00:00\" \/>\n<meta property=\"og:image\" content=\"https:\/\/tienda.rigelec.com.ar\/wp-content\/uploads\/2025\/08\/DIFERENCIAL2X25A.jpg\" \/>\n\t<meta property=\"og:image:width\" content=\"1080\" \/>\n\t<meta property=\"og:image:height\" content=\"1080\" \/>\n\t<meta property=\"og:image:type\" content=\"image\/jpeg\" \/>\n<meta name=\"twitter:card\" content=\"summary_large_image\" \/>\n<meta name=\"twitter:label1\" content=\"Tiempo de lectura\" \/>\n\t<meta name=\"twitter:data1\" content=\"1 minuto\" \/>\n<script type=\"application\/ld+json\" class=\"yoast-schema-graph\">{\"@context\":\"https:\/\/schema.org\",\"@graph\":[{\"@type\":\"WebPage\",\"@id\":\"https:\/\/tienda.rigelec.com.ar\/?product=diferencial-2x25a\",\"url\":\"https:\/\/tienda.rigelec.com.ar\/?product=diferencial-2x25a\",\"name\":\"DIFERENCIAL 2X25A EASY9 30MA - 230V - Tienda Rigelec\",\"isPartOf\":{\"@id\":\"https:\/\/tienda.rigelec.com.ar\/#website\"},\"primaryImageOfPage\":{\"@id\":\"https:\/\/tienda.rigelec.com.ar\/?product=diferencial-2x25a#primaryimage\"},\"image\":{\"@id\":\"https:\/\/tienda.rigelec.com.ar\/?product=diferencial-2x25a#primaryimage\"},\"thumbnailUrl\":\"https:\/\/tienda.rigelec.com.ar\/wp-content\/uploads\/2025\/08\/DIFERENCIAL2X25A.jpg\",\"datePublished\":\"2025-08-12T14:19:04+00:00\",\"dateModified\":\"2026-05-01T04:12:54+00:00\",\"description\":\"DIFERENCIAL 2X25A EASY9 30MA - 230V Tienda Rigelec DIFERENCIAL 2X25A EASY9 30MA - 230V Tienda Rigelec DIFERENCIAL 2X25A Tienda Rigelec\",\"breadcrumb\":{\"@id\":\"https:\/\/tienda.rigelec.com.ar\/?product=diferencial-2x25a#breadcrumb\"},\"inLanguage\":\"es-AR\",\"potentialAction\":[{\"@type\":\"ReadAction\",\"target\":[\"https:\/\/tienda.rigelec.com.ar\/?product=diferencial-2x25a\"]}]},{\"@type\":\"ImageObject\",\"inLanguage\":\"es-AR\",\"@id\":\"https:\/\/tienda.rigelec.com.ar\/?product=diferencial-2x25a#primaryimage\",\"url\":\"https:\/\/tienda.rigelec.com.ar\/wp-content\/uploads\/2025\/08\/DIFERENCIAL2X25A.jpg\",\"contentUrl\":\"https:\/\/tienda.rigelec.com.ar\/wp-content\/uploads\/2025\/08\/DIFERENCIAL2X25A.jpg\",\"width\":1080,\"height\":1080},{\"@type\":\"BreadcrumbList\",\"@id\":\"https:\/\/tienda.rigelec.com.ar\/?product=diferencial-2x25a#breadcrumb\",\"itemListElement\":[{\"@type\":\"ListItem\",\"position\":1,\"name\":\"Inicio\",\"item\":\"https:\/\/tienda.rigelec.com.ar\/\"},{\"@type\":\"ListItem\",\"position\":2,\"name\":\"Shop\",\"item\":\"https:\/\/tienda.rigelec.com.ar\/?page_id=12\"},{\"@type\":\"ListItem\",\"position\":3,\"name\":\"DIFERENCIAL 2X25A EASY9 30MA &#8211; 230V\"}]},{\"@type\":\"WebSite\",\"@id\":\"https:\/\/tienda.rigelec.com.ar\/#website\",\"url\":\"https:\/\/tienda.rigelec.com.ar\/\",\"name\":\"Tienda Rigelec\",\"description\":\"Energia en movimiento\",\"publisher\":{\"@id\":\"https:\/\/tienda.rigelec.com.ar\/#organization\"},\"potentialAction\":[{\"@type\":\"SearchAction\",\"target\":{\"@type\":\"EntryPoint\",\"urlTemplate\":\"https:\/\/tienda.rigelec.com.ar\/?s={search_term_string}\"},\"query-input\":{\"@type\":\"PropertyValueSpecification\",\"valueRequired\":true,\"valueName\":\"search_term_string\"}}],\"inLanguage\":\"es-AR\"},{\"@type\":\"Organization\",\"@id\":\"https:\/\/tienda.rigelec.com.ar\/#organization\",\"name\":\"Tienda Rigelec\",\"url\":\"https:\/\/tienda.rigelec.com.ar\/\",\"logo\":{\"@type\":\"ImageObject\",\"inLanguage\":\"es-AR\",\"@id\":\"https:\/\/tienda.rigelec.com.ar\/#\/schema\/logo\/image\/\",\"url\":\"https:\/\/tienda.rigelec.com.ar\/wp-content\/uploads\/2024\/09\/isologo-blanco-rigelec.png\",\"contentUrl\":\"https:\/\/tienda.rigelec.com.ar\/wp-content\/uploads\/2024\/09\/isologo-blanco-rigelec.png\",\"width\":94,\"height\":97,\"caption\":\"Tienda Rigelec\"},\"image\":{\"@id\":\"https:\/\/tienda.rigelec.com.ar\/#\/schema\/logo\/image\/\"}}]}<\/script>\n<!-- \/ Yoast SEO plugin. -->","yoast_head_json":{"title":"DIFERENCIAL 2X25A EASY9 30MA - 230V - Tienda Rigelec","description":"DIFERENCIAL 2X25A EASY9 30MA - 230V Tienda Rigelec DIFERENCIAL 2X25A EASY9 30MA - 230V Tienda Rigelec DIFERENCIAL 2X25A Tienda Rigelec","robots":{"index":"index","follow":"follow","max-snippet":"max-snippet:-1","max-image-preview":"max-image-preview:large","max-video-preview":"max-video-preview:-1"},"canonical":"https:\/\/tienda.rigelec.com.ar\/?product=diferencial-2x25a","og_locale":"es_ES","og_type":"article","og_title":"DIFERENCIAL 2X25A EASY9 30MA - 230V - Tienda Rigelec","og_description":"DIFERENCIAL 2X25A EASY9 30MA - 230V Tienda Rigelec DIFERENCIAL 2X25A EASY9 30MA - 230V Tienda Rigelec DIFERENCIAL 2X25A Tienda Rigelec","og_url":"https:\/\/tienda.rigelec.com.ar\/?product=diferencial-2x25a","og_site_name":"Tienda Rigelec","article_modified_time":"2026-05-01T04:12:54+00:00","og_image":[{"width":1080,"height":1080,"url":"https:\/\/tienda.rigelec.com.ar\/wp-content\/uploads\/2025\/08\/DIFERENCIAL2X25A.jpg","type":"image\/jpeg"}],"twitter_card":"summary_large_image","twitter_misc":{"Tiempo de lectura":"1 minuto"},"schema":{"@context":"https:\/\/schema.org","@graph":[{"@type":"WebPage","@id":"https:\/\/tienda.rigelec.com.ar\/?product=diferencial-2x25a","url":"https:\/\/tienda.rigelec.com.ar\/?product=diferencial-2x25a","name":"DIFERENCIAL 2X25A EASY9 30MA - 230V - Tienda Rigelec","isPartOf":{"@id":"https:\/\/tienda.rigelec.com.ar\/#website"},"primaryImageOfPage":{"@id":"https:\/\/tienda.rigelec.com.ar\/?product=diferencial-2x25a#primaryimage"},"image":{"@id":"https:\/\/tienda.rigelec.com.ar\/?product=diferencial-2x25a#primaryimage"},"thumbnailUrl":"https:\/\/tienda.rigelec.com.ar\/wp-content\/uploads\/2025\/08\/DIFERENCIAL2X25A.jpg","datePublished":"2025-08-12T14:19:04+00:00","dateModified":"2026-05-01T04:12:54+00:00","description":"DIFERENCIAL 2X25A EASY9 30MA - 230V Tienda Rigelec DIFERENCIAL 2X25A EASY9 30MA - 230V Tienda Rigelec DIFERENCIAL 2X25A Tienda Rigelec","breadcrumb":{"@id":"https:\/\/tienda.rigelec.com.ar\/?product=diferencial-2x25a#breadcrumb"},"inLanguage":"es-AR","potentialAction":[{"@type":"ReadAction","target":["https:\/\/tienda.rigelec.com.ar\/?product=diferencial-2x25a"]}]},{"@type":"ImageObject","inLanguage":"es-AR","@id":"https:\/\/tienda.rigelec.com.ar\/?product=diferencial-2x25a#primaryimage","url":"https:\/\/tienda.rigelec.com.ar\/wp-content\/uploads\/2025\/08\/DIFERENCIAL2X25A.jpg","contentUrl":"https:\/\/tienda.rigelec.com.ar\/wp-content\/uploads\/2025\/08\/DIFERENCIAL2X25A.jpg","width":1080,"height":1080},{"@type":"BreadcrumbList","@id":"https:\/\/tienda.rigelec.com.ar\/?product=diferencial-2x25a#breadcrumb","itemListElement":[{"@type":"ListItem","position":1,"name":"Inicio","item":"https:\/\/tienda.rigelec.com.ar\/"},{"@type":"ListItem","position":2,"name":"Shop","item":"https:\/\/tienda.rigelec.com.ar\/?page_id=12"},{"@type":"ListItem","position":3,"name":"DIFERENCIAL 2X25A EASY9 30MA &#8211; 230V"}]},{"@type":"WebSite","@id":"https:\/\/tienda.rigelec.com.ar\/#website","url":"https:\/\/tienda.rigelec.com.ar\/","name":"Tienda Rigelec","description":"Energia en movimiento","publisher":{"@id":"https:\/\/tienda.rigelec.com.ar\/#organization"},"potentialAction":[{"@type":"SearchAction","target":{"@type":"EntryPoint","urlTemplate":"https:\/\/tienda.rigelec.com.ar\/?s={search_term_string}"},"query-input":{"@type":"PropertyValueSpecification","valueRequired":true,"valueName":"search_term_string"}}],"inLanguage":"es-AR"},{"@type":"Organization","@id":"https:\/\/tienda.rigelec.com.ar\/#organization","name":"Tienda Rigelec","url":"https:\/\/tienda.rigelec.com.ar\/","logo":{"@type":"ImageObject","inLanguage":"es-AR","@id":"https:\/\/tienda.rigelec.com.ar\/#\/schema\/logo\/image\/","url":"https:\/\/tienda.rigelec.com.ar\/wp-content\/uploads\/2024\/09\/isologo-blanco-rigelec.png","contentUrl":"https:\/\/tienda.rigelec.com.ar\/wp-content\/uploads\/2024\/09\/isologo-blanco-rigelec.png","width":94,"height":97,"caption":"Tienda Rigelec"},"image":{"@id":"https:\/\/tienda.rigelec.com.ar\/#\/schema\/logo\/image\/"}}]}},"jetpack_sharing_enabled":true,"_links":{"self":[{"href":"https:\/\/tienda.rigelec.com.ar\/index.php?rest_route=\/wp\/v2\/product\/31573","targetHints":{"allow":["GET"]}}],"collection":[{"href":"https:\/\/tienda.rigelec.com.ar\/index.php?rest_route=\/wp\/v2\/product"}],"about":[{"href":"https:\/\/tienda.rigelec.com.ar\/index.php?rest_route=\/wp\/v2\/types\/product"}],"replies":[{"embeddable":true,"href":"https:\/\/tienda.rigelec.com.ar\/index.php?rest_route=%2Fwp%2Fv2%2Fcomments&post=31573"}],"wp:featuredmedia":[{"embeddable":true,"href":"https:\/\/tienda.rigelec.com.ar\/index.php?rest_route=\/wp\/v2\/media\/31574"}],"wp:attachment":[{"href":"https:\/\/tienda.rigelec.com.ar\/index.php?rest_route=%2Fwp%2Fv2%2Fmedia&parent=31573"}],"wp:term":[{"taxonomy":"product_brand","embeddable":true,"href":"https:\/\/tienda.rigelec.com.ar\/index.php?rest_route=%2Fwp%2Fv2%2Fproduct_brand&post=31573"},{"taxonomy":"product_cat","embeddable":true,"href":"https:\/\/tienda.rigelec.com.ar\/index.php?rest_route=%2Fwp%2Fv2%2Fproduct_cat&post=31573"},{"taxonomy":"product_tag","embeddable":true,"href":"https:\/\/tienda.rigelec.com.ar\/index.php?rest_route=%2Fwp%2Fv2%2Fproduct_tag&post=31573"}],"curies":[{"name":"wp","href":"https:\/\/api.w.org\/{rel}","templated":true}]}}