{"id":32386,"date":"2025-09-17T15:01:02","date_gmt":"2025-09-17T18:01:02","guid":{"rendered":"https:\/\/tienda.rigelec.com.ar\/?product=colgante-led-blanco-luz-calida-ring-1-dali-75w-900mm"},"modified":"2026-05-01T15:25:23","modified_gmt":"2026-05-01T18:25:23","slug":"colgante-led-blanco-luz-calida-ring-1-dali-75w-900mm","status":"publish","type":"product","link":"https:\/\/tienda.rigelec.com.ar\/?product=colgante-led-blanco-luz-calida-ring-1-dali-75w-900mm","title":{"rendered":"COLGANTE LED BLANCO LUZ  CALIDA RING 1 DALI 75W &#8211; 900MM"},"content":{"rendered":"<p>COLGANTE LED BLANCO LUZ  CALIDA<\/p>\n","protected":false},"excerpt":{"rendered":"<p>RING es una familia de productos que nos transporta a mundo de elegancia y ligereza. Con sus estilizadas formas curvas y su discreta, pero funcional emisi\u00f3n de luz, crea un espacio completamente llamativo e inigualable. Esta familia posee la particularidad de generar diversas combinaciones en las figuras, permitiendo potenciar la creatividad a la hora de dise\u00f1ar los espacios. Es una l\u00ednea de productos vers\u00e1til que puede instalarse suspendida, de emisi\u00f3n de luz directa o indirecta, as\u00ed como tambi\u00e9n permite la combinar cuartos y medios que forman diferentes figuras. Encontramos en la familia RING dos modelos diferentes de perfil fino y ancho. Ambos construidos en perfiler\u00eda de aluminio con un acabado en pintura epoxi y difusor opalino, generando una emisi\u00f3n de luz pareja, eficiente y funcional.<br \/>\nLUMENES: 9500<br \/>\nLm\/W:125<\/p>\n","protected":false},"featured_media":32387,"comment_status":"open","ping_status":"closed","template":"","meta":{"_monsterinsights_skip_tracking":false,"_monsterinsights_sitenote_active":false,"_monsterinsights_sitenote_note":"","_monsterinsights_sitenote_category":0},"product_brand":[],"product_cat":[181],"product_tag":[462],"class_list":{"0":"post-32386","1":"product","2":"type-product","3":"status-publish","4":"has-post-thumbnail","6":"product_cat-a-colgantes","7":"product_tag-artelum","9":"first","10":"outofstock","11":"shipping-taxable","12":"purchasable","13":"product-type-simple"},"yoast_head":"<!-- This site is optimized with the Yoast SEO plugin v25.3.1 - https:\/\/yoast.com\/wordpress\/plugins\/seo\/ -->\n<title>COLGANTE LED BLANCO LUZ CALIDA RING 1 DALI 75W - 900MM - Tienda Rigelec<\/title>\n<meta name=\"robots\" content=\"index, follow, max-snippet:-1, max-image-preview:large, max-video-preview:-1\" \/>\n<link rel=\"canonical\" href=\"https:\/\/tienda.rigelec.com.ar\/?product=colgante-led-blanco-luz-calida-ring-1-dali-75w-900mm\" \/>\n<meta property=\"og:locale\" content=\"es_ES\" \/>\n<meta property=\"og:type\" content=\"article\" \/>\n<meta property=\"og:title\" content=\"COLGANTE LED BLANCO LUZ CALIDA RING 1 DALI 75W - 900MM - Tienda Rigelec\" \/>\n<meta property=\"og:description\" content=\"RING es una familia de productos que nos transporta a mundo de elegancia y ligereza. Con sus estilizadas formas curvas y su discreta, pero funcional emisi\u00f3n de luz, crea un espacio completamente llamativo e inigualable. Esta familia posee la particularidad de generar diversas combinaciones en las figuras, permitiendo potenciar la creatividad a la hora de dise\u00f1ar los espacios. Es una l\u00ednea de productos vers\u00e1til que puede instalarse suspendida, de emisi\u00f3n de luz directa o indirecta, as\u00ed como tambi\u00e9n permite la combinar cuartos y medios que forman diferentes figuras. Encontramos en la familia RING dos modelos diferentes de perfil fino y ancho. Ambos construidos en perfiler\u00eda de aluminio con un acabado en pintura epoxi y difusor opalino, generando una emisi\u00f3n de luz pareja, eficiente y funcional. LUMENES: 9500 Lm\/W:125\" \/>\n<meta property=\"og:url\" content=\"https:\/\/tienda.rigelec.com.ar\/?product=colgante-led-blanco-luz-calida-ring-1-dali-75w-900mm\" \/>\n<meta property=\"og:site_name\" content=\"Tienda Rigelec\" \/>\n<meta property=\"article:modified_time\" content=\"2026-05-01T18:25:23+00:00\" \/>\n<meta name=\"twitter:card\" content=\"summary_large_image\" \/>\n<script type=\"application\/ld+json\" class=\"yoast-schema-graph\">{\"@context\":\"https:\/\/schema.org\",\"@graph\":[{\"@type\":\"WebPage\",\"@id\":\"https:\/\/tienda.rigelec.com.ar\/?product=colgante-led-blanco-luz-calida-ring-1-dali-75w-900mm\",\"url\":\"https:\/\/tienda.rigelec.com.ar\/?product=colgante-led-blanco-luz-calida-ring-1-dali-75w-900mm\",\"name\":\"COLGANTE LED BLANCO LUZ CALIDA RING 1 DALI 75W - 900MM - Tienda Rigelec\",\"isPartOf\":{\"@id\":\"https:\/\/tienda.rigelec.com.ar\/#website\"},\"primaryImageOfPage\":{\"@id\":\"https:\/\/tienda.rigelec.com.ar\/?product=colgante-led-blanco-luz-calida-ring-1-dali-75w-900mm#primaryimage\"},\"image\":{\"@id\":\"https:\/\/tienda.rigelec.com.ar\/?product=colgante-led-blanco-luz-calida-ring-1-dali-75w-900mm#primaryimage\"},\"thumbnailUrl\":\"https:\/\/tienda.rigelec.com.ar\/wp-content\/uploads\/2025\/09\/COLGANTELEDBLANCOLUZCALIDA-1.jpg\",\"datePublished\":\"2025-09-17T18:01:02+00:00\",\"dateModified\":\"2026-05-01T18:25:23+00:00\",\"breadcrumb\":{\"@id\":\"https:\/\/tienda.rigelec.com.ar\/?product=colgante-led-blanco-luz-calida-ring-1-dali-75w-900mm#breadcrumb\"},\"inLanguage\":\"es-AR\",\"potentialAction\":[{\"@type\":\"ReadAction\",\"target\":[\"https:\/\/tienda.rigelec.com.ar\/?product=colgante-led-blanco-luz-calida-ring-1-dali-75w-900mm\"]}]},{\"@type\":\"ImageObject\",\"inLanguage\":\"es-AR\",\"@id\":\"https:\/\/tienda.rigelec.com.ar\/?product=colgante-led-blanco-luz-calida-ring-1-dali-75w-900mm#primaryimage\",\"url\":\"https:\/\/tienda.rigelec.com.ar\/wp-content\/uploads\/2025\/09\/COLGANTELEDBLANCOLUZCALIDA-1.jpg\",\"contentUrl\":\"https:\/\/tienda.rigelec.com.ar\/wp-content\/uploads\/2025\/09\/COLGANTELEDBLANCOLUZCALIDA-1.jpg\",\"width\":1080,\"height\":1080},{\"@type\":\"BreadcrumbList\",\"@id\":\"https:\/\/tienda.rigelec.com.ar\/?product=colgante-led-blanco-luz-calida-ring-1-dali-75w-900mm#breadcrumb\",\"itemListElement\":[{\"@type\":\"ListItem\",\"position\":1,\"name\":\"Inicio\",\"item\":\"https:\/\/tienda.rigelec.com.ar\/\"},{\"@type\":\"ListItem\",\"position\":2,\"name\":\"Shop\",\"item\":\"https:\/\/tienda.rigelec.com.ar\/?page_id=12\"},{\"@type\":\"ListItem\",\"position\":3,\"name\":\"COLGANTE LED BLANCO LUZ CALIDA RING 1 DALI 75W &#8211; 900MM\"}]},{\"@type\":\"WebSite\",\"@id\":\"https:\/\/tienda.rigelec.com.ar\/#website\",\"url\":\"https:\/\/tienda.rigelec.com.ar\/\",\"name\":\"Tienda Rigelec\",\"description\":\"Energia en movimiento\",\"publisher\":{\"@id\":\"https:\/\/tienda.rigelec.com.ar\/#organization\"},\"potentialAction\":[{\"@type\":\"SearchAction\",\"target\":{\"@type\":\"EntryPoint\",\"urlTemplate\":\"https:\/\/tienda.rigelec.com.ar\/?s={search_term_string}\"},\"query-input\":{\"@type\":\"PropertyValueSpecification\",\"valueRequired\":true,\"valueName\":\"search_term_string\"}}],\"inLanguage\":\"es-AR\"},{\"@type\":\"Organization\",\"@id\":\"https:\/\/tienda.rigelec.com.ar\/#organization\",\"name\":\"Tienda Rigelec\",\"url\":\"https:\/\/tienda.rigelec.com.ar\/\",\"logo\":{\"@type\":\"ImageObject\",\"inLanguage\":\"es-AR\",\"@id\":\"https:\/\/tienda.rigelec.com.ar\/#\/schema\/logo\/image\/\",\"url\":\"https:\/\/tienda.rigelec.com.ar\/wp-content\/uploads\/2024\/09\/isologo-blanco-rigelec.png\",\"contentUrl\":\"https:\/\/tienda.rigelec.com.ar\/wp-content\/uploads\/2024\/09\/isologo-blanco-rigelec.png\",\"width\":94,\"height\":97,\"caption\":\"Tienda Rigelec\"},\"image\":{\"@id\":\"https:\/\/tienda.rigelec.com.ar\/#\/schema\/logo\/image\/\"}}]}<\/script>\n<!-- \/ Yoast SEO plugin. -->","yoast_head_json":{"title":"COLGANTE LED BLANCO LUZ CALIDA RING 1 DALI 75W - 900MM - Tienda Rigelec","robots":{"index":"index","follow":"follow","max-snippet":"max-snippet:-1","max-image-preview":"max-image-preview:large","max-video-preview":"max-video-preview:-1"},"canonical":"https:\/\/tienda.rigelec.com.ar\/?product=colgante-led-blanco-luz-calida-ring-1-dali-75w-900mm","og_locale":"es_ES","og_type":"article","og_title":"COLGANTE LED BLANCO LUZ CALIDA RING 1 DALI 75W - 900MM - Tienda Rigelec","og_description":"RING es una familia de productos que nos transporta a mundo de elegancia y ligereza. Con sus estilizadas formas curvas y su discreta, pero funcional emisi\u00f3n de luz, crea un espacio completamente llamativo e inigualable. Esta familia posee la particularidad de generar diversas combinaciones en las figuras, permitiendo potenciar la creatividad a la hora de dise\u00f1ar los espacios. Es una l\u00ednea de productos vers\u00e1til que puede instalarse suspendida, de emisi\u00f3n de luz directa o indirecta, as\u00ed como tambi\u00e9n permite la combinar cuartos y medios que forman diferentes figuras. Encontramos en la familia RING dos modelos diferentes de perfil fino y ancho. Ambos construidos en perfiler\u00eda de aluminio con un acabado en pintura epoxi y difusor opalino, generando una emisi\u00f3n de luz pareja, eficiente y funcional. LUMENES: 9500 Lm\/W:125","og_url":"https:\/\/tienda.rigelec.com.ar\/?product=colgante-led-blanco-luz-calida-ring-1-dali-75w-900mm","og_site_name":"Tienda Rigelec","article_modified_time":"2026-05-01T18:25:23+00:00","twitter_card":"summary_large_image","schema":{"@context":"https:\/\/schema.org","@graph":[{"@type":"WebPage","@id":"https:\/\/tienda.rigelec.com.ar\/?product=colgante-led-blanco-luz-calida-ring-1-dali-75w-900mm","url":"https:\/\/tienda.rigelec.com.ar\/?product=colgante-led-blanco-luz-calida-ring-1-dali-75w-900mm","name":"COLGANTE LED BLANCO LUZ CALIDA RING 1 DALI 75W - 900MM - Tienda Rigelec","isPartOf":{"@id":"https:\/\/tienda.rigelec.com.ar\/#website"},"primaryImageOfPage":{"@id":"https:\/\/tienda.rigelec.com.ar\/?product=colgante-led-blanco-luz-calida-ring-1-dali-75w-900mm#primaryimage"},"image":{"@id":"https:\/\/tienda.rigelec.com.ar\/?product=colgante-led-blanco-luz-calida-ring-1-dali-75w-900mm#primaryimage"},"thumbnailUrl":"https:\/\/tienda.rigelec.com.ar\/wp-content\/uploads\/2025\/09\/COLGANTELEDBLANCOLUZCALIDA-1.jpg","datePublished":"2025-09-17T18:01:02+00:00","dateModified":"2026-05-01T18:25:23+00:00","breadcrumb":{"@id":"https:\/\/tienda.rigelec.com.ar\/?product=colgante-led-blanco-luz-calida-ring-1-dali-75w-900mm#breadcrumb"},"inLanguage":"es-AR","potentialAction":[{"@type":"ReadAction","target":["https:\/\/tienda.rigelec.com.ar\/?product=colgante-led-blanco-luz-calida-ring-1-dali-75w-900mm"]}]},{"@type":"ImageObject","inLanguage":"es-AR","@id":"https:\/\/tienda.rigelec.com.ar\/?product=colgante-led-blanco-luz-calida-ring-1-dali-75w-900mm#primaryimage","url":"https:\/\/tienda.rigelec.com.ar\/wp-content\/uploads\/2025\/09\/COLGANTELEDBLANCOLUZCALIDA-1.jpg","contentUrl":"https:\/\/tienda.rigelec.com.ar\/wp-content\/uploads\/2025\/09\/COLGANTELEDBLANCOLUZCALIDA-1.jpg","width":1080,"height":1080},{"@type":"BreadcrumbList","@id":"https:\/\/tienda.rigelec.com.ar\/?product=colgante-led-blanco-luz-calida-ring-1-dali-75w-900mm#breadcrumb","itemListElement":[{"@type":"ListItem","position":1,"name":"Inicio","item":"https:\/\/tienda.rigelec.com.ar\/"},{"@type":"ListItem","position":2,"name":"Shop","item":"https:\/\/tienda.rigelec.com.ar\/?page_id=12"},{"@type":"ListItem","position":3,"name":"COLGANTE LED BLANCO LUZ CALIDA RING 1 DALI 75W &#8211; 900MM"}]},{"@type":"WebSite","@id":"https:\/\/tienda.rigelec.com.ar\/#website","url":"https:\/\/tienda.rigelec.com.ar\/","name":"Tienda Rigelec","description":"Energia en movimiento","publisher":{"@id":"https:\/\/tienda.rigelec.com.ar\/#organization"},"potentialAction":[{"@type":"SearchAction","target":{"@type":"EntryPoint","urlTemplate":"https:\/\/tienda.rigelec.com.ar\/?s={search_term_string}"},"query-input":{"@type":"PropertyValueSpecification","valueRequired":true,"valueName":"search_term_string"}}],"inLanguage":"es-AR"},{"@type":"Organization","@id":"https:\/\/tienda.rigelec.com.ar\/#organization","name":"Tienda Rigelec","url":"https:\/\/tienda.rigelec.com.ar\/","logo":{"@type":"ImageObject","inLanguage":"es-AR","@id":"https:\/\/tienda.rigelec.com.ar\/#\/schema\/logo\/image\/","url":"https:\/\/tienda.rigelec.com.ar\/wp-content\/uploads\/2024\/09\/isologo-blanco-rigelec.png","contentUrl":"https:\/\/tienda.rigelec.com.ar\/wp-content\/uploads\/2024\/09\/isologo-blanco-rigelec.png","width":94,"height":97,"caption":"Tienda Rigelec"},"image":{"@id":"https:\/\/tienda.rigelec.com.ar\/#\/schema\/logo\/image\/"}}]}},"jetpack_sharing_enabled":true,"_links":{"self":[{"href":"https:\/\/tienda.rigelec.com.ar\/index.php?rest_route=\/wp\/v2\/product\/32386","targetHints":{"allow":["GET"]}}],"collection":[{"href":"https:\/\/tienda.rigelec.com.ar\/index.php?rest_route=\/wp\/v2\/product"}],"about":[{"href":"https:\/\/tienda.rigelec.com.ar\/index.php?rest_route=\/wp\/v2\/types\/product"}],"replies":[{"embeddable":true,"href":"https:\/\/tienda.rigelec.com.ar\/index.php?rest_route=%2Fwp%2Fv2%2Fcomments&post=32386"}],"wp:featuredmedia":[{"embeddable":true,"href":"https:\/\/tienda.rigelec.com.ar\/index.php?rest_route=\/wp\/v2\/media\/32387"}],"wp:attachment":[{"href":"https:\/\/tienda.rigelec.com.ar\/index.php?rest_route=%2Fwp%2Fv2%2Fmedia&parent=32386"}],"wp:term":[{"taxonomy":"product_brand","embeddable":true,"href":"https:\/\/tienda.rigelec.com.ar\/index.php?rest_route=%2Fwp%2Fv2%2Fproduct_brand&post=32386"},{"taxonomy":"product_cat","embeddable":true,"href":"https:\/\/tienda.rigelec.com.ar\/index.php?rest_route=%2Fwp%2Fv2%2Fproduct_cat&post=32386"},{"taxonomy":"product_tag","embeddable":true,"href":"https:\/\/tienda.rigelec.com.ar\/index.php?rest_route=%2Fwp%2Fv2%2Fproduct_tag&post=32386"}],"curies":[{"name":"wp","href":"https:\/\/api.w.org\/{rel}","templated":true}]}}