{"id":32479,"date":"2025-09-25T11:00:52","date_gmt":"2025-09-25T14:00:52","guid":{"rendered":"https:\/\/tienda.rigelec.com.ar\/?product=metro-cable-unipolar-rojo-flexible-clase-4-eco-1x25mm"},"modified":"2026-05-01T05:43:45","modified_gmt":"2026-05-01T08:43:45","slug":"metro-cable-unipolar-rojo-flexible-clase-4-eco-1x25mm","status":"publish","type":"product","link":"https:\/\/tienda.rigelec.com.ar\/?product=metro-cable-unipolar-rojo-flexible-clase-4-eco-1x25mm","title":{"rendered":"METRO CABLE UNIPOLAR ROJO FLEXIBLE CLASE 4 ECO 1X25MM"},"content":{"rendered":"<p>METRO CABLE UNIPOLAR ROJO<\/p>\n","protected":false},"excerpt":{"rendered":"<p>Cuerda flexible de cobre recocido (IRAM-NM 280, clase 4), aislado con una capa de compuesto de PVC especial contra llama\u00ae, que le infiere al cable excelentes propiedades de deslizamiento y flexibilidad.<br \/>\nTensi\u00f3n nominal de servicio 450\/750 voltios en corriente alterna.<br \/>\nAptos para un rango de temperatura de servicio entre -5\u00baC y 70\u00baC.<\/p>\n<p>APLICACI\u00d3N<br \/>\nPara instalaciones fijas interiores, domiciliarias o industriales, tendido en ca\u00f1er\u00eda met\u00e1licas o pl\u00e1sticas, dentro de mamposter\u00eda.<br \/>\nUtilizado para iluminaci\u00f3n y distribuci\u00f3n de energ\u00eda en el interior de edificios civiles e industriales.<\/p>\n","protected":false},"featured_media":32480,"comment_status":"open","ping_status":"closed","template":"","meta":{"_monsterinsights_skip_tracking":false,"_monsterinsights_sitenote_active":false,"_monsterinsights_sitenote_note":"","_monsterinsights_sitenote_category":0},"product_brand":[],"product_cat":[220],"product_tag":[54],"class_list":{"0":"post-32479","1":"product","2":"type-product","3":"status-publish","4":"has-post-thumbnail","6":"product_cat-a-unipolar","7":"product_tag-argenplas","9":"first","10":"outofstock","11":"shipping-taxable","12":"purchasable","13":"product-type-simple"},"yoast_head":"<!-- This site is optimized with the Yoast SEO plugin v25.3.1 - https:\/\/yoast.com\/wordpress\/plugins\/seo\/ -->\n<title>METRO CABLE UNIPOLAR ROJO FLEXIBLE CLASE 4 ECO 1X25MM - Tienda Rigelec<\/title>\n<meta name=\"robots\" content=\"index, follow, max-snippet:-1, max-image-preview:large, max-video-preview:-1\" \/>\n<link rel=\"canonical\" href=\"https:\/\/tienda.rigelec.com.ar\/?product=metro-cable-unipolar-rojo-flexible-clase-4-eco-1x25mm\" \/>\n<meta property=\"og:locale\" content=\"es_ES\" \/>\n<meta property=\"og:type\" content=\"article\" \/>\n<meta property=\"og:title\" content=\"METRO CABLE UNIPOLAR ROJO FLEXIBLE CLASE 4 ECO 1X25MM - Tienda Rigelec\" \/>\n<meta property=\"og:description\" content=\"Cuerda flexible de cobre recocido (IRAM-NM 280, clase 4), aislado con una capa de compuesto de PVC especial contra llama\u00ae, que le infiere al cable excelentes propiedades de deslizamiento y flexibilidad. Tensi\u00f3n nominal de servicio 450\/750 voltios en corriente alterna. Aptos para un rango de temperatura de servicio entre -5\u00baC y 70\u00baC.  APLICACI\u00d3N Para instalaciones fijas interiores, domiciliarias o industriales, tendido en ca\u00f1er\u00eda met\u00e1licas o pl\u00e1sticas, dentro de mamposter\u00eda. Utilizado para iluminaci\u00f3n y distribuci\u00f3n de energ\u00eda en el interior de edificios civiles e industriales.\" \/>\n<meta property=\"og:url\" content=\"https:\/\/tienda.rigelec.com.ar\/?product=metro-cable-unipolar-rojo-flexible-clase-4-eco-1x25mm\" \/>\n<meta property=\"og:site_name\" content=\"Tienda Rigelec\" \/>\n<meta property=\"article:modified_time\" content=\"2026-05-01T08:43:45+00:00\" \/>\n<meta name=\"twitter:card\" content=\"summary_large_image\" \/>\n<script type=\"application\/ld+json\" class=\"yoast-schema-graph\">{\"@context\":\"https:\/\/schema.org\",\"@graph\":[{\"@type\":\"WebPage\",\"@id\":\"https:\/\/tienda.rigelec.com.ar\/?product=metro-cable-unipolar-rojo-flexible-clase-4-eco-1x25mm\",\"url\":\"https:\/\/tienda.rigelec.com.ar\/?product=metro-cable-unipolar-rojo-flexible-clase-4-eco-1x25mm\",\"name\":\"METRO CABLE UNIPOLAR ROJO FLEXIBLE CLASE 4 ECO 1X25MM - Tienda Rigelec\",\"isPartOf\":{\"@id\":\"https:\/\/tienda.rigelec.com.ar\/#website\"},\"primaryImageOfPage\":{\"@id\":\"https:\/\/tienda.rigelec.com.ar\/?product=metro-cable-unipolar-rojo-flexible-clase-4-eco-1x25mm#primaryimage\"},\"image\":{\"@id\":\"https:\/\/tienda.rigelec.com.ar\/?product=metro-cable-unipolar-rojo-flexible-clase-4-eco-1x25mm#primaryimage\"},\"thumbnailUrl\":\"https:\/\/tienda.rigelec.com.ar\/wp-content\/uploads\/2025\/09\/METROCABLEUNIPOLARROJO-1.jpg\",\"datePublished\":\"2025-09-25T14:00:52+00:00\",\"dateModified\":\"2026-05-01T08:43:45+00:00\",\"breadcrumb\":{\"@id\":\"https:\/\/tienda.rigelec.com.ar\/?product=metro-cable-unipolar-rojo-flexible-clase-4-eco-1x25mm#breadcrumb\"},\"inLanguage\":\"es-AR\",\"potentialAction\":[{\"@type\":\"ReadAction\",\"target\":[\"https:\/\/tienda.rigelec.com.ar\/?product=metro-cable-unipolar-rojo-flexible-clase-4-eco-1x25mm\"]}]},{\"@type\":\"ImageObject\",\"inLanguage\":\"es-AR\",\"@id\":\"https:\/\/tienda.rigelec.com.ar\/?product=metro-cable-unipolar-rojo-flexible-clase-4-eco-1x25mm#primaryimage\",\"url\":\"https:\/\/tienda.rigelec.com.ar\/wp-content\/uploads\/2025\/09\/METROCABLEUNIPOLARROJO-1.jpg\",\"contentUrl\":\"https:\/\/tienda.rigelec.com.ar\/wp-content\/uploads\/2025\/09\/METROCABLEUNIPOLARROJO-1.jpg\",\"width\":180,\"height\":399},{\"@type\":\"BreadcrumbList\",\"@id\":\"https:\/\/tienda.rigelec.com.ar\/?product=metro-cable-unipolar-rojo-flexible-clase-4-eco-1x25mm#breadcrumb\",\"itemListElement\":[{\"@type\":\"ListItem\",\"position\":1,\"name\":\"Inicio\",\"item\":\"https:\/\/tienda.rigelec.com.ar\/\"},{\"@type\":\"ListItem\",\"position\":2,\"name\":\"Shop\",\"item\":\"https:\/\/tienda.rigelec.com.ar\/?page_id=12\"},{\"@type\":\"ListItem\",\"position\":3,\"name\":\"METRO CABLE UNIPOLAR ROJO FLEXIBLE CLASE 4 ECO 1X25MM\"}]},{\"@type\":\"WebSite\",\"@id\":\"https:\/\/tienda.rigelec.com.ar\/#website\",\"url\":\"https:\/\/tienda.rigelec.com.ar\/\",\"name\":\"Tienda Rigelec\",\"description\":\"Energia en movimiento\",\"publisher\":{\"@id\":\"https:\/\/tienda.rigelec.com.ar\/#organization\"},\"potentialAction\":[{\"@type\":\"SearchAction\",\"target\":{\"@type\":\"EntryPoint\",\"urlTemplate\":\"https:\/\/tienda.rigelec.com.ar\/?s={search_term_string}\"},\"query-input\":{\"@type\":\"PropertyValueSpecification\",\"valueRequired\":true,\"valueName\":\"search_term_string\"}}],\"inLanguage\":\"es-AR\"},{\"@type\":\"Organization\",\"@id\":\"https:\/\/tienda.rigelec.com.ar\/#organization\",\"name\":\"Tienda Rigelec\",\"url\":\"https:\/\/tienda.rigelec.com.ar\/\",\"logo\":{\"@type\":\"ImageObject\",\"inLanguage\":\"es-AR\",\"@id\":\"https:\/\/tienda.rigelec.com.ar\/#\/schema\/logo\/image\/\",\"url\":\"https:\/\/tienda.rigelec.com.ar\/wp-content\/uploads\/2024\/09\/isologo-blanco-rigelec.png\",\"contentUrl\":\"https:\/\/tienda.rigelec.com.ar\/wp-content\/uploads\/2024\/09\/isologo-blanco-rigelec.png\",\"width\":94,\"height\":97,\"caption\":\"Tienda Rigelec\"},\"image\":{\"@id\":\"https:\/\/tienda.rigelec.com.ar\/#\/schema\/logo\/image\/\"}}]}<\/script>\n<!-- \/ Yoast SEO plugin. -->","yoast_head_json":{"title":"METRO CABLE UNIPOLAR ROJO FLEXIBLE CLASE 4 ECO 1X25MM - Tienda Rigelec","robots":{"index":"index","follow":"follow","max-snippet":"max-snippet:-1","max-image-preview":"max-image-preview:large","max-video-preview":"max-video-preview:-1"},"canonical":"https:\/\/tienda.rigelec.com.ar\/?product=metro-cable-unipolar-rojo-flexible-clase-4-eco-1x25mm","og_locale":"es_ES","og_type":"article","og_title":"METRO CABLE UNIPOLAR ROJO FLEXIBLE CLASE 4 ECO 1X25MM - Tienda Rigelec","og_description":"Cuerda flexible de cobre recocido (IRAM-NM 280, clase 4), aislado con una capa de compuesto de PVC especial contra llama\u00ae, que le infiere al cable excelentes propiedades de deslizamiento y flexibilidad. Tensi\u00f3n nominal de servicio 450\/750 voltios en corriente alterna. Aptos para un rango de temperatura de servicio entre -5\u00baC y 70\u00baC.  APLICACI\u00d3N Para instalaciones fijas interiores, domiciliarias o industriales, tendido en ca\u00f1er\u00eda met\u00e1licas o pl\u00e1sticas, dentro de mamposter\u00eda. Utilizado para iluminaci\u00f3n y distribuci\u00f3n de energ\u00eda en el interior de edificios civiles e industriales.","og_url":"https:\/\/tienda.rigelec.com.ar\/?product=metro-cable-unipolar-rojo-flexible-clase-4-eco-1x25mm","og_site_name":"Tienda Rigelec","article_modified_time":"2026-05-01T08:43:45+00:00","twitter_card":"summary_large_image","schema":{"@context":"https:\/\/schema.org","@graph":[{"@type":"WebPage","@id":"https:\/\/tienda.rigelec.com.ar\/?product=metro-cable-unipolar-rojo-flexible-clase-4-eco-1x25mm","url":"https:\/\/tienda.rigelec.com.ar\/?product=metro-cable-unipolar-rojo-flexible-clase-4-eco-1x25mm","name":"METRO CABLE UNIPOLAR ROJO FLEXIBLE CLASE 4 ECO 1X25MM - Tienda Rigelec","isPartOf":{"@id":"https:\/\/tienda.rigelec.com.ar\/#website"},"primaryImageOfPage":{"@id":"https:\/\/tienda.rigelec.com.ar\/?product=metro-cable-unipolar-rojo-flexible-clase-4-eco-1x25mm#primaryimage"},"image":{"@id":"https:\/\/tienda.rigelec.com.ar\/?product=metro-cable-unipolar-rojo-flexible-clase-4-eco-1x25mm#primaryimage"},"thumbnailUrl":"https:\/\/tienda.rigelec.com.ar\/wp-content\/uploads\/2025\/09\/METROCABLEUNIPOLARROJO-1.jpg","datePublished":"2025-09-25T14:00:52+00:00","dateModified":"2026-05-01T08:43:45+00:00","breadcrumb":{"@id":"https:\/\/tienda.rigelec.com.ar\/?product=metro-cable-unipolar-rojo-flexible-clase-4-eco-1x25mm#breadcrumb"},"inLanguage":"es-AR","potentialAction":[{"@type":"ReadAction","target":["https:\/\/tienda.rigelec.com.ar\/?product=metro-cable-unipolar-rojo-flexible-clase-4-eco-1x25mm"]}]},{"@type":"ImageObject","inLanguage":"es-AR","@id":"https:\/\/tienda.rigelec.com.ar\/?product=metro-cable-unipolar-rojo-flexible-clase-4-eco-1x25mm#primaryimage","url":"https:\/\/tienda.rigelec.com.ar\/wp-content\/uploads\/2025\/09\/METROCABLEUNIPOLARROJO-1.jpg","contentUrl":"https:\/\/tienda.rigelec.com.ar\/wp-content\/uploads\/2025\/09\/METROCABLEUNIPOLARROJO-1.jpg","width":180,"height":399},{"@type":"BreadcrumbList","@id":"https:\/\/tienda.rigelec.com.ar\/?product=metro-cable-unipolar-rojo-flexible-clase-4-eco-1x25mm#breadcrumb","itemListElement":[{"@type":"ListItem","position":1,"name":"Inicio","item":"https:\/\/tienda.rigelec.com.ar\/"},{"@type":"ListItem","position":2,"name":"Shop","item":"https:\/\/tienda.rigelec.com.ar\/?page_id=12"},{"@type":"ListItem","position":3,"name":"METRO CABLE UNIPOLAR ROJO FLEXIBLE CLASE 4 ECO 1X25MM"}]},{"@type":"WebSite","@id":"https:\/\/tienda.rigelec.com.ar\/#website","url":"https:\/\/tienda.rigelec.com.ar\/","name":"Tienda Rigelec","description":"Energia en movimiento","publisher":{"@id":"https:\/\/tienda.rigelec.com.ar\/#organization"},"potentialAction":[{"@type":"SearchAction","target":{"@type":"EntryPoint","urlTemplate":"https:\/\/tienda.rigelec.com.ar\/?s={search_term_string}"},"query-input":{"@type":"PropertyValueSpecification","valueRequired":true,"valueName":"search_term_string"}}],"inLanguage":"es-AR"},{"@type":"Organization","@id":"https:\/\/tienda.rigelec.com.ar\/#organization","name":"Tienda Rigelec","url":"https:\/\/tienda.rigelec.com.ar\/","logo":{"@type":"ImageObject","inLanguage":"es-AR","@id":"https:\/\/tienda.rigelec.com.ar\/#\/schema\/logo\/image\/","url":"https:\/\/tienda.rigelec.com.ar\/wp-content\/uploads\/2024\/09\/isologo-blanco-rigelec.png","contentUrl":"https:\/\/tienda.rigelec.com.ar\/wp-content\/uploads\/2024\/09\/isologo-blanco-rigelec.png","width":94,"height":97,"caption":"Tienda Rigelec"},"image":{"@id":"https:\/\/tienda.rigelec.com.ar\/#\/schema\/logo\/image\/"}}]}},"jetpack_sharing_enabled":true,"_links":{"self":[{"href":"https:\/\/tienda.rigelec.com.ar\/index.php?rest_route=\/wp\/v2\/product\/32479","targetHints":{"allow":["GET"]}}],"collection":[{"href":"https:\/\/tienda.rigelec.com.ar\/index.php?rest_route=\/wp\/v2\/product"}],"about":[{"href":"https:\/\/tienda.rigelec.com.ar\/index.php?rest_route=\/wp\/v2\/types\/product"}],"replies":[{"embeddable":true,"href":"https:\/\/tienda.rigelec.com.ar\/index.php?rest_route=%2Fwp%2Fv2%2Fcomments&post=32479"}],"wp:featuredmedia":[{"embeddable":true,"href":"https:\/\/tienda.rigelec.com.ar\/index.php?rest_route=\/wp\/v2\/media\/32480"}],"wp:attachment":[{"href":"https:\/\/tienda.rigelec.com.ar\/index.php?rest_route=%2Fwp%2Fv2%2Fmedia&parent=32479"}],"wp:term":[{"taxonomy":"product_brand","embeddable":true,"href":"https:\/\/tienda.rigelec.com.ar\/index.php?rest_route=%2Fwp%2Fv2%2Fproduct_brand&post=32479"},{"taxonomy":"product_cat","embeddable":true,"href":"https:\/\/tienda.rigelec.com.ar\/index.php?rest_route=%2Fwp%2Fv2%2Fproduct_cat&post=32479"},{"taxonomy":"product_tag","embeddable":true,"href":"https:\/\/tienda.rigelec.com.ar\/index.php?rest_route=%2Fwp%2Fv2%2Fproduct_tag&post=32479"}],"curies":[{"name":"wp","href":"https:\/\/api.w.org\/{rel}","templated":true}]}}