{"id":32545,"date":"2025-09-25T11:05:11","date_gmt":"2025-09-25T14:05:11","guid":{"rendered":"https:\/\/tienda.rigelec.com.ar\/?product=grampa-no-10-sujeta-cables-10"},"modified":"2026-05-01T05:48:05","modified_gmt":"2026-05-01T08:48:05","slug":"grampa-no-10-sujeta-cables-10","status":"publish","type":"product","link":"https:\/\/tienda.rigelec.com.ar\/?product=grampa-no-10-sujeta-cables-10","title":{"rendered":"GRAMPA N\u00ba 10 SUJETA CABLES 10"},"content":{"rendered":"<p>GRAMPA N\u00ba 10<\/p>\n","protected":false},"excerpt":{"rendered":"<p>Funci\u00f3n: Accesorio de sujeci\u00f3n que permite el montaje sobre superficie de conductores el\u00e9ctricos aislados, de se\u00f1al o de datos, en forma permanente o provisoria sobre materiales en donde el clavo de acero pueda ser clavado. Cuando se est\u00e1 en una obra, se utiliza la grampa para sujetar los cables provisoriamente antes de finalizar la instalaci\u00f3n.<br \/>\nCaracter\u00edsticas t\u00e9cnicas: Su clavo de acero es templado y zincado asegurando resistencia a la oxidaci\u00f3n y reforzando su dureza para evitar deformaciones durante el clavado. Cuerpo pl\u00e1stico construido en polietileno de alta resistencia.<\/p>\n","protected":false},"featured_media":32546,"comment_status":"open","ping_status":"closed","template":"","meta":{"_monsterinsights_skip_tracking":false,"_monsterinsights_sitenote_active":false,"_monsterinsights_sitenote_note":"","_monsterinsights_sitenote_category":0},"product_brand":[],"product_cat":[361],"product_tag":[64],"class_list":{"0":"post-32545","1":"product","2":"type-product","3":"status-publish","4":"has-post-thumbnail","6":"product_cat-f-grampas","7":"product_tag-kalop","9":"first","10":"instock","11":"shipping-taxable","12":"purchasable","13":"product-type-simple"},"yoast_head":"<!-- This site is optimized with the Yoast SEO plugin v25.3.1 - https:\/\/yoast.com\/wordpress\/plugins\/seo\/ -->\n<title>GRAMPA N\u00ba 10 SUJETA CABLES 10 - Tienda Rigelec<\/title>\n<meta name=\"robots\" content=\"index, follow, max-snippet:-1, max-image-preview:large, max-video-preview:-1\" \/>\n<link rel=\"canonical\" href=\"https:\/\/tienda.rigelec.com.ar\/?product=grampa-no-10-sujeta-cables-10\" \/>\n<meta property=\"og:locale\" content=\"es_ES\" \/>\n<meta property=\"og:type\" content=\"article\" \/>\n<meta property=\"og:title\" content=\"GRAMPA N\u00ba 10 SUJETA CABLES 10 - Tienda Rigelec\" \/>\n<meta property=\"og:description\" content=\"Funci\u00f3n: Accesorio de sujeci\u00f3n que permite el montaje sobre superficie de conductores el\u00e9ctricos aislados, de se\u00f1al o de datos, en forma permanente o provisoria sobre materiales en donde el clavo de acero pueda ser clavado. Cuando se est\u00e1 en una obra, se utiliza la grampa para sujetar los cables provisoriamente antes de finalizar la instalaci\u00f3n.  Caracter\u00edsticas t\u00e9cnicas: Su clavo de acero es templado y zincado asegurando resistencia a la oxidaci\u00f3n y reforzando su dureza para evitar deformaciones durante el clavado. Cuerpo pl\u00e1stico construido en polietileno de alta resistencia.\" \/>\n<meta property=\"og:url\" content=\"https:\/\/tienda.rigelec.com.ar\/?product=grampa-no-10-sujeta-cables-10\" \/>\n<meta property=\"og:site_name\" content=\"Tienda Rigelec\" \/>\n<meta property=\"article:modified_time\" content=\"2026-05-01T08:48:05+00:00\" \/>\n<meta name=\"twitter:card\" content=\"summary_large_image\" \/>\n<script type=\"application\/ld+json\" class=\"yoast-schema-graph\">{\"@context\":\"https:\/\/schema.org\",\"@graph\":[{\"@type\":\"WebPage\",\"@id\":\"https:\/\/tienda.rigelec.com.ar\/?product=grampa-no-10-sujeta-cables-10\",\"url\":\"https:\/\/tienda.rigelec.com.ar\/?product=grampa-no-10-sujeta-cables-10\",\"name\":\"GRAMPA N\u00ba 10 SUJETA CABLES 10 - Tienda Rigelec\",\"isPartOf\":{\"@id\":\"https:\/\/tienda.rigelec.com.ar\/#website\"},\"primaryImageOfPage\":{\"@id\":\"https:\/\/tienda.rigelec.com.ar\/?product=grampa-no-10-sujeta-cables-10#primaryimage\"},\"image\":{\"@id\":\"https:\/\/tienda.rigelec.com.ar\/?product=grampa-no-10-sujeta-cables-10#primaryimage\"},\"thumbnailUrl\":\"https:\/\/tienda.rigelec.com.ar\/wp-content\/uploads\/2025\/09\/GRAMPANo10.jpg\",\"datePublished\":\"2025-09-25T14:05:11+00:00\",\"dateModified\":\"2026-05-01T08:48:05+00:00\",\"breadcrumb\":{\"@id\":\"https:\/\/tienda.rigelec.com.ar\/?product=grampa-no-10-sujeta-cables-10#breadcrumb\"},\"inLanguage\":\"es-AR\",\"potentialAction\":[{\"@type\":\"ReadAction\",\"target\":[\"https:\/\/tienda.rigelec.com.ar\/?product=grampa-no-10-sujeta-cables-10\"]}]},{\"@type\":\"ImageObject\",\"inLanguage\":\"es-AR\",\"@id\":\"https:\/\/tienda.rigelec.com.ar\/?product=grampa-no-10-sujeta-cables-10#primaryimage\",\"url\":\"https:\/\/tienda.rigelec.com.ar\/wp-content\/uploads\/2025\/09\/GRAMPANo10.jpg\",\"contentUrl\":\"https:\/\/tienda.rigelec.com.ar\/wp-content\/uploads\/2025\/09\/GRAMPANo10.jpg\",\"width\":1080,\"height\":798},{\"@type\":\"BreadcrumbList\",\"@id\":\"https:\/\/tienda.rigelec.com.ar\/?product=grampa-no-10-sujeta-cables-10#breadcrumb\",\"itemListElement\":[{\"@type\":\"ListItem\",\"position\":1,\"name\":\"Inicio\",\"item\":\"https:\/\/tienda.rigelec.com.ar\/\"},{\"@type\":\"ListItem\",\"position\":2,\"name\":\"Shop\",\"item\":\"https:\/\/tienda.rigelec.com.ar\/?page_id=12\"},{\"@type\":\"ListItem\",\"position\":3,\"name\":\"GRAMPA N\u00ba 10 SUJETA CABLES 10\"}]},{\"@type\":\"WebSite\",\"@id\":\"https:\/\/tienda.rigelec.com.ar\/#website\",\"url\":\"https:\/\/tienda.rigelec.com.ar\/\",\"name\":\"Tienda Rigelec\",\"description\":\"Energia en movimiento\",\"publisher\":{\"@id\":\"https:\/\/tienda.rigelec.com.ar\/#organization\"},\"potentialAction\":[{\"@type\":\"SearchAction\",\"target\":{\"@type\":\"EntryPoint\",\"urlTemplate\":\"https:\/\/tienda.rigelec.com.ar\/?s={search_term_string}\"},\"query-input\":{\"@type\":\"PropertyValueSpecification\",\"valueRequired\":true,\"valueName\":\"search_term_string\"}}],\"inLanguage\":\"es-AR\"},{\"@type\":\"Organization\",\"@id\":\"https:\/\/tienda.rigelec.com.ar\/#organization\",\"name\":\"Tienda Rigelec\",\"url\":\"https:\/\/tienda.rigelec.com.ar\/\",\"logo\":{\"@type\":\"ImageObject\",\"inLanguage\":\"es-AR\",\"@id\":\"https:\/\/tienda.rigelec.com.ar\/#\/schema\/logo\/image\/\",\"url\":\"https:\/\/tienda.rigelec.com.ar\/wp-content\/uploads\/2024\/09\/isologo-blanco-rigelec.png\",\"contentUrl\":\"https:\/\/tienda.rigelec.com.ar\/wp-content\/uploads\/2024\/09\/isologo-blanco-rigelec.png\",\"width\":94,\"height\":97,\"caption\":\"Tienda Rigelec\"},\"image\":{\"@id\":\"https:\/\/tienda.rigelec.com.ar\/#\/schema\/logo\/image\/\"}}]}<\/script>\n<!-- \/ Yoast SEO plugin. -->","yoast_head_json":{"title":"GRAMPA N\u00ba 10 SUJETA CABLES 10 - Tienda Rigelec","robots":{"index":"index","follow":"follow","max-snippet":"max-snippet:-1","max-image-preview":"max-image-preview:large","max-video-preview":"max-video-preview:-1"},"canonical":"https:\/\/tienda.rigelec.com.ar\/?product=grampa-no-10-sujeta-cables-10","og_locale":"es_ES","og_type":"article","og_title":"GRAMPA N\u00ba 10 SUJETA CABLES 10 - Tienda Rigelec","og_description":"Funci\u00f3n: Accesorio de sujeci\u00f3n que permite el montaje sobre superficie de conductores el\u00e9ctricos aislados, de se\u00f1al o de datos, en forma permanente o provisoria sobre materiales en donde el clavo de acero pueda ser clavado. Cuando se est\u00e1 en una obra, se utiliza la grampa para sujetar los cables provisoriamente antes de finalizar la instalaci\u00f3n.  Caracter\u00edsticas t\u00e9cnicas: Su clavo de acero es templado y zincado asegurando resistencia a la oxidaci\u00f3n y reforzando su dureza para evitar deformaciones durante el clavado. Cuerpo pl\u00e1stico construido en polietileno de alta resistencia.","og_url":"https:\/\/tienda.rigelec.com.ar\/?product=grampa-no-10-sujeta-cables-10","og_site_name":"Tienda Rigelec","article_modified_time":"2026-05-01T08:48:05+00:00","twitter_card":"summary_large_image","schema":{"@context":"https:\/\/schema.org","@graph":[{"@type":"WebPage","@id":"https:\/\/tienda.rigelec.com.ar\/?product=grampa-no-10-sujeta-cables-10","url":"https:\/\/tienda.rigelec.com.ar\/?product=grampa-no-10-sujeta-cables-10","name":"GRAMPA N\u00ba 10 SUJETA CABLES 10 - Tienda Rigelec","isPartOf":{"@id":"https:\/\/tienda.rigelec.com.ar\/#website"},"primaryImageOfPage":{"@id":"https:\/\/tienda.rigelec.com.ar\/?product=grampa-no-10-sujeta-cables-10#primaryimage"},"image":{"@id":"https:\/\/tienda.rigelec.com.ar\/?product=grampa-no-10-sujeta-cables-10#primaryimage"},"thumbnailUrl":"https:\/\/tienda.rigelec.com.ar\/wp-content\/uploads\/2025\/09\/GRAMPANo10.jpg","datePublished":"2025-09-25T14:05:11+00:00","dateModified":"2026-05-01T08:48:05+00:00","breadcrumb":{"@id":"https:\/\/tienda.rigelec.com.ar\/?product=grampa-no-10-sujeta-cables-10#breadcrumb"},"inLanguage":"es-AR","potentialAction":[{"@type":"ReadAction","target":["https:\/\/tienda.rigelec.com.ar\/?product=grampa-no-10-sujeta-cables-10"]}]},{"@type":"ImageObject","inLanguage":"es-AR","@id":"https:\/\/tienda.rigelec.com.ar\/?product=grampa-no-10-sujeta-cables-10#primaryimage","url":"https:\/\/tienda.rigelec.com.ar\/wp-content\/uploads\/2025\/09\/GRAMPANo10.jpg","contentUrl":"https:\/\/tienda.rigelec.com.ar\/wp-content\/uploads\/2025\/09\/GRAMPANo10.jpg","width":1080,"height":798},{"@type":"BreadcrumbList","@id":"https:\/\/tienda.rigelec.com.ar\/?product=grampa-no-10-sujeta-cables-10#breadcrumb","itemListElement":[{"@type":"ListItem","position":1,"name":"Inicio","item":"https:\/\/tienda.rigelec.com.ar\/"},{"@type":"ListItem","position":2,"name":"Shop","item":"https:\/\/tienda.rigelec.com.ar\/?page_id=12"},{"@type":"ListItem","position":3,"name":"GRAMPA N\u00ba 10 SUJETA CABLES 10"}]},{"@type":"WebSite","@id":"https:\/\/tienda.rigelec.com.ar\/#website","url":"https:\/\/tienda.rigelec.com.ar\/","name":"Tienda Rigelec","description":"Energia en movimiento","publisher":{"@id":"https:\/\/tienda.rigelec.com.ar\/#organization"},"potentialAction":[{"@type":"SearchAction","target":{"@type":"EntryPoint","urlTemplate":"https:\/\/tienda.rigelec.com.ar\/?s={search_term_string}"},"query-input":{"@type":"PropertyValueSpecification","valueRequired":true,"valueName":"search_term_string"}}],"inLanguage":"es-AR"},{"@type":"Organization","@id":"https:\/\/tienda.rigelec.com.ar\/#organization","name":"Tienda Rigelec","url":"https:\/\/tienda.rigelec.com.ar\/","logo":{"@type":"ImageObject","inLanguage":"es-AR","@id":"https:\/\/tienda.rigelec.com.ar\/#\/schema\/logo\/image\/","url":"https:\/\/tienda.rigelec.com.ar\/wp-content\/uploads\/2024\/09\/isologo-blanco-rigelec.png","contentUrl":"https:\/\/tienda.rigelec.com.ar\/wp-content\/uploads\/2024\/09\/isologo-blanco-rigelec.png","width":94,"height":97,"caption":"Tienda Rigelec"},"image":{"@id":"https:\/\/tienda.rigelec.com.ar\/#\/schema\/logo\/image\/"}}]}},"jetpack_sharing_enabled":true,"_links":{"self":[{"href":"https:\/\/tienda.rigelec.com.ar\/index.php?rest_route=\/wp\/v2\/product\/32545","targetHints":{"allow":["GET"]}}],"collection":[{"href":"https:\/\/tienda.rigelec.com.ar\/index.php?rest_route=\/wp\/v2\/product"}],"about":[{"href":"https:\/\/tienda.rigelec.com.ar\/index.php?rest_route=\/wp\/v2\/types\/product"}],"replies":[{"embeddable":true,"href":"https:\/\/tienda.rigelec.com.ar\/index.php?rest_route=%2Fwp%2Fv2%2Fcomments&post=32545"}],"wp:featuredmedia":[{"embeddable":true,"href":"https:\/\/tienda.rigelec.com.ar\/index.php?rest_route=\/wp\/v2\/media\/32546"}],"wp:attachment":[{"href":"https:\/\/tienda.rigelec.com.ar\/index.php?rest_route=%2Fwp%2Fv2%2Fmedia&parent=32545"}],"wp:term":[{"taxonomy":"product_brand","embeddable":true,"href":"https:\/\/tienda.rigelec.com.ar\/index.php?rest_route=%2Fwp%2Fv2%2Fproduct_brand&post=32545"},{"taxonomy":"product_cat","embeddable":true,"href":"https:\/\/tienda.rigelec.com.ar\/index.php?rest_route=%2Fwp%2Fv2%2Fproduct_cat&post=32545"},{"taxonomy":"product_tag","embeddable":true,"href":"https:\/\/tienda.rigelec.com.ar\/index.php?rest_route=%2Fwp%2Fv2%2Fproduct_tag&post=32545"}],"curies":[{"name":"wp","href":"https:\/\/api.w.org\/{rel}","templated":true}]}}