{"id":33397,"date":"2025-09-25T17:08:57","date_gmt":"2025-09-25T20:08:57","guid":{"rendered":"https:\/\/tienda.rigelec.com.ar\/?product=metro-cable-subterraneo-subterraneo-baja-tension-5x16mm"},"modified":"2026-05-04T06:50:23","modified_gmt":"2026-05-04T09:50:23","slug":"metro-cable-subterraneo-subterraneo-baja-tension-5x16mm","status":"publish","type":"product","link":"https:\/\/tienda.rigelec.com.ar\/?product=metro-cable-subterraneo-subterraneo-baja-tension-5x16mm","title":{"rendered":"METRO CABLE SUBTERRANEO SUBTERRANEO &#8211; BAJA TENSION 5X16MM"},"content":{"rendered":"<p>METRO CABLE SUBTERRANEO<\/p>\n","protected":false},"excerpt":{"rendered":"<p>Las cuerdas as\u00ed formadas son aisladas con una capa de PVC especial contrallama. Los colores de las almas se indican en la tabla adjunta, en un todo de acuerdo con lo establecido en la norma IRAM 2178.<\/p>\n<p>RELLENO: Sobre los conductores reunidos se aplica una capa de PVC penetrante no adherente, cuyo \u00fanico fin es darle forma cil\u00edndrica al conjunto. Este material es no higrosc\u00f3pico.<\/p>\n<p>VAINA: Consiste en una capa de PVC especial contra llama\u00ae de excelentes propiedades mec\u00e1nicas y resistente a la agresi\u00f3n de agentes ambientales.<\/p>\n<p>ARGENPLAS S.A. identifica toda su l\u00ednea de subterr\u00e1neos con una vaina de color violeta.<\/p>\n","protected":false},"featured_media":33398,"comment_status":"open","ping_status":"closed","template":"","meta":{"_monsterinsights_skip_tracking":false,"_monsterinsights_sitenote_active":false,"_monsterinsights_sitenote_note":"","_monsterinsights_sitenote_category":0},"product_brand":[],"product_cat":[222],"product_tag":[54],"class_list":{"0":"post-33397","1":"product","2":"type-product","3":"status-publish","4":"has-post-thumbnail","6":"product_cat-d-subterraneo","7":"product_tag-argenplas","9":"first","10":"outofstock","11":"shipping-taxable","12":"purchasable","13":"product-type-simple"},"yoast_head":"<!-- This site is optimized with the Yoast SEO plugin v25.3.1 - https:\/\/yoast.com\/wordpress\/plugins\/seo\/ -->\n<title>METRO CABLE SUBTERRANEO SUBTERRANEO - BAJA TENSION 5X16MM - Tienda Rigelec<\/title>\n<meta name=\"robots\" content=\"index, follow, max-snippet:-1, max-image-preview:large, max-video-preview:-1\" \/>\n<link rel=\"canonical\" href=\"https:\/\/tienda.rigelec.com.ar\/?product=metro-cable-subterraneo-subterraneo-baja-tension-5x16mm\" \/>\n<meta property=\"og:locale\" content=\"es_ES\" \/>\n<meta property=\"og:type\" content=\"article\" \/>\n<meta property=\"og:title\" content=\"METRO CABLE SUBTERRANEO SUBTERRANEO - BAJA TENSION 5X16MM - Tienda Rigelec\" \/>\n<meta property=\"og:description\" content=\"Las cuerdas as\u00ed formadas son aisladas con una capa de PVC especial contrallama. Los colores de las almas se indican en la tabla adjunta, en un todo de acuerdo con lo establecido en la norma IRAM 2178.  RELLENO: Sobre los conductores reunidos se aplica una capa de PVC penetrante no adherente, cuyo \u00fanico fin es darle forma cil\u00edndrica al conjunto. Este material es no higrosc\u00f3pico.  VAINA: Consiste en una capa de PVC especial contra llama\u00ae de excelentes propiedades mec\u00e1nicas y resistente a la agresi\u00f3n de agentes ambientales.  ARGENPLAS S.A. identifica toda su l\u00ednea de subterr\u00e1neos con una vaina de color violeta.\" \/>\n<meta property=\"og:url\" content=\"https:\/\/tienda.rigelec.com.ar\/?product=metro-cable-subterraneo-subterraneo-baja-tension-5x16mm\" \/>\n<meta property=\"og:site_name\" content=\"Tienda Rigelec\" \/>\n<meta property=\"article:modified_time\" content=\"2026-05-04T09:50:23+00:00\" \/>\n<meta name=\"twitter:card\" content=\"summary_large_image\" \/>\n<script type=\"application\/ld+json\" class=\"yoast-schema-graph\">{\"@context\":\"https:\/\/schema.org\",\"@graph\":[{\"@type\":\"WebPage\",\"@id\":\"https:\/\/tienda.rigelec.com.ar\/?product=metro-cable-subterraneo-subterraneo-baja-tension-5x16mm\",\"url\":\"https:\/\/tienda.rigelec.com.ar\/?product=metro-cable-subterraneo-subterraneo-baja-tension-5x16mm\",\"name\":\"METRO CABLE SUBTERRANEO SUBTERRANEO - BAJA TENSION 5X16MM - Tienda Rigelec\",\"isPartOf\":{\"@id\":\"https:\/\/tienda.rigelec.com.ar\/#website\"},\"primaryImageOfPage\":{\"@id\":\"https:\/\/tienda.rigelec.com.ar\/?product=metro-cable-subterraneo-subterraneo-baja-tension-5x16mm#primaryimage\"},\"image\":{\"@id\":\"https:\/\/tienda.rigelec.com.ar\/?product=metro-cable-subterraneo-subterraneo-baja-tension-5x16mm#primaryimage\"},\"thumbnailUrl\":\"https:\/\/tienda.rigelec.com.ar\/wp-content\/uploads\/2025\/09\/METROCABLESUBTERRANEO-42.jpg\",\"datePublished\":\"2025-09-25T20:08:57+00:00\",\"dateModified\":\"2026-05-04T09:50:23+00:00\",\"breadcrumb\":{\"@id\":\"https:\/\/tienda.rigelec.com.ar\/?product=metro-cable-subterraneo-subterraneo-baja-tension-5x16mm#breadcrumb\"},\"inLanguage\":\"es-AR\",\"potentialAction\":[{\"@type\":\"ReadAction\",\"target\":[\"https:\/\/tienda.rigelec.com.ar\/?product=metro-cable-subterraneo-subterraneo-baja-tension-5x16mm\"]}]},{\"@type\":\"ImageObject\",\"inLanguage\":\"es-AR\",\"@id\":\"https:\/\/tienda.rigelec.com.ar\/?product=metro-cable-subterraneo-subterraneo-baja-tension-5x16mm#primaryimage\",\"url\":\"https:\/\/tienda.rigelec.com.ar\/wp-content\/uploads\/2025\/09\/METROCABLESUBTERRANEO-42.jpg\",\"contentUrl\":\"https:\/\/tienda.rigelec.com.ar\/wp-content\/uploads\/2025\/09\/METROCABLESUBTERRANEO-42.jpg\",\"width\":630,\"height\":392},{\"@type\":\"BreadcrumbList\",\"@id\":\"https:\/\/tienda.rigelec.com.ar\/?product=metro-cable-subterraneo-subterraneo-baja-tension-5x16mm#breadcrumb\",\"itemListElement\":[{\"@type\":\"ListItem\",\"position\":1,\"name\":\"Inicio\",\"item\":\"https:\/\/tienda.rigelec.com.ar\/\"},{\"@type\":\"ListItem\",\"position\":2,\"name\":\"Shop\",\"item\":\"https:\/\/tienda.rigelec.com.ar\/?page_id=12\"},{\"@type\":\"ListItem\",\"position\":3,\"name\":\"METRO CABLE SUBTERRANEO SUBTERRANEO &#8211; BAJA TENSION 5X16MM\"}]},{\"@type\":\"WebSite\",\"@id\":\"https:\/\/tienda.rigelec.com.ar\/#website\",\"url\":\"https:\/\/tienda.rigelec.com.ar\/\",\"name\":\"Tienda Rigelec\",\"description\":\"Energia en movimiento\",\"publisher\":{\"@id\":\"https:\/\/tienda.rigelec.com.ar\/#organization\"},\"potentialAction\":[{\"@type\":\"SearchAction\",\"target\":{\"@type\":\"EntryPoint\",\"urlTemplate\":\"https:\/\/tienda.rigelec.com.ar\/?s={search_term_string}\"},\"query-input\":{\"@type\":\"PropertyValueSpecification\",\"valueRequired\":true,\"valueName\":\"search_term_string\"}}],\"inLanguage\":\"es-AR\"},{\"@type\":\"Organization\",\"@id\":\"https:\/\/tienda.rigelec.com.ar\/#organization\",\"name\":\"Tienda Rigelec\",\"url\":\"https:\/\/tienda.rigelec.com.ar\/\",\"logo\":{\"@type\":\"ImageObject\",\"inLanguage\":\"es-AR\",\"@id\":\"https:\/\/tienda.rigelec.com.ar\/#\/schema\/logo\/image\/\",\"url\":\"https:\/\/tienda.rigelec.com.ar\/wp-content\/uploads\/2024\/09\/isologo-blanco-rigelec.png\",\"contentUrl\":\"https:\/\/tienda.rigelec.com.ar\/wp-content\/uploads\/2024\/09\/isologo-blanco-rigelec.png\",\"width\":94,\"height\":97,\"caption\":\"Tienda Rigelec\"},\"image\":{\"@id\":\"https:\/\/tienda.rigelec.com.ar\/#\/schema\/logo\/image\/\"}}]}<\/script>\n<!-- \/ Yoast SEO plugin. -->","yoast_head_json":{"title":"METRO CABLE SUBTERRANEO SUBTERRANEO - BAJA TENSION 5X16MM - Tienda Rigelec","robots":{"index":"index","follow":"follow","max-snippet":"max-snippet:-1","max-image-preview":"max-image-preview:large","max-video-preview":"max-video-preview:-1"},"canonical":"https:\/\/tienda.rigelec.com.ar\/?product=metro-cable-subterraneo-subterraneo-baja-tension-5x16mm","og_locale":"es_ES","og_type":"article","og_title":"METRO CABLE SUBTERRANEO SUBTERRANEO - BAJA TENSION 5X16MM - Tienda Rigelec","og_description":"Las cuerdas as\u00ed formadas son aisladas con una capa de PVC especial contrallama. Los colores de las almas se indican en la tabla adjunta, en un todo de acuerdo con lo establecido en la norma IRAM 2178.  RELLENO: Sobre los conductores reunidos se aplica una capa de PVC penetrante no adherente, cuyo \u00fanico fin es darle forma cil\u00edndrica al conjunto. Este material es no higrosc\u00f3pico.  VAINA: Consiste en una capa de PVC especial contra llama\u00ae de excelentes propiedades mec\u00e1nicas y resistente a la agresi\u00f3n de agentes ambientales.  ARGENPLAS S.A. identifica toda su l\u00ednea de subterr\u00e1neos con una vaina de color violeta.","og_url":"https:\/\/tienda.rigelec.com.ar\/?product=metro-cable-subterraneo-subterraneo-baja-tension-5x16mm","og_site_name":"Tienda Rigelec","article_modified_time":"2026-05-04T09:50:23+00:00","twitter_card":"summary_large_image","schema":{"@context":"https:\/\/schema.org","@graph":[{"@type":"WebPage","@id":"https:\/\/tienda.rigelec.com.ar\/?product=metro-cable-subterraneo-subterraneo-baja-tension-5x16mm","url":"https:\/\/tienda.rigelec.com.ar\/?product=metro-cable-subterraneo-subterraneo-baja-tension-5x16mm","name":"METRO CABLE SUBTERRANEO SUBTERRANEO - BAJA TENSION 5X16MM - Tienda Rigelec","isPartOf":{"@id":"https:\/\/tienda.rigelec.com.ar\/#website"},"primaryImageOfPage":{"@id":"https:\/\/tienda.rigelec.com.ar\/?product=metro-cable-subterraneo-subterraneo-baja-tension-5x16mm#primaryimage"},"image":{"@id":"https:\/\/tienda.rigelec.com.ar\/?product=metro-cable-subterraneo-subterraneo-baja-tension-5x16mm#primaryimage"},"thumbnailUrl":"https:\/\/tienda.rigelec.com.ar\/wp-content\/uploads\/2025\/09\/METROCABLESUBTERRANEO-42.jpg","datePublished":"2025-09-25T20:08:57+00:00","dateModified":"2026-05-04T09:50:23+00:00","breadcrumb":{"@id":"https:\/\/tienda.rigelec.com.ar\/?product=metro-cable-subterraneo-subterraneo-baja-tension-5x16mm#breadcrumb"},"inLanguage":"es-AR","potentialAction":[{"@type":"ReadAction","target":["https:\/\/tienda.rigelec.com.ar\/?product=metro-cable-subterraneo-subterraneo-baja-tension-5x16mm"]}]},{"@type":"ImageObject","inLanguage":"es-AR","@id":"https:\/\/tienda.rigelec.com.ar\/?product=metro-cable-subterraneo-subterraneo-baja-tension-5x16mm#primaryimage","url":"https:\/\/tienda.rigelec.com.ar\/wp-content\/uploads\/2025\/09\/METROCABLESUBTERRANEO-42.jpg","contentUrl":"https:\/\/tienda.rigelec.com.ar\/wp-content\/uploads\/2025\/09\/METROCABLESUBTERRANEO-42.jpg","width":630,"height":392},{"@type":"BreadcrumbList","@id":"https:\/\/tienda.rigelec.com.ar\/?product=metro-cable-subterraneo-subterraneo-baja-tension-5x16mm#breadcrumb","itemListElement":[{"@type":"ListItem","position":1,"name":"Inicio","item":"https:\/\/tienda.rigelec.com.ar\/"},{"@type":"ListItem","position":2,"name":"Shop","item":"https:\/\/tienda.rigelec.com.ar\/?page_id=12"},{"@type":"ListItem","position":3,"name":"METRO CABLE SUBTERRANEO SUBTERRANEO &#8211; BAJA TENSION 5X16MM"}]},{"@type":"WebSite","@id":"https:\/\/tienda.rigelec.com.ar\/#website","url":"https:\/\/tienda.rigelec.com.ar\/","name":"Tienda Rigelec","description":"Energia en movimiento","publisher":{"@id":"https:\/\/tienda.rigelec.com.ar\/#organization"},"potentialAction":[{"@type":"SearchAction","target":{"@type":"EntryPoint","urlTemplate":"https:\/\/tienda.rigelec.com.ar\/?s={search_term_string}"},"query-input":{"@type":"PropertyValueSpecification","valueRequired":true,"valueName":"search_term_string"}}],"inLanguage":"es-AR"},{"@type":"Organization","@id":"https:\/\/tienda.rigelec.com.ar\/#organization","name":"Tienda Rigelec","url":"https:\/\/tienda.rigelec.com.ar\/","logo":{"@type":"ImageObject","inLanguage":"es-AR","@id":"https:\/\/tienda.rigelec.com.ar\/#\/schema\/logo\/image\/","url":"https:\/\/tienda.rigelec.com.ar\/wp-content\/uploads\/2024\/09\/isologo-blanco-rigelec.png","contentUrl":"https:\/\/tienda.rigelec.com.ar\/wp-content\/uploads\/2024\/09\/isologo-blanco-rigelec.png","width":94,"height":97,"caption":"Tienda Rigelec"},"image":{"@id":"https:\/\/tienda.rigelec.com.ar\/#\/schema\/logo\/image\/"}}]}},"jetpack_sharing_enabled":true,"_links":{"self":[{"href":"https:\/\/tienda.rigelec.com.ar\/index.php?rest_route=\/wp\/v2\/product\/33397","targetHints":{"allow":["GET"]}}],"collection":[{"href":"https:\/\/tienda.rigelec.com.ar\/index.php?rest_route=\/wp\/v2\/product"}],"about":[{"href":"https:\/\/tienda.rigelec.com.ar\/index.php?rest_route=\/wp\/v2\/types\/product"}],"replies":[{"embeddable":true,"href":"https:\/\/tienda.rigelec.com.ar\/index.php?rest_route=%2Fwp%2Fv2%2Fcomments&post=33397"}],"wp:featuredmedia":[{"embeddable":true,"href":"https:\/\/tienda.rigelec.com.ar\/index.php?rest_route=\/wp\/v2\/media\/33398"}],"wp:attachment":[{"href":"https:\/\/tienda.rigelec.com.ar\/index.php?rest_route=%2Fwp%2Fv2%2Fmedia&parent=33397"}],"wp:term":[{"taxonomy":"product_brand","embeddable":true,"href":"https:\/\/tienda.rigelec.com.ar\/index.php?rest_route=%2Fwp%2Fv2%2Fproduct_brand&post=33397"},{"taxonomy":"product_cat","embeddable":true,"href":"https:\/\/tienda.rigelec.com.ar\/index.php?rest_route=%2Fwp%2Fv2%2Fproduct_cat&post=33397"},{"taxonomy":"product_tag","embeddable":true,"href":"https:\/\/tienda.rigelec.com.ar\/index.php?rest_route=%2Fwp%2Fv2%2Fproduct_tag&post=33397"}],"curies":[{"name":"wp","href":"https:\/\/api.w.org\/{rel}","templated":true}]}}