{"id":33661,"date":"2025-09-25T19:22:11","date_gmt":"2025-09-25T22:22:11","guid":{"rendered":"https:\/\/tienda.rigelec.com.ar\/?product=metro-cable-para-bomba-sumergible-plano-3x50mm"},"modified":"2026-05-02T02:40:25","modified_gmt":"2026-05-02T05:40:25","slug":"metro-cable-para-bomba-sumergible-plano-3x50mm","status":"publish","type":"product","link":"https:\/\/tienda.rigelec.com.ar\/?product=metro-cable-para-bomba-sumergible-plano-3x50mm","title":{"rendered":"METRO CABLE PARA BOMBA SUMERGIBLE PLANO 3X50MM"},"content":{"rendered":"<p>METRO CABLE PARA BOMBA SUMERGIBLE<\/p>\n","protected":false},"excerpt":{"rendered":"<p>Estos conductores est\u00e1n formados por cuerdas flexibles de alambres de cobre recocido, IRAM NM 280 \u0096 clase 4, aislados por una capa de PVC especial contra llama\u00ae. Los mismos se identifican: BIPOLARES: marr\u00f3n y celeste; TRIFASICOS: marr\u00f3n, rojo y negro; TETRAPOLARES: negro, celeste, marr\u00f3n y verde\/amarillo.<br \/>\nLos conductores as\u00ed aislados se disponen en forma paralela, aplic\u00e1ndoseles una vaina penetrante de color celeste especial contra llama\u00ae. Estos cables llevan un marcado secuencial metro a metro sobre su vaina exterior, facilitando el corte a medida exacta.<\/p>\n","protected":false},"featured_media":33662,"comment_status":"open","ping_status":"closed","template":"","meta":{"_monsterinsights_skip_tracking":false,"_monsterinsights_sitenote_active":false,"_monsterinsights_sitenote_note":"","_monsterinsights_sitenote_category":0},"product_brand":[],"product_cat":[183],"product_tag":[54],"class_list":{"0":"post-33661","1":"product","2":"type-product","3":"status-publish","4":"has-post-thumbnail","6":"product_cat-ii-para-bomba","7":"product_tag-argenplas","9":"first","10":"outofstock","11":"shipping-taxable","12":"purchasable","13":"product-type-simple"},"yoast_head":"<!-- This site is optimized with the Yoast SEO plugin v25.3.1 - https:\/\/yoast.com\/wordpress\/plugins\/seo\/ -->\n<title>METRO CABLE PARA BOMBA SUMERGIBLE PLANO 3X50MM - Tienda Rigelec<\/title>\n<meta name=\"robots\" content=\"index, follow, max-snippet:-1, max-image-preview:large, max-video-preview:-1\" \/>\n<link rel=\"canonical\" href=\"https:\/\/tienda.rigelec.com.ar\/?product=metro-cable-para-bomba-sumergible-plano-3x50mm\" \/>\n<meta property=\"og:locale\" content=\"es_ES\" \/>\n<meta property=\"og:type\" content=\"article\" \/>\n<meta property=\"og:title\" content=\"METRO CABLE PARA BOMBA SUMERGIBLE PLANO 3X50MM - Tienda Rigelec\" \/>\n<meta property=\"og:description\" content=\"Estos conductores est\u00e1n formados por cuerdas flexibles de alambres de cobre recocido, IRAM NM 280 \u0096 clase 4, aislados por una capa de PVC especial contra llama\u00ae. Los mismos se identifican: BIPOLARES: marr\u00f3n y celeste; TRIFASICOS: marr\u00f3n, rojo y negro; TETRAPOLARES: negro, celeste, marr\u00f3n y verde\/amarillo. Los conductores as\u00ed aislados se disponen en forma paralela, aplic\u00e1ndoseles una vaina penetrante de color celeste especial contra llama\u00ae. Estos cables llevan un marcado secuencial metro a metro sobre su vaina exterior, facilitando el corte a medida exacta.\" \/>\n<meta property=\"og:url\" content=\"https:\/\/tienda.rigelec.com.ar\/?product=metro-cable-para-bomba-sumergible-plano-3x50mm\" \/>\n<meta property=\"og:site_name\" content=\"Tienda Rigelec\" \/>\n<meta property=\"article:modified_time\" content=\"2026-05-02T05:40:25+00:00\" \/>\n<meta name=\"twitter:card\" content=\"summary_large_image\" \/>\n<script type=\"application\/ld+json\" class=\"yoast-schema-graph\">{\"@context\":\"https:\/\/schema.org\",\"@graph\":[{\"@type\":\"WebPage\",\"@id\":\"https:\/\/tienda.rigelec.com.ar\/?product=metro-cable-para-bomba-sumergible-plano-3x50mm\",\"url\":\"https:\/\/tienda.rigelec.com.ar\/?product=metro-cable-para-bomba-sumergible-plano-3x50mm\",\"name\":\"METRO CABLE PARA BOMBA SUMERGIBLE PLANO 3X50MM - Tienda Rigelec\",\"isPartOf\":{\"@id\":\"https:\/\/tienda.rigelec.com.ar\/#website\"},\"primaryImageOfPage\":{\"@id\":\"https:\/\/tienda.rigelec.com.ar\/?product=metro-cable-para-bomba-sumergible-plano-3x50mm#primaryimage\"},\"image\":{\"@id\":\"https:\/\/tienda.rigelec.com.ar\/?product=metro-cable-para-bomba-sumergible-plano-3x50mm#primaryimage\"},\"thumbnailUrl\":\"https:\/\/tienda.rigelec.com.ar\/wp-content\/uploads\/2025\/09\/METROCABLEPARABOMBASUMERGIBLE-4.jpg\",\"datePublished\":\"2025-09-25T22:22:11+00:00\",\"dateModified\":\"2026-05-02T05:40:25+00:00\",\"breadcrumb\":{\"@id\":\"https:\/\/tienda.rigelec.com.ar\/?product=metro-cable-para-bomba-sumergible-plano-3x50mm#breadcrumb\"},\"inLanguage\":\"es-AR\",\"potentialAction\":[{\"@type\":\"ReadAction\",\"target\":[\"https:\/\/tienda.rigelec.com.ar\/?product=metro-cable-para-bomba-sumergible-plano-3x50mm\"]}]},{\"@type\":\"ImageObject\",\"inLanguage\":\"es-AR\",\"@id\":\"https:\/\/tienda.rigelec.com.ar\/?product=metro-cable-para-bomba-sumergible-plano-3x50mm#primaryimage\",\"url\":\"https:\/\/tienda.rigelec.com.ar\/wp-content\/uploads\/2025\/09\/METROCABLEPARABOMBASUMERGIBLE-4.jpg\",\"contentUrl\":\"https:\/\/tienda.rigelec.com.ar\/wp-content\/uploads\/2025\/09\/METROCABLEPARABOMBASUMERGIBLE-4.jpg\",\"width\":1080,\"height\":952},{\"@type\":\"BreadcrumbList\",\"@id\":\"https:\/\/tienda.rigelec.com.ar\/?product=metro-cable-para-bomba-sumergible-plano-3x50mm#breadcrumb\",\"itemListElement\":[{\"@type\":\"ListItem\",\"position\":1,\"name\":\"Inicio\",\"item\":\"https:\/\/tienda.rigelec.com.ar\/\"},{\"@type\":\"ListItem\",\"position\":2,\"name\":\"Shop\",\"item\":\"https:\/\/tienda.rigelec.com.ar\/?page_id=12\"},{\"@type\":\"ListItem\",\"position\":3,\"name\":\"METRO CABLE PARA BOMBA SUMERGIBLE PLANO 3X50MM\"}]},{\"@type\":\"WebSite\",\"@id\":\"https:\/\/tienda.rigelec.com.ar\/#website\",\"url\":\"https:\/\/tienda.rigelec.com.ar\/\",\"name\":\"Tienda Rigelec\",\"description\":\"Energia en movimiento\",\"publisher\":{\"@id\":\"https:\/\/tienda.rigelec.com.ar\/#organization\"},\"potentialAction\":[{\"@type\":\"SearchAction\",\"target\":{\"@type\":\"EntryPoint\",\"urlTemplate\":\"https:\/\/tienda.rigelec.com.ar\/?s={search_term_string}\"},\"query-input\":{\"@type\":\"PropertyValueSpecification\",\"valueRequired\":true,\"valueName\":\"search_term_string\"}}],\"inLanguage\":\"es-AR\"},{\"@type\":\"Organization\",\"@id\":\"https:\/\/tienda.rigelec.com.ar\/#organization\",\"name\":\"Tienda Rigelec\",\"url\":\"https:\/\/tienda.rigelec.com.ar\/\",\"logo\":{\"@type\":\"ImageObject\",\"inLanguage\":\"es-AR\",\"@id\":\"https:\/\/tienda.rigelec.com.ar\/#\/schema\/logo\/image\/\",\"url\":\"https:\/\/tienda.rigelec.com.ar\/wp-content\/uploads\/2024\/09\/isologo-blanco-rigelec.png\",\"contentUrl\":\"https:\/\/tienda.rigelec.com.ar\/wp-content\/uploads\/2024\/09\/isologo-blanco-rigelec.png\",\"width\":94,\"height\":97,\"caption\":\"Tienda Rigelec\"},\"image\":{\"@id\":\"https:\/\/tienda.rigelec.com.ar\/#\/schema\/logo\/image\/\"}}]}<\/script>\n<!-- \/ Yoast SEO plugin. -->","yoast_head_json":{"title":"METRO CABLE PARA BOMBA SUMERGIBLE PLANO 3X50MM - Tienda Rigelec","robots":{"index":"index","follow":"follow","max-snippet":"max-snippet:-1","max-image-preview":"max-image-preview:large","max-video-preview":"max-video-preview:-1"},"canonical":"https:\/\/tienda.rigelec.com.ar\/?product=metro-cable-para-bomba-sumergible-plano-3x50mm","og_locale":"es_ES","og_type":"article","og_title":"METRO CABLE PARA BOMBA SUMERGIBLE PLANO 3X50MM - Tienda Rigelec","og_description":"Estos conductores est\u00e1n formados por cuerdas flexibles de alambres de cobre recocido, IRAM NM 280 \u0096 clase 4, aislados por una capa de PVC especial contra llama\u00ae. Los mismos se identifican: BIPOLARES: marr\u00f3n y celeste; TRIFASICOS: marr\u00f3n, rojo y negro; TETRAPOLARES: negro, celeste, marr\u00f3n y verde\/amarillo. Los conductores as\u00ed aislados se disponen en forma paralela, aplic\u00e1ndoseles una vaina penetrante de color celeste especial contra llama\u00ae. Estos cables llevan un marcado secuencial metro a metro sobre su vaina exterior, facilitando el corte a medida exacta.","og_url":"https:\/\/tienda.rigelec.com.ar\/?product=metro-cable-para-bomba-sumergible-plano-3x50mm","og_site_name":"Tienda Rigelec","article_modified_time":"2026-05-02T05:40:25+00:00","twitter_card":"summary_large_image","schema":{"@context":"https:\/\/schema.org","@graph":[{"@type":"WebPage","@id":"https:\/\/tienda.rigelec.com.ar\/?product=metro-cable-para-bomba-sumergible-plano-3x50mm","url":"https:\/\/tienda.rigelec.com.ar\/?product=metro-cable-para-bomba-sumergible-plano-3x50mm","name":"METRO CABLE PARA BOMBA SUMERGIBLE PLANO 3X50MM - Tienda Rigelec","isPartOf":{"@id":"https:\/\/tienda.rigelec.com.ar\/#website"},"primaryImageOfPage":{"@id":"https:\/\/tienda.rigelec.com.ar\/?product=metro-cable-para-bomba-sumergible-plano-3x50mm#primaryimage"},"image":{"@id":"https:\/\/tienda.rigelec.com.ar\/?product=metro-cable-para-bomba-sumergible-plano-3x50mm#primaryimage"},"thumbnailUrl":"https:\/\/tienda.rigelec.com.ar\/wp-content\/uploads\/2025\/09\/METROCABLEPARABOMBASUMERGIBLE-4.jpg","datePublished":"2025-09-25T22:22:11+00:00","dateModified":"2026-05-02T05:40:25+00:00","breadcrumb":{"@id":"https:\/\/tienda.rigelec.com.ar\/?product=metro-cable-para-bomba-sumergible-plano-3x50mm#breadcrumb"},"inLanguage":"es-AR","potentialAction":[{"@type":"ReadAction","target":["https:\/\/tienda.rigelec.com.ar\/?product=metro-cable-para-bomba-sumergible-plano-3x50mm"]}]},{"@type":"ImageObject","inLanguage":"es-AR","@id":"https:\/\/tienda.rigelec.com.ar\/?product=metro-cable-para-bomba-sumergible-plano-3x50mm#primaryimage","url":"https:\/\/tienda.rigelec.com.ar\/wp-content\/uploads\/2025\/09\/METROCABLEPARABOMBASUMERGIBLE-4.jpg","contentUrl":"https:\/\/tienda.rigelec.com.ar\/wp-content\/uploads\/2025\/09\/METROCABLEPARABOMBASUMERGIBLE-4.jpg","width":1080,"height":952},{"@type":"BreadcrumbList","@id":"https:\/\/tienda.rigelec.com.ar\/?product=metro-cable-para-bomba-sumergible-plano-3x50mm#breadcrumb","itemListElement":[{"@type":"ListItem","position":1,"name":"Inicio","item":"https:\/\/tienda.rigelec.com.ar\/"},{"@type":"ListItem","position":2,"name":"Shop","item":"https:\/\/tienda.rigelec.com.ar\/?page_id=12"},{"@type":"ListItem","position":3,"name":"METRO CABLE PARA BOMBA SUMERGIBLE PLANO 3X50MM"}]},{"@type":"WebSite","@id":"https:\/\/tienda.rigelec.com.ar\/#website","url":"https:\/\/tienda.rigelec.com.ar\/","name":"Tienda Rigelec","description":"Energia en movimiento","publisher":{"@id":"https:\/\/tienda.rigelec.com.ar\/#organization"},"potentialAction":[{"@type":"SearchAction","target":{"@type":"EntryPoint","urlTemplate":"https:\/\/tienda.rigelec.com.ar\/?s={search_term_string}"},"query-input":{"@type":"PropertyValueSpecification","valueRequired":true,"valueName":"search_term_string"}}],"inLanguage":"es-AR"},{"@type":"Organization","@id":"https:\/\/tienda.rigelec.com.ar\/#organization","name":"Tienda Rigelec","url":"https:\/\/tienda.rigelec.com.ar\/","logo":{"@type":"ImageObject","inLanguage":"es-AR","@id":"https:\/\/tienda.rigelec.com.ar\/#\/schema\/logo\/image\/","url":"https:\/\/tienda.rigelec.com.ar\/wp-content\/uploads\/2024\/09\/isologo-blanco-rigelec.png","contentUrl":"https:\/\/tienda.rigelec.com.ar\/wp-content\/uploads\/2024\/09\/isologo-blanco-rigelec.png","width":94,"height":97,"caption":"Tienda Rigelec"},"image":{"@id":"https:\/\/tienda.rigelec.com.ar\/#\/schema\/logo\/image\/"}}]}},"jetpack_sharing_enabled":true,"_links":{"self":[{"href":"https:\/\/tienda.rigelec.com.ar\/index.php?rest_route=\/wp\/v2\/product\/33661","targetHints":{"allow":["GET"]}}],"collection":[{"href":"https:\/\/tienda.rigelec.com.ar\/index.php?rest_route=\/wp\/v2\/product"}],"about":[{"href":"https:\/\/tienda.rigelec.com.ar\/index.php?rest_route=\/wp\/v2\/types\/product"}],"replies":[{"embeddable":true,"href":"https:\/\/tienda.rigelec.com.ar\/index.php?rest_route=%2Fwp%2Fv2%2Fcomments&post=33661"}],"wp:featuredmedia":[{"embeddable":true,"href":"https:\/\/tienda.rigelec.com.ar\/index.php?rest_route=\/wp\/v2\/media\/33662"}],"wp:attachment":[{"href":"https:\/\/tienda.rigelec.com.ar\/index.php?rest_route=%2Fwp%2Fv2%2Fmedia&parent=33661"}],"wp:term":[{"taxonomy":"product_brand","embeddable":true,"href":"https:\/\/tienda.rigelec.com.ar\/index.php?rest_route=%2Fwp%2Fv2%2Fproduct_brand&post=33661"},{"taxonomy":"product_cat","embeddable":true,"href":"https:\/\/tienda.rigelec.com.ar\/index.php?rest_route=%2Fwp%2Fv2%2Fproduct_cat&post=33661"},{"taxonomy":"product_tag","embeddable":true,"href":"https:\/\/tienda.rigelec.com.ar\/index.php?rest_route=%2Fwp%2Fv2%2Fproduct_tag&post=33661"}],"curies":[{"name":"wp","href":"https:\/\/api.w.org\/{rel}","templated":true}]}}