{"id":34121,"date":"2025-09-25T22:26:05","date_gmt":"2025-09-26T01:26:05","guid":{"rendered":"https:\/\/tienda.rigelec.com.ar\/?product=metro-cable-envainado-redondo-con-alma-de-acero-2x0-50mm"},"modified":"2026-05-01T18:29:43","modified_gmt":"2026-05-01T21:29:43","slug":"metro-cable-envainado-redondo-con-alma-de-acero-2x0-50mm","status":"publish","type":"product","link":"https:\/\/tienda.rigelec.com.ar\/?product=metro-cable-envainado-redondo-con-alma-de-acero-2x0-50mm","title":{"rendered":"METRO CABLE ENVAINADO REDONDO CON ALMA DE ACERO  2X0.50MM"},"content":{"rendered":"<p>METRO CABLE ENVAINADO REDONDO CON ALMA DE ACERO<\/p>\n","protected":false},"excerpt":{"rendered":"<p>Se compone de dos cuerdas extraflexibles de cobre recocido, IRAM NM 280 &#8211; clase 5, de secci\u00f3n nominal 0.50 mm2, aisladas individualmente en un PVC especial contra llama\u00ae en colores blanco y crema, cableados junto con una cuerda de acero aislada con PVC especial contra llama\u00ae de color gris. Este conjunto as\u00ed formado es recubierto con una vaina penetrante redonda de PVC de extrema flexibilidad de color blanco o negro.<\/p>\n<p>APLICACI\u00d3N<br \/>\nEstos conductores son especialmente fabricados para ser utilizados en aparatos de iluminaci\u00f3n colgantes, donde se necesita un elemento de resistencia a la tracci\u00f3n como es la cuerda de acero, capaz de soportar el peso del artefacto.<\/p>\n","protected":false},"featured_media":34122,"comment_status":"open","ping_status":"closed","template":"","meta":{"_monsterinsights_skip_tracking":false,"_monsterinsights_sitenote_active":false,"_monsterinsights_sitenote_note":"","_monsterinsights_sitenote_category":0},"product_brand":[],"product_cat":[221],"product_tag":[54],"class_list":{"0":"post-34121","1":"product","2":"type-product","3":"status-publish","4":"has-post-thumbnail","6":"product_cat-b-paralelo","7":"product_tag-argenplas","9":"first","10":"instock","11":"shipping-taxable","12":"purchasable","13":"product-type-simple"},"yoast_head":"<!-- This site is optimized with the Yoast SEO plugin v25.3.1 - https:\/\/yoast.com\/wordpress\/plugins\/seo\/ -->\n<title>METRO CABLE ENVAINADO REDONDO CON ALMA DE ACERO 2X0.50MM - Tienda Rigelec<\/title>\n<meta name=\"robots\" content=\"index, follow, max-snippet:-1, max-image-preview:large, max-video-preview:-1\" \/>\n<link rel=\"canonical\" href=\"https:\/\/tienda.rigelec.com.ar\/?product=metro-cable-envainado-redondo-con-alma-de-acero-2x0-50mm\" \/>\n<meta property=\"og:locale\" content=\"es_ES\" \/>\n<meta property=\"og:type\" content=\"article\" \/>\n<meta property=\"og:title\" content=\"METRO CABLE ENVAINADO REDONDO CON ALMA DE ACERO 2X0.50MM - Tienda Rigelec\" \/>\n<meta property=\"og:description\" content=\"Se compone de dos cuerdas extraflexibles de cobre recocido, IRAM NM 280 - clase 5, de secci\u00f3n nominal 0.50 mm2, aisladas individualmente en un PVC especial contra llama\u00ae en colores blanco y crema, cableados junto con una cuerda de acero aislada con PVC especial contra llama\u00ae de color gris. Este conjunto as\u00ed formado es recubierto con una vaina penetrante redonda de PVC de extrema flexibilidad de color blanco o negro.  APLICACI\u00d3N Estos conductores son especialmente fabricados para ser utilizados en aparatos de iluminaci\u00f3n colgantes, donde se necesita un elemento de resistencia a la tracci\u00f3n como es la cuerda de acero, capaz de soportar el peso del artefacto.\" \/>\n<meta property=\"og:url\" content=\"https:\/\/tienda.rigelec.com.ar\/?product=metro-cable-envainado-redondo-con-alma-de-acero-2x0-50mm\" \/>\n<meta property=\"og:site_name\" content=\"Tienda Rigelec\" \/>\n<meta property=\"article:modified_time\" content=\"2026-05-01T21:29:43+00:00\" \/>\n<meta name=\"twitter:card\" content=\"summary_large_image\" \/>\n<script type=\"application\/ld+json\" class=\"yoast-schema-graph\">{\"@context\":\"https:\/\/schema.org\",\"@graph\":[{\"@type\":\"WebPage\",\"@id\":\"https:\/\/tienda.rigelec.com.ar\/?product=metro-cable-envainado-redondo-con-alma-de-acero-2x0-50mm\",\"url\":\"https:\/\/tienda.rigelec.com.ar\/?product=metro-cable-envainado-redondo-con-alma-de-acero-2x0-50mm\",\"name\":\"METRO CABLE ENVAINADO REDONDO CON ALMA DE ACERO 2X0.50MM - Tienda Rigelec\",\"isPartOf\":{\"@id\":\"https:\/\/tienda.rigelec.com.ar\/#website\"},\"primaryImageOfPage\":{\"@id\":\"https:\/\/tienda.rigelec.com.ar\/?product=metro-cable-envainado-redondo-con-alma-de-acero-2x0-50mm#primaryimage\"},\"image\":{\"@id\":\"https:\/\/tienda.rigelec.com.ar\/?product=metro-cable-envainado-redondo-con-alma-de-acero-2x0-50mm#primaryimage\"},\"thumbnailUrl\":\"https:\/\/tienda.rigelec.com.ar\/wp-content\/uploads\/2025\/09\/METROCABLEENVAINADOREDONDOCONALMADEACERO.jpg\",\"datePublished\":\"2025-09-26T01:26:05+00:00\",\"dateModified\":\"2026-05-01T21:29:43+00:00\",\"breadcrumb\":{\"@id\":\"https:\/\/tienda.rigelec.com.ar\/?product=metro-cable-envainado-redondo-con-alma-de-acero-2x0-50mm#breadcrumb\"},\"inLanguage\":\"es-AR\",\"potentialAction\":[{\"@type\":\"ReadAction\",\"target\":[\"https:\/\/tienda.rigelec.com.ar\/?product=metro-cable-envainado-redondo-con-alma-de-acero-2x0-50mm\"]}]},{\"@type\":\"ImageObject\",\"inLanguage\":\"es-AR\",\"@id\":\"https:\/\/tienda.rigelec.com.ar\/?product=metro-cable-envainado-redondo-con-alma-de-acero-2x0-50mm#primaryimage\",\"url\":\"https:\/\/tienda.rigelec.com.ar\/wp-content\/uploads\/2025\/09\/METROCABLEENVAINADOREDONDOCONALMADEACERO.jpg\",\"contentUrl\":\"https:\/\/tienda.rigelec.com.ar\/wp-content\/uploads\/2025\/09\/METROCABLEENVAINADOREDONDOCONALMADEACERO.jpg\",\"width\":180,\"height\":370},{\"@type\":\"BreadcrumbList\",\"@id\":\"https:\/\/tienda.rigelec.com.ar\/?product=metro-cable-envainado-redondo-con-alma-de-acero-2x0-50mm#breadcrumb\",\"itemListElement\":[{\"@type\":\"ListItem\",\"position\":1,\"name\":\"Inicio\",\"item\":\"https:\/\/tienda.rigelec.com.ar\/\"},{\"@type\":\"ListItem\",\"position\":2,\"name\":\"Shop\",\"item\":\"https:\/\/tienda.rigelec.com.ar\/?page_id=12\"},{\"@type\":\"ListItem\",\"position\":3,\"name\":\"METRO CABLE ENVAINADO REDONDO CON ALMA DE ACERO 2X0.50MM\"}]},{\"@type\":\"WebSite\",\"@id\":\"https:\/\/tienda.rigelec.com.ar\/#website\",\"url\":\"https:\/\/tienda.rigelec.com.ar\/\",\"name\":\"Tienda Rigelec\",\"description\":\"Energia en movimiento\",\"publisher\":{\"@id\":\"https:\/\/tienda.rigelec.com.ar\/#organization\"},\"potentialAction\":[{\"@type\":\"SearchAction\",\"target\":{\"@type\":\"EntryPoint\",\"urlTemplate\":\"https:\/\/tienda.rigelec.com.ar\/?s={search_term_string}\"},\"query-input\":{\"@type\":\"PropertyValueSpecification\",\"valueRequired\":true,\"valueName\":\"search_term_string\"}}],\"inLanguage\":\"es-AR\"},{\"@type\":\"Organization\",\"@id\":\"https:\/\/tienda.rigelec.com.ar\/#organization\",\"name\":\"Tienda Rigelec\",\"url\":\"https:\/\/tienda.rigelec.com.ar\/\",\"logo\":{\"@type\":\"ImageObject\",\"inLanguage\":\"es-AR\",\"@id\":\"https:\/\/tienda.rigelec.com.ar\/#\/schema\/logo\/image\/\",\"url\":\"https:\/\/tienda.rigelec.com.ar\/wp-content\/uploads\/2024\/09\/isologo-blanco-rigelec.png\",\"contentUrl\":\"https:\/\/tienda.rigelec.com.ar\/wp-content\/uploads\/2024\/09\/isologo-blanco-rigelec.png\",\"width\":94,\"height\":97,\"caption\":\"Tienda Rigelec\"},\"image\":{\"@id\":\"https:\/\/tienda.rigelec.com.ar\/#\/schema\/logo\/image\/\"}}]}<\/script>\n<!-- \/ Yoast SEO plugin. -->","yoast_head_json":{"title":"METRO CABLE ENVAINADO REDONDO CON ALMA DE ACERO 2X0.50MM - Tienda Rigelec","robots":{"index":"index","follow":"follow","max-snippet":"max-snippet:-1","max-image-preview":"max-image-preview:large","max-video-preview":"max-video-preview:-1"},"canonical":"https:\/\/tienda.rigelec.com.ar\/?product=metro-cable-envainado-redondo-con-alma-de-acero-2x0-50mm","og_locale":"es_ES","og_type":"article","og_title":"METRO CABLE ENVAINADO REDONDO CON ALMA DE ACERO 2X0.50MM - Tienda Rigelec","og_description":"Se compone de dos cuerdas extraflexibles de cobre recocido, IRAM NM 280 - clase 5, de secci\u00f3n nominal 0.50 mm2, aisladas individualmente en un PVC especial contra llama\u00ae en colores blanco y crema, cableados junto con una cuerda de acero aislada con PVC especial contra llama\u00ae de color gris. Este conjunto as\u00ed formado es recubierto con una vaina penetrante redonda de PVC de extrema flexibilidad de color blanco o negro.  APLICACI\u00d3N Estos conductores son especialmente fabricados para ser utilizados en aparatos de iluminaci\u00f3n colgantes, donde se necesita un elemento de resistencia a la tracci\u00f3n como es la cuerda de acero, capaz de soportar el peso del artefacto.","og_url":"https:\/\/tienda.rigelec.com.ar\/?product=metro-cable-envainado-redondo-con-alma-de-acero-2x0-50mm","og_site_name":"Tienda Rigelec","article_modified_time":"2026-05-01T21:29:43+00:00","twitter_card":"summary_large_image","schema":{"@context":"https:\/\/schema.org","@graph":[{"@type":"WebPage","@id":"https:\/\/tienda.rigelec.com.ar\/?product=metro-cable-envainado-redondo-con-alma-de-acero-2x0-50mm","url":"https:\/\/tienda.rigelec.com.ar\/?product=metro-cable-envainado-redondo-con-alma-de-acero-2x0-50mm","name":"METRO CABLE ENVAINADO REDONDO CON ALMA DE ACERO 2X0.50MM - Tienda Rigelec","isPartOf":{"@id":"https:\/\/tienda.rigelec.com.ar\/#website"},"primaryImageOfPage":{"@id":"https:\/\/tienda.rigelec.com.ar\/?product=metro-cable-envainado-redondo-con-alma-de-acero-2x0-50mm#primaryimage"},"image":{"@id":"https:\/\/tienda.rigelec.com.ar\/?product=metro-cable-envainado-redondo-con-alma-de-acero-2x0-50mm#primaryimage"},"thumbnailUrl":"https:\/\/tienda.rigelec.com.ar\/wp-content\/uploads\/2025\/09\/METROCABLEENVAINADOREDONDOCONALMADEACERO.jpg","datePublished":"2025-09-26T01:26:05+00:00","dateModified":"2026-05-01T21:29:43+00:00","breadcrumb":{"@id":"https:\/\/tienda.rigelec.com.ar\/?product=metro-cable-envainado-redondo-con-alma-de-acero-2x0-50mm#breadcrumb"},"inLanguage":"es-AR","potentialAction":[{"@type":"ReadAction","target":["https:\/\/tienda.rigelec.com.ar\/?product=metro-cable-envainado-redondo-con-alma-de-acero-2x0-50mm"]}]},{"@type":"ImageObject","inLanguage":"es-AR","@id":"https:\/\/tienda.rigelec.com.ar\/?product=metro-cable-envainado-redondo-con-alma-de-acero-2x0-50mm#primaryimage","url":"https:\/\/tienda.rigelec.com.ar\/wp-content\/uploads\/2025\/09\/METROCABLEENVAINADOREDONDOCONALMADEACERO.jpg","contentUrl":"https:\/\/tienda.rigelec.com.ar\/wp-content\/uploads\/2025\/09\/METROCABLEENVAINADOREDONDOCONALMADEACERO.jpg","width":180,"height":370},{"@type":"BreadcrumbList","@id":"https:\/\/tienda.rigelec.com.ar\/?product=metro-cable-envainado-redondo-con-alma-de-acero-2x0-50mm#breadcrumb","itemListElement":[{"@type":"ListItem","position":1,"name":"Inicio","item":"https:\/\/tienda.rigelec.com.ar\/"},{"@type":"ListItem","position":2,"name":"Shop","item":"https:\/\/tienda.rigelec.com.ar\/?page_id=12"},{"@type":"ListItem","position":3,"name":"METRO CABLE ENVAINADO REDONDO CON ALMA DE ACERO 2X0.50MM"}]},{"@type":"WebSite","@id":"https:\/\/tienda.rigelec.com.ar\/#website","url":"https:\/\/tienda.rigelec.com.ar\/","name":"Tienda Rigelec","description":"Energia en movimiento","publisher":{"@id":"https:\/\/tienda.rigelec.com.ar\/#organization"},"potentialAction":[{"@type":"SearchAction","target":{"@type":"EntryPoint","urlTemplate":"https:\/\/tienda.rigelec.com.ar\/?s={search_term_string}"},"query-input":{"@type":"PropertyValueSpecification","valueRequired":true,"valueName":"search_term_string"}}],"inLanguage":"es-AR"},{"@type":"Organization","@id":"https:\/\/tienda.rigelec.com.ar\/#organization","name":"Tienda Rigelec","url":"https:\/\/tienda.rigelec.com.ar\/","logo":{"@type":"ImageObject","inLanguage":"es-AR","@id":"https:\/\/tienda.rigelec.com.ar\/#\/schema\/logo\/image\/","url":"https:\/\/tienda.rigelec.com.ar\/wp-content\/uploads\/2024\/09\/isologo-blanco-rigelec.png","contentUrl":"https:\/\/tienda.rigelec.com.ar\/wp-content\/uploads\/2024\/09\/isologo-blanco-rigelec.png","width":94,"height":97,"caption":"Tienda Rigelec"},"image":{"@id":"https:\/\/tienda.rigelec.com.ar\/#\/schema\/logo\/image\/"}}]}},"jetpack_sharing_enabled":true,"_links":{"self":[{"href":"https:\/\/tienda.rigelec.com.ar\/index.php?rest_route=\/wp\/v2\/product\/34121","targetHints":{"allow":["GET"]}}],"collection":[{"href":"https:\/\/tienda.rigelec.com.ar\/index.php?rest_route=\/wp\/v2\/product"}],"about":[{"href":"https:\/\/tienda.rigelec.com.ar\/index.php?rest_route=\/wp\/v2\/types\/product"}],"replies":[{"embeddable":true,"href":"https:\/\/tienda.rigelec.com.ar\/index.php?rest_route=%2Fwp%2Fv2%2Fcomments&post=34121"}],"wp:featuredmedia":[{"embeddable":true,"href":"https:\/\/tienda.rigelec.com.ar\/index.php?rest_route=\/wp\/v2\/media\/34122"}],"wp:attachment":[{"href":"https:\/\/tienda.rigelec.com.ar\/index.php?rest_route=%2Fwp%2Fv2%2Fmedia&parent=34121"}],"wp:term":[{"taxonomy":"product_brand","embeddable":true,"href":"https:\/\/tienda.rigelec.com.ar\/index.php?rest_route=%2Fwp%2Fv2%2Fproduct_brand&post=34121"},{"taxonomy":"product_cat","embeddable":true,"href":"https:\/\/tienda.rigelec.com.ar\/index.php?rest_route=%2Fwp%2Fv2%2Fproduct_cat&post=34121"},{"taxonomy":"product_tag","embeddable":true,"href":"https:\/\/tienda.rigelec.com.ar\/index.php?rest_route=%2Fwp%2Fv2%2Fproduct_tag&post=34121"}],"curies":[{"name":"wp","href":"https:\/\/api.w.org\/{rel}","templated":true}]}}