{"id":34861,"date":"2025-10-31T18:11:25","date_gmt":"2025-10-31T21:11:25","guid":{"rendered":"https:\/\/tienda.rigelec.com.ar\/?product=guirnalda-rosas-led-blanca-calidas-2m-10-rosas-led"},"modified":"2026-05-01T14:43:29","modified_gmt":"2026-05-01T17:43:29","slug":"guirnalda-rosas-led-blanca-calidas-2m-10-rosas-led","status":"publish","type":"product","link":"https:\/\/tienda.rigelec.com.ar\/?product=guirnalda-rosas-led-blanca-calidas-2m-10-rosas-led","title":{"rendered":"GUIRNALDA ROSAS LED BLANCA CALIDAS  2M &#8211; 10 ROSAS LED"},"content":{"rendered":"<p>GUIRNALDA ROSAS LED BLANCA CALIDAS<\/p>\n","protected":false},"excerpt":{"rendered":"<p>CARACTER\u00cdSTICAS:<br \/>\n&#8211; Tipo: Guirnalda con Rosas<br \/>\n&#8211; Largo: 2mts aprox.<br \/>\n&#8211; Color de luces: Blanco C\u00e1lido<br \/>\n&#8211; Cantidad de luces: 10 leds<br \/>\n&#8211; Fantas\u00eda: Rosas blancas de 3cm<br \/>\n&#8211; Cable: Cristal (transparente)<br \/>\n&#8211; Energ\u00eda: Pilas<br \/>\n&#8211; Efectos: Fijas.<\/p>\n","protected":false},"featured_media":34862,"comment_status":"open","ping_status":"closed","template":"","meta":{"_monsterinsights_skip_tracking":false,"_monsterinsights_sitenote_active":false,"_monsterinsights_sitenote_note":"","_monsterinsights_sitenote_category":0},"product_brand":[],"product_cat":[241],"product_tag":[505],"class_list":{"0":"post-34861","1":"product","2":"type-product","3":"status-publish","4":"has-post-thumbnail","6":"product_cat-m-navidad","7":"product_tag-el-rey-de-la-navidad","9":"first","10":"instock","11":"shipping-taxable","12":"purchasable","13":"product-type-simple"},"yoast_head":"<!-- This site is optimized with the Yoast SEO plugin v25.3.1 - https:\/\/yoast.com\/wordpress\/plugins\/seo\/ -->\n<title>GUIRNALDA ROSAS LED BLANCA CALIDAS 2M - 10 ROSAS LED - Tienda Rigelec<\/title>\n<meta name=\"robots\" content=\"index, follow, max-snippet:-1, max-image-preview:large, max-video-preview:-1\" \/>\n<link rel=\"canonical\" href=\"https:\/\/tienda.rigelec.com.ar\/?product=guirnalda-rosas-led-blanca-calidas-2m-10-rosas-led\" \/>\n<meta property=\"og:locale\" content=\"es_ES\" \/>\n<meta property=\"og:type\" content=\"article\" \/>\n<meta property=\"og:title\" content=\"GUIRNALDA ROSAS LED BLANCA CALIDAS 2M - 10 ROSAS LED - Tienda Rigelec\" \/>\n<meta property=\"og:description\" content=\"CARACTER\u00cdSTICAS: - Tipo: Guirnalda con Rosas - Largo: 2mts aprox. - Color de luces: Blanco C\u00e1lido - Cantidad de luces: 10 leds - Fantas\u00eda: Rosas blancas de 3cm - Cable: Cristal (transparente) - Energ\u00eda: Pilas - Efectos: Fijas.\" \/>\n<meta property=\"og:url\" content=\"https:\/\/tienda.rigelec.com.ar\/?product=guirnalda-rosas-led-blanca-calidas-2m-10-rosas-led\" \/>\n<meta property=\"og:site_name\" content=\"Tienda Rigelec\" \/>\n<meta property=\"article:modified_time\" content=\"2026-05-01T17:43:29+00:00\" \/>\n<meta name=\"twitter:card\" content=\"summary_large_image\" \/>\n<script type=\"application\/ld+json\" class=\"yoast-schema-graph\">{\"@context\":\"https:\/\/schema.org\",\"@graph\":[{\"@type\":\"WebPage\",\"@id\":\"https:\/\/tienda.rigelec.com.ar\/?product=guirnalda-rosas-led-blanca-calidas-2m-10-rosas-led\",\"url\":\"https:\/\/tienda.rigelec.com.ar\/?product=guirnalda-rosas-led-blanca-calidas-2m-10-rosas-led\",\"name\":\"GUIRNALDA ROSAS LED BLANCA CALIDAS 2M - 10 ROSAS LED - Tienda Rigelec\",\"isPartOf\":{\"@id\":\"https:\/\/tienda.rigelec.com.ar\/#website\"},\"primaryImageOfPage\":{\"@id\":\"https:\/\/tienda.rigelec.com.ar\/?product=guirnalda-rosas-led-blanca-calidas-2m-10-rosas-led#primaryimage\"},\"image\":{\"@id\":\"https:\/\/tienda.rigelec.com.ar\/?product=guirnalda-rosas-led-blanca-calidas-2m-10-rosas-led#primaryimage\"},\"thumbnailUrl\":\"https:\/\/tienda.rigelec.com.ar\/wp-content\/uploads\/2025\/10\/GUIRNALDAROSASLEDBLANCACALIDAS.jpg\",\"datePublished\":\"2025-10-31T21:11:25+00:00\",\"dateModified\":\"2026-05-01T17:43:29+00:00\",\"breadcrumb\":{\"@id\":\"https:\/\/tienda.rigelec.com.ar\/?product=guirnalda-rosas-led-blanca-calidas-2m-10-rosas-led#breadcrumb\"},\"inLanguage\":\"es-AR\",\"potentialAction\":[{\"@type\":\"ReadAction\",\"target\":[\"https:\/\/tienda.rigelec.com.ar\/?product=guirnalda-rosas-led-blanca-calidas-2m-10-rosas-led\"]}]},{\"@type\":\"ImageObject\",\"inLanguage\":\"es-AR\",\"@id\":\"https:\/\/tienda.rigelec.com.ar\/?product=guirnalda-rosas-led-blanca-calidas-2m-10-rosas-led#primaryimage\",\"url\":\"https:\/\/tienda.rigelec.com.ar\/wp-content\/uploads\/2025\/10\/GUIRNALDAROSASLEDBLANCACALIDAS.jpg\",\"contentUrl\":\"https:\/\/tienda.rigelec.com.ar\/wp-content\/uploads\/2025\/10\/GUIRNALDAROSASLEDBLANCACALIDAS.jpg\",\"width\":1080,\"height\":1080},{\"@type\":\"BreadcrumbList\",\"@id\":\"https:\/\/tienda.rigelec.com.ar\/?product=guirnalda-rosas-led-blanca-calidas-2m-10-rosas-led#breadcrumb\",\"itemListElement\":[{\"@type\":\"ListItem\",\"position\":1,\"name\":\"Inicio\",\"item\":\"https:\/\/tienda.rigelec.com.ar\/\"},{\"@type\":\"ListItem\",\"position\":2,\"name\":\"Shop\",\"item\":\"https:\/\/tienda.rigelec.com.ar\/?page_id=12\"},{\"@type\":\"ListItem\",\"position\":3,\"name\":\"GUIRNALDA ROSAS LED BLANCA CALIDAS 2M &#8211; 10 ROSAS LED\"}]},{\"@type\":\"WebSite\",\"@id\":\"https:\/\/tienda.rigelec.com.ar\/#website\",\"url\":\"https:\/\/tienda.rigelec.com.ar\/\",\"name\":\"Tienda Rigelec\",\"description\":\"Energia en movimiento\",\"publisher\":{\"@id\":\"https:\/\/tienda.rigelec.com.ar\/#organization\"},\"potentialAction\":[{\"@type\":\"SearchAction\",\"target\":{\"@type\":\"EntryPoint\",\"urlTemplate\":\"https:\/\/tienda.rigelec.com.ar\/?s={search_term_string}\"},\"query-input\":{\"@type\":\"PropertyValueSpecification\",\"valueRequired\":true,\"valueName\":\"search_term_string\"}}],\"inLanguage\":\"es-AR\"},{\"@type\":\"Organization\",\"@id\":\"https:\/\/tienda.rigelec.com.ar\/#organization\",\"name\":\"Tienda Rigelec\",\"url\":\"https:\/\/tienda.rigelec.com.ar\/\",\"logo\":{\"@type\":\"ImageObject\",\"inLanguage\":\"es-AR\",\"@id\":\"https:\/\/tienda.rigelec.com.ar\/#\/schema\/logo\/image\/\",\"url\":\"https:\/\/tienda.rigelec.com.ar\/wp-content\/uploads\/2024\/09\/isologo-blanco-rigelec.png\",\"contentUrl\":\"https:\/\/tienda.rigelec.com.ar\/wp-content\/uploads\/2024\/09\/isologo-blanco-rigelec.png\",\"width\":94,\"height\":97,\"caption\":\"Tienda Rigelec\"},\"image\":{\"@id\":\"https:\/\/tienda.rigelec.com.ar\/#\/schema\/logo\/image\/\"}}]}<\/script>\n<!-- \/ Yoast SEO plugin. -->","yoast_head_json":{"title":"GUIRNALDA ROSAS LED BLANCA CALIDAS 2M - 10 ROSAS LED - Tienda Rigelec","robots":{"index":"index","follow":"follow","max-snippet":"max-snippet:-1","max-image-preview":"max-image-preview:large","max-video-preview":"max-video-preview:-1"},"canonical":"https:\/\/tienda.rigelec.com.ar\/?product=guirnalda-rosas-led-blanca-calidas-2m-10-rosas-led","og_locale":"es_ES","og_type":"article","og_title":"GUIRNALDA ROSAS LED BLANCA CALIDAS 2M - 10 ROSAS LED - Tienda Rigelec","og_description":"CARACTER\u00cdSTICAS: - Tipo: Guirnalda con Rosas - Largo: 2mts aprox. - Color de luces: Blanco C\u00e1lido - Cantidad de luces: 10 leds - Fantas\u00eda: Rosas blancas de 3cm - Cable: Cristal (transparente) - Energ\u00eda: Pilas - Efectos: Fijas.","og_url":"https:\/\/tienda.rigelec.com.ar\/?product=guirnalda-rosas-led-blanca-calidas-2m-10-rosas-led","og_site_name":"Tienda Rigelec","article_modified_time":"2026-05-01T17:43:29+00:00","twitter_card":"summary_large_image","schema":{"@context":"https:\/\/schema.org","@graph":[{"@type":"WebPage","@id":"https:\/\/tienda.rigelec.com.ar\/?product=guirnalda-rosas-led-blanca-calidas-2m-10-rosas-led","url":"https:\/\/tienda.rigelec.com.ar\/?product=guirnalda-rosas-led-blanca-calidas-2m-10-rosas-led","name":"GUIRNALDA ROSAS LED BLANCA CALIDAS 2M - 10 ROSAS LED - Tienda Rigelec","isPartOf":{"@id":"https:\/\/tienda.rigelec.com.ar\/#website"},"primaryImageOfPage":{"@id":"https:\/\/tienda.rigelec.com.ar\/?product=guirnalda-rosas-led-blanca-calidas-2m-10-rosas-led#primaryimage"},"image":{"@id":"https:\/\/tienda.rigelec.com.ar\/?product=guirnalda-rosas-led-blanca-calidas-2m-10-rosas-led#primaryimage"},"thumbnailUrl":"https:\/\/tienda.rigelec.com.ar\/wp-content\/uploads\/2025\/10\/GUIRNALDAROSASLEDBLANCACALIDAS.jpg","datePublished":"2025-10-31T21:11:25+00:00","dateModified":"2026-05-01T17:43:29+00:00","breadcrumb":{"@id":"https:\/\/tienda.rigelec.com.ar\/?product=guirnalda-rosas-led-blanca-calidas-2m-10-rosas-led#breadcrumb"},"inLanguage":"es-AR","potentialAction":[{"@type":"ReadAction","target":["https:\/\/tienda.rigelec.com.ar\/?product=guirnalda-rosas-led-blanca-calidas-2m-10-rosas-led"]}]},{"@type":"ImageObject","inLanguage":"es-AR","@id":"https:\/\/tienda.rigelec.com.ar\/?product=guirnalda-rosas-led-blanca-calidas-2m-10-rosas-led#primaryimage","url":"https:\/\/tienda.rigelec.com.ar\/wp-content\/uploads\/2025\/10\/GUIRNALDAROSASLEDBLANCACALIDAS.jpg","contentUrl":"https:\/\/tienda.rigelec.com.ar\/wp-content\/uploads\/2025\/10\/GUIRNALDAROSASLEDBLANCACALIDAS.jpg","width":1080,"height":1080},{"@type":"BreadcrumbList","@id":"https:\/\/tienda.rigelec.com.ar\/?product=guirnalda-rosas-led-blanca-calidas-2m-10-rosas-led#breadcrumb","itemListElement":[{"@type":"ListItem","position":1,"name":"Inicio","item":"https:\/\/tienda.rigelec.com.ar\/"},{"@type":"ListItem","position":2,"name":"Shop","item":"https:\/\/tienda.rigelec.com.ar\/?page_id=12"},{"@type":"ListItem","position":3,"name":"GUIRNALDA ROSAS LED BLANCA CALIDAS 2M &#8211; 10 ROSAS LED"}]},{"@type":"WebSite","@id":"https:\/\/tienda.rigelec.com.ar\/#website","url":"https:\/\/tienda.rigelec.com.ar\/","name":"Tienda Rigelec","description":"Energia en movimiento","publisher":{"@id":"https:\/\/tienda.rigelec.com.ar\/#organization"},"potentialAction":[{"@type":"SearchAction","target":{"@type":"EntryPoint","urlTemplate":"https:\/\/tienda.rigelec.com.ar\/?s={search_term_string}"},"query-input":{"@type":"PropertyValueSpecification","valueRequired":true,"valueName":"search_term_string"}}],"inLanguage":"es-AR"},{"@type":"Organization","@id":"https:\/\/tienda.rigelec.com.ar\/#organization","name":"Tienda Rigelec","url":"https:\/\/tienda.rigelec.com.ar\/","logo":{"@type":"ImageObject","inLanguage":"es-AR","@id":"https:\/\/tienda.rigelec.com.ar\/#\/schema\/logo\/image\/","url":"https:\/\/tienda.rigelec.com.ar\/wp-content\/uploads\/2024\/09\/isologo-blanco-rigelec.png","contentUrl":"https:\/\/tienda.rigelec.com.ar\/wp-content\/uploads\/2024\/09\/isologo-blanco-rigelec.png","width":94,"height":97,"caption":"Tienda Rigelec"},"image":{"@id":"https:\/\/tienda.rigelec.com.ar\/#\/schema\/logo\/image\/"}}]}},"jetpack_sharing_enabled":true,"_links":{"self":[{"href":"https:\/\/tienda.rigelec.com.ar\/index.php?rest_route=\/wp\/v2\/product\/34861","targetHints":{"allow":["GET"]}}],"collection":[{"href":"https:\/\/tienda.rigelec.com.ar\/index.php?rest_route=\/wp\/v2\/product"}],"about":[{"href":"https:\/\/tienda.rigelec.com.ar\/index.php?rest_route=\/wp\/v2\/types\/product"}],"replies":[{"embeddable":true,"href":"https:\/\/tienda.rigelec.com.ar\/index.php?rest_route=%2Fwp%2Fv2%2Fcomments&post=34861"}],"wp:featuredmedia":[{"embeddable":true,"href":"https:\/\/tienda.rigelec.com.ar\/index.php?rest_route=\/wp\/v2\/media\/34862"}],"wp:attachment":[{"href":"https:\/\/tienda.rigelec.com.ar\/index.php?rest_route=%2Fwp%2Fv2%2Fmedia&parent=34861"}],"wp:term":[{"taxonomy":"product_brand","embeddable":true,"href":"https:\/\/tienda.rigelec.com.ar\/index.php?rest_route=%2Fwp%2Fv2%2Fproduct_brand&post=34861"},{"taxonomy":"product_cat","embeddable":true,"href":"https:\/\/tienda.rigelec.com.ar\/index.php?rest_route=%2Fwp%2Fv2%2Fproduct_cat&post=34861"},{"taxonomy":"product_tag","embeddable":true,"href":"https:\/\/tienda.rigelec.com.ar\/index.php?rest_route=%2Fwp%2Fv2%2Fproduct_tag&post=34861"}],"curies":[{"name":"wp","href":"https:\/\/api.w.org\/{rel}","templated":true}]}}