{"id":35023,"date":"2025-11-04T18:07:53","date_gmt":"2025-11-04T21:07:53","guid":{"rendered":"https:\/\/tienda.rigelec.com.ar\/?product=caja-embutir-octogonal-plastica-negra-pack-ahorro-x12-chica-nera"},"modified":"2026-05-03T22:59:01","modified_gmt":"2026-05-04T01:59:01","slug":"caja-embutir-octogonal-plastica-negra-pack-ahorro-x12-chica-nera","status":"publish","type":"product","link":"https:\/\/tienda.rigelec.com.ar\/?product=caja-embutir-octogonal-plastica-negra-pack-ahorro-x12-chica-nera","title":{"rendered":"CAJA EMBUTIR OCTOGONAL PLASTICA NEGRA PACK AHORRO X12 &#8211; CHICA &#8211; NERA"},"content":{"rendered":"<p>CAJA EMBUTIR OCTOGONAL PLASTICA NEGRA<\/p>\n","protected":false},"excerpt":{"rendered":"<p>Pack x12 Cajas de Embutir Octogonales Pl\u00e1sticas \u0096 Chicas \u0096 Genrod<br \/>\nLas cajas de embutir octogonales Genrod est\u00e1n dise\u00f1adas para organizar el paso de cableados el\u00e9ctricos y permitir instalaciones seguras y ordenadas. Fabricadas en pl\u00e1stico de alta resistencia, se utilizan embutidas en paredes y son aptas tanto para construcci\u00f3n tradicional como en seco.<br \/>\nEste pack incluye 12 unidades, lo que las convierte en una opci\u00f3n pr\u00e1ctica y econ\u00f3mica para obras nuevas o remodelaciones.<\/p>\n<p>Caracter\u00edsticas principales:<br \/>\nPack ahorro: 12 unidades<br \/>\nMedida: chica<br \/>\nMaterial: Pl\u00e1stico resistente<br \/>\nUso: Instalaciones el\u00e9ctricas embutidas<br \/>\nAplicaci\u00f3n: Construcci\u00f3n tradicional y en seco<br \/>\nDise\u00f1adas para facilitar la instalaci\u00f3n y garantizar seguridad<\/p>\n","protected":false},"featured_media":35024,"comment_status":"open","ping_status":"closed","template":"","meta":{"_monsterinsights_skip_tracking":false,"_monsterinsights_sitenote_active":false,"_monsterinsights_sitenote_note":"","_monsterinsights_sitenote_category":0},"product_brand":[],"product_cat":[295],"product_tag":[66],"class_list":{"0":"post-35023","1":"product","2":"type-product","3":"status-publish","4":"has-post-thumbnail","6":"product_cat-c-cajas","7":"product_tag-genrod","9":"first","10":"instock","11":"shipping-taxable","12":"purchasable","13":"product-type-simple"},"yoast_head":"<!-- This site is optimized with the Yoast SEO plugin v25.3.1 - https:\/\/yoast.com\/wordpress\/plugins\/seo\/ -->\n<title>CAJA EMBUTIR OCTOGONAL PLASTICA NEGRA PACK AHORRO X12 - CHICA - NERA - Tienda Rigelec<\/title>\n<meta name=\"robots\" content=\"index, follow, max-snippet:-1, max-image-preview:large, max-video-preview:-1\" \/>\n<link rel=\"canonical\" href=\"https:\/\/tienda.rigelec.com.ar\/?product=caja-embutir-octogonal-plastica-negra-pack-ahorro-x12-chica-nera\" \/>\n<meta property=\"og:locale\" content=\"es_ES\" \/>\n<meta property=\"og:type\" content=\"article\" \/>\n<meta property=\"og:title\" content=\"CAJA EMBUTIR OCTOGONAL PLASTICA NEGRA PACK AHORRO X12 - CHICA - NERA - Tienda Rigelec\" \/>\n<meta property=\"og:description\" content=\"Pack x12 Cajas de Embutir Octogonales Pl\u00e1sticas \u0096 Chicas \u0096 Genrod Las cajas de embutir octogonales Genrod est\u00e1n dise\u00f1adas para organizar el paso de cableados el\u00e9ctricos y permitir instalaciones seguras y ordenadas. Fabricadas en pl\u00e1stico de alta resistencia, se utilizan embutidas en paredes y son aptas tanto para construcci\u00f3n tradicional como en seco. Este pack incluye 12 unidades, lo que las convierte en una opci\u00f3n pr\u00e1ctica y econ\u00f3mica para obras nuevas o remodelaciones.  Caracter\u00edsticas principales: Pack ahorro: 12 unidades Medida: chica Material: Pl\u00e1stico resistente Uso: Instalaciones el\u00e9ctricas embutidas Aplicaci\u00f3n: Construcci\u00f3n tradicional y en seco Dise\u00f1adas para facilitar la instalaci\u00f3n y garantizar seguridad\" \/>\n<meta property=\"og:url\" content=\"https:\/\/tienda.rigelec.com.ar\/?product=caja-embutir-octogonal-plastica-negra-pack-ahorro-x12-chica-nera\" \/>\n<meta property=\"og:site_name\" content=\"Tienda Rigelec\" \/>\n<meta property=\"article:modified_time\" content=\"2026-05-04T01:59:01+00:00\" \/>\n<meta name=\"twitter:card\" content=\"summary_large_image\" \/>\n<script type=\"application\/ld+json\" class=\"yoast-schema-graph\">{\"@context\":\"https:\/\/schema.org\",\"@graph\":[{\"@type\":\"WebPage\",\"@id\":\"https:\/\/tienda.rigelec.com.ar\/?product=caja-embutir-octogonal-plastica-negra-pack-ahorro-x12-chica-nera\",\"url\":\"https:\/\/tienda.rigelec.com.ar\/?product=caja-embutir-octogonal-plastica-negra-pack-ahorro-x12-chica-nera\",\"name\":\"CAJA EMBUTIR OCTOGONAL PLASTICA NEGRA PACK AHORRO X12 - CHICA - NERA - Tienda Rigelec\",\"isPartOf\":{\"@id\":\"https:\/\/tienda.rigelec.com.ar\/#website\"},\"primaryImageOfPage\":{\"@id\":\"https:\/\/tienda.rigelec.com.ar\/?product=caja-embutir-octogonal-plastica-negra-pack-ahorro-x12-chica-nera#primaryimage\"},\"image\":{\"@id\":\"https:\/\/tienda.rigelec.com.ar\/?product=caja-embutir-octogonal-plastica-negra-pack-ahorro-x12-chica-nera#primaryimage\"},\"thumbnailUrl\":\"https:\/\/tienda.rigelec.com.ar\/wp-content\/uploads\/2025\/11\/CAJAEMBUTIROCTOGONALPLASTICANEGRA.jpg\",\"datePublished\":\"2025-11-04T21:07:53+00:00\",\"dateModified\":\"2026-05-04T01:59:01+00:00\",\"breadcrumb\":{\"@id\":\"https:\/\/tienda.rigelec.com.ar\/?product=caja-embutir-octogonal-plastica-negra-pack-ahorro-x12-chica-nera#breadcrumb\"},\"inLanguage\":\"es-AR\",\"potentialAction\":[{\"@type\":\"ReadAction\",\"target\":[\"https:\/\/tienda.rigelec.com.ar\/?product=caja-embutir-octogonal-plastica-negra-pack-ahorro-x12-chica-nera\"]}]},{\"@type\":\"ImageObject\",\"inLanguage\":\"es-AR\",\"@id\":\"https:\/\/tienda.rigelec.com.ar\/?product=caja-embutir-octogonal-plastica-negra-pack-ahorro-x12-chica-nera#primaryimage\",\"url\":\"https:\/\/tienda.rigelec.com.ar\/wp-content\/uploads\/2025\/11\/CAJAEMBUTIROCTOGONALPLASTICANEGRA.jpg\",\"contentUrl\":\"https:\/\/tienda.rigelec.com.ar\/wp-content\/uploads\/2025\/11\/CAJAEMBUTIROCTOGONALPLASTICANEGRA.jpg\",\"width\":977,\"height\":951},{\"@type\":\"BreadcrumbList\",\"@id\":\"https:\/\/tienda.rigelec.com.ar\/?product=caja-embutir-octogonal-plastica-negra-pack-ahorro-x12-chica-nera#breadcrumb\",\"itemListElement\":[{\"@type\":\"ListItem\",\"position\":1,\"name\":\"Inicio\",\"item\":\"https:\/\/tienda.rigelec.com.ar\/\"},{\"@type\":\"ListItem\",\"position\":2,\"name\":\"Shop\",\"item\":\"https:\/\/tienda.rigelec.com.ar\/?page_id=12\"},{\"@type\":\"ListItem\",\"position\":3,\"name\":\"CAJA EMBUTIR OCTOGONAL PLASTICA NEGRA PACK AHORRO X12 &#8211; CHICA &#8211; NERA\"}]},{\"@type\":\"WebSite\",\"@id\":\"https:\/\/tienda.rigelec.com.ar\/#website\",\"url\":\"https:\/\/tienda.rigelec.com.ar\/\",\"name\":\"Tienda Rigelec\",\"description\":\"Energia en movimiento\",\"publisher\":{\"@id\":\"https:\/\/tienda.rigelec.com.ar\/#organization\"},\"potentialAction\":[{\"@type\":\"SearchAction\",\"target\":{\"@type\":\"EntryPoint\",\"urlTemplate\":\"https:\/\/tienda.rigelec.com.ar\/?s={search_term_string}\"},\"query-input\":{\"@type\":\"PropertyValueSpecification\",\"valueRequired\":true,\"valueName\":\"search_term_string\"}}],\"inLanguage\":\"es-AR\"},{\"@type\":\"Organization\",\"@id\":\"https:\/\/tienda.rigelec.com.ar\/#organization\",\"name\":\"Tienda Rigelec\",\"url\":\"https:\/\/tienda.rigelec.com.ar\/\",\"logo\":{\"@type\":\"ImageObject\",\"inLanguage\":\"es-AR\",\"@id\":\"https:\/\/tienda.rigelec.com.ar\/#\/schema\/logo\/image\/\",\"url\":\"https:\/\/tienda.rigelec.com.ar\/wp-content\/uploads\/2024\/09\/isologo-blanco-rigelec.png\",\"contentUrl\":\"https:\/\/tienda.rigelec.com.ar\/wp-content\/uploads\/2024\/09\/isologo-blanco-rigelec.png\",\"width\":94,\"height\":97,\"caption\":\"Tienda Rigelec\"},\"image\":{\"@id\":\"https:\/\/tienda.rigelec.com.ar\/#\/schema\/logo\/image\/\"}}]}<\/script>\n<!-- \/ Yoast SEO plugin. -->","yoast_head_json":{"title":"CAJA EMBUTIR OCTOGONAL PLASTICA NEGRA PACK AHORRO X12 - CHICA - NERA - Tienda Rigelec","robots":{"index":"index","follow":"follow","max-snippet":"max-snippet:-1","max-image-preview":"max-image-preview:large","max-video-preview":"max-video-preview:-1"},"canonical":"https:\/\/tienda.rigelec.com.ar\/?product=caja-embutir-octogonal-plastica-negra-pack-ahorro-x12-chica-nera","og_locale":"es_ES","og_type":"article","og_title":"CAJA EMBUTIR OCTOGONAL PLASTICA NEGRA PACK AHORRO X12 - CHICA - NERA - Tienda Rigelec","og_description":"Pack x12 Cajas de Embutir Octogonales Pl\u00e1sticas \u0096 Chicas \u0096 Genrod Las cajas de embutir octogonales Genrod est\u00e1n dise\u00f1adas para organizar el paso de cableados el\u00e9ctricos y permitir instalaciones seguras y ordenadas. Fabricadas en pl\u00e1stico de alta resistencia, se utilizan embutidas en paredes y son aptas tanto para construcci\u00f3n tradicional como en seco. Este pack incluye 12 unidades, lo que las convierte en una opci\u00f3n pr\u00e1ctica y econ\u00f3mica para obras nuevas o remodelaciones.  Caracter\u00edsticas principales: Pack ahorro: 12 unidades Medida: chica Material: Pl\u00e1stico resistente Uso: Instalaciones el\u00e9ctricas embutidas Aplicaci\u00f3n: Construcci\u00f3n tradicional y en seco Dise\u00f1adas para facilitar la instalaci\u00f3n y garantizar seguridad","og_url":"https:\/\/tienda.rigelec.com.ar\/?product=caja-embutir-octogonal-plastica-negra-pack-ahorro-x12-chica-nera","og_site_name":"Tienda Rigelec","article_modified_time":"2026-05-04T01:59:01+00:00","twitter_card":"summary_large_image","schema":{"@context":"https:\/\/schema.org","@graph":[{"@type":"WebPage","@id":"https:\/\/tienda.rigelec.com.ar\/?product=caja-embutir-octogonal-plastica-negra-pack-ahorro-x12-chica-nera","url":"https:\/\/tienda.rigelec.com.ar\/?product=caja-embutir-octogonal-plastica-negra-pack-ahorro-x12-chica-nera","name":"CAJA EMBUTIR OCTOGONAL PLASTICA NEGRA PACK AHORRO X12 - CHICA - NERA - Tienda Rigelec","isPartOf":{"@id":"https:\/\/tienda.rigelec.com.ar\/#website"},"primaryImageOfPage":{"@id":"https:\/\/tienda.rigelec.com.ar\/?product=caja-embutir-octogonal-plastica-negra-pack-ahorro-x12-chica-nera#primaryimage"},"image":{"@id":"https:\/\/tienda.rigelec.com.ar\/?product=caja-embutir-octogonal-plastica-negra-pack-ahorro-x12-chica-nera#primaryimage"},"thumbnailUrl":"https:\/\/tienda.rigelec.com.ar\/wp-content\/uploads\/2025\/11\/CAJAEMBUTIROCTOGONALPLASTICANEGRA.jpg","datePublished":"2025-11-04T21:07:53+00:00","dateModified":"2026-05-04T01:59:01+00:00","breadcrumb":{"@id":"https:\/\/tienda.rigelec.com.ar\/?product=caja-embutir-octogonal-plastica-negra-pack-ahorro-x12-chica-nera#breadcrumb"},"inLanguage":"es-AR","potentialAction":[{"@type":"ReadAction","target":["https:\/\/tienda.rigelec.com.ar\/?product=caja-embutir-octogonal-plastica-negra-pack-ahorro-x12-chica-nera"]}]},{"@type":"ImageObject","inLanguage":"es-AR","@id":"https:\/\/tienda.rigelec.com.ar\/?product=caja-embutir-octogonal-plastica-negra-pack-ahorro-x12-chica-nera#primaryimage","url":"https:\/\/tienda.rigelec.com.ar\/wp-content\/uploads\/2025\/11\/CAJAEMBUTIROCTOGONALPLASTICANEGRA.jpg","contentUrl":"https:\/\/tienda.rigelec.com.ar\/wp-content\/uploads\/2025\/11\/CAJAEMBUTIROCTOGONALPLASTICANEGRA.jpg","width":977,"height":951},{"@type":"BreadcrumbList","@id":"https:\/\/tienda.rigelec.com.ar\/?product=caja-embutir-octogonal-plastica-negra-pack-ahorro-x12-chica-nera#breadcrumb","itemListElement":[{"@type":"ListItem","position":1,"name":"Inicio","item":"https:\/\/tienda.rigelec.com.ar\/"},{"@type":"ListItem","position":2,"name":"Shop","item":"https:\/\/tienda.rigelec.com.ar\/?page_id=12"},{"@type":"ListItem","position":3,"name":"CAJA EMBUTIR OCTOGONAL PLASTICA NEGRA PACK AHORRO X12 &#8211; CHICA &#8211; NERA"}]},{"@type":"WebSite","@id":"https:\/\/tienda.rigelec.com.ar\/#website","url":"https:\/\/tienda.rigelec.com.ar\/","name":"Tienda Rigelec","description":"Energia en movimiento","publisher":{"@id":"https:\/\/tienda.rigelec.com.ar\/#organization"},"potentialAction":[{"@type":"SearchAction","target":{"@type":"EntryPoint","urlTemplate":"https:\/\/tienda.rigelec.com.ar\/?s={search_term_string}"},"query-input":{"@type":"PropertyValueSpecification","valueRequired":true,"valueName":"search_term_string"}}],"inLanguage":"es-AR"},{"@type":"Organization","@id":"https:\/\/tienda.rigelec.com.ar\/#organization","name":"Tienda Rigelec","url":"https:\/\/tienda.rigelec.com.ar\/","logo":{"@type":"ImageObject","inLanguage":"es-AR","@id":"https:\/\/tienda.rigelec.com.ar\/#\/schema\/logo\/image\/","url":"https:\/\/tienda.rigelec.com.ar\/wp-content\/uploads\/2024\/09\/isologo-blanco-rigelec.png","contentUrl":"https:\/\/tienda.rigelec.com.ar\/wp-content\/uploads\/2024\/09\/isologo-blanco-rigelec.png","width":94,"height":97,"caption":"Tienda Rigelec"},"image":{"@id":"https:\/\/tienda.rigelec.com.ar\/#\/schema\/logo\/image\/"}}]}},"jetpack_sharing_enabled":true,"_links":{"self":[{"href":"https:\/\/tienda.rigelec.com.ar\/index.php?rest_route=\/wp\/v2\/product\/35023","targetHints":{"allow":["GET"]}}],"collection":[{"href":"https:\/\/tienda.rigelec.com.ar\/index.php?rest_route=\/wp\/v2\/product"}],"about":[{"href":"https:\/\/tienda.rigelec.com.ar\/index.php?rest_route=\/wp\/v2\/types\/product"}],"replies":[{"embeddable":true,"href":"https:\/\/tienda.rigelec.com.ar\/index.php?rest_route=%2Fwp%2Fv2%2Fcomments&post=35023"}],"wp:featuredmedia":[{"embeddable":true,"href":"https:\/\/tienda.rigelec.com.ar\/index.php?rest_route=\/wp\/v2\/media\/35024"}],"wp:attachment":[{"href":"https:\/\/tienda.rigelec.com.ar\/index.php?rest_route=%2Fwp%2Fv2%2Fmedia&parent=35023"}],"wp:term":[{"taxonomy":"product_brand","embeddable":true,"href":"https:\/\/tienda.rigelec.com.ar\/index.php?rest_route=%2Fwp%2Fv2%2Fproduct_brand&post=35023"},{"taxonomy":"product_cat","embeddable":true,"href":"https:\/\/tienda.rigelec.com.ar\/index.php?rest_route=%2Fwp%2Fv2%2Fproduct_cat&post=35023"},{"taxonomy":"product_tag","embeddable":true,"href":"https:\/\/tienda.rigelec.com.ar\/index.php?rest_route=%2Fwp%2Fv2%2Fproduct_tag&post=35023"}],"curies":[{"name":"wp","href":"https:\/\/api.w.org\/{rel}","templated":true}]}}