{"id":35144,"date":"2025-11-05T17:57:42","date_gmt":"2025-11-05T20:57:42","guid":{"rendered":"https:\/\/tienda.rigelec.com.ar\/?product=gabinete-estanco-con-bandeja-negro-q-energy-ip65-nera-550x637x180mm"},"modified":"2026-04-30T13:38:31","modified_gmt":"2026-04-30T16:38:31","slug":"gabinete-estanco-con-bandeja-negro-q-energy-ip65-nera-550x637x180mm","status":"publish","type":"product","link":"https:\/\/tienda.rigelec.com.ar\/?product=gabinete-estanco-con-bandeja-negro-q-energy-ip65-nera-550x637x180mm","title":{"rendered":"GABINETE ESTANCO CON BANDEJA NEGRO Q ENERGY &#8211; IP65 &#8211; NERA 550X637X180MM"},"content":{"rendered":"<p>GABINETE ESTANCO CON BANDEJA NEGRO<\/p>\n","protected":false},"excerpt":{"rendered":"<p>-Totalmente aislante.<br \/>\n&#8211; Burlete en puerta de espuma de poliuretano colocado de manera continua.<br \/>\n&#8211; Expresamente dise\u00f1ados para instalaciones que exijan doble aislaci\u00f3n.<br \/>\n&#8211; Cierre \u00bc de vuelta con maneta extra\u00edble de fuerte agarre.<br \/>\n&#8211; Apto uso embutir y sobrepuesto en pared o panel, por su marco frontal.<br \/>\n&#8211; Bandeja porta elementos galvanizada, con un novedoso sistema de fijaci\u00f3n.<br \/>\n&#8211; Alta resistencia a los golpes, con un \u00edndice K08\/10, gran durabilidad, anticorrosi\u00f3n y protecci\u00f3n contra radiaci\u00f3n UV<\/p>\n","protected":false},"featured_media":35145,"comment_status":"open","ping_status":"closed","template":"","meta":{"_monsterinsights_skip_tracking":false,"_monsterinsights_sitenote_active":false,"_monsterinsights_sitenote_note":"","_monsterinsights_sitenote_category":0},"product_brand":[],"product_cat":[353],"product_tag":[66],"class_list":{"0":"post-35144","1":"product","2":"type-product","3":"status-publish","4":"has-post-thumbnail","6":"product_cat-e-gabinetes","7":"product_tag-genrod","9":"first","10":"outofstock","11":"shipping-taxable","12":"purchasable","13":"product-type-simple"},"yoast_head":"<!-- This site is optimized with the Yoast SEO plugin v25.3.1 - https:\/\/yoast.com\/wordpress\/plugins\/seo\/ -->\n<title>GABINETE ESTANCO CON BANDEJA NEGRO Q ENERGY - IP65 - NERA 550X637X180MM - Tienda Rigelec<\/title>\n<meta name=\"robots\" content=\"index, follow, max-snippet:-1, max-image-preview:large, max-video-preview:-1\" \/>\n<link rel=\"canonical\" href=\"https:\/\/tienda.rigelec.com.ar\/?product=gabinete-estanco-con-bandeja-negro-q-energy-ip65-nera-550x637x180mm\" \/>\n<meta property=\"og:locale\" content=\"es_ES\" \/>\n<meta property=\"og:type\" content=\"article\" \/>\n<meta property=\"og:title\" content=\"GABINETE ESTANCO CON BANDEJA NEGRO Q ENERGY - IP65 - NERA 550X637X180MM - Tienda Rigelec\" \/>\n<meta property=\"og:description\" content=\"-Totalmente aislante. - Burlete en puerta de espuma de poliuretano colocado de manera continua. - Expresamente dise\u00f1ados para instalaciones que exijan doble aislaci\u00f3n. - Cierre \u00bc de vuelta con maneta extra\u00edble de fuerte agarre. - Apto uso embutir y sobrepuesto en pared o panel, por su marco frontal. - Bandeja porta elementos galvanizada, con un novedoso sistema de fijaci\u00f3n. - Alta resistencia a los golpes, con un \u00edndice K08\/10, gran durabilidad, anticorrosi\u00f3n y protecci\u00f3n contra radiaci\u00f3n UV\" \/>\n<meta property=\"og:url\" content=\"https:\/\/tienda.rigelec.com.ar\/?product=gabinete-estanco-con-bandeja-negro-q-energy-ip65-nera-550x637x180mm\" \/>\n<meta property=\"og:site_name\" content=\"Tienda Rigelec\" \/>\n<meta property=\"article:modified_time\" content=\"2026-04-30T16:38:31+00:00\" \/>\n<meta name=\"twitter:card\" content=\"summary_large_image\" \/>\n<script type=\"application\/ld+json\" class=\"yoast-schema-graph\">{\"@context\":\"https:\/\/schema.org\",\"@graph\":[{\"@type\":\"WebPage\",\"@id\":\"https:\/\/tienda.rigelec.com.ar\/?product=gabinete-estanco-con-bandeja-negro-q-energy-ip65-nera-550x637x180mm\",\"url\":\"https:\/\/tienda.rigelec.com.ar\/?product=gabinete-estanco-con-bandeja-negro-q-energy-ip65-nera-550x637x180mm\",\"name\":\"GABINETE ESTANCO CON BANDEJA NEGRO Q ENERGY - IP65 - NERA 550X637X180MM - Tienda Rigelec\",\"isPartOf\":{\"@id\":\"https:\/\/tienda.rigelec.com.ar\/#website\"},\"primaryImageOfPage\":{\"@id\":\"https:\/\/tienda.rigelec.com.ar\/?product=gabinete-estanco-con-bandeja-negro-q-energy-ip65-nera-550x637x180mm#primaryimage\"},\"image\":{\"@id\":\"https:\/\/tienda.rigelec.com.ar\/?product=gabinete-estanco-con-bandeja-negro-q-energy-ip65-nera-550x637x180mm#primaryimage\"},\"thumbnailUrl\":\"https:\/\/tienda.rigelec.com.ar\/wp-content\/uploads\/2025\/11\/GABINETEESTANCOCONBANDEJANEGRO-6.jpg\",\"datePublished\":\"2025-11-05T20:57:42+00:00\",\"dateModified\":\"2026-04-30T16:38:31+00:00\",\"breadcrumb\":{\"@id\":\"https:\/\/tienda.rigelec.com.ar\/?product=gabinete-estanco-con-bandeja-negro-q-energy-ip65-nera-550x637x180mm#breadcrumb\"},\"inLanguage\":\"es-AR\",\"potentialAction\":[{\"@type\":\"ReadAction\",\"target\":[\"https:\/\/tienda.rigelec.com.ar\/?product=gabinete-estanco-con-bandeja-negro-q-energy-ip65-nera-550x637x180mm\"]}]},{\"@type\":\"ImageObject\",\"inLanguage\":\"es-AR\",\"@id\":\"https:\/\/tienda.rigelec.com.ar\/?product=gabinete-estanco-con-bandeja-negro-q-energy-ip65-nera-550x637x180mm#primaryimage\",\"url\":\"https:\/\/tienda.rigelec.com.ar\/wp-content\/uploads\/2025\/11\/GABINETEESTANCOCONBANDEJANEGRO-6.jpg\",\"contentUrl\":\"https:\/\/tienda.rigelec.com.ar\/wp-content\/uploads\/2025\/11\/GABINETEESTANCOCONBANDEJANEGRO-6.jpg\",\"width\":1080,\"height\":1080},{\"@type\":\"BreadcrumbList\",\"@id\":\"https:\/\/tienda.rigelec.com.ar\/?product=gabinete-estanco-con-bandeja-negro-q-energy-ip65-nera-550x637x180mm#breadcrumb\",\"itemListElement\":[{\"@type\":\"ListItem\",\"position\":1,\"name\":\"Inicio\",\"item\":\"https:\/\/tienda.rigelec.com.ar\/\"},{\"@type\":\"ListItem\",\"position\":2,\"name\":\"Shop\",\"item\":\"https:\/\/tienda.rigelec.com.ar\/?page_id=12\"},{\"@type\":\"ListItem\",\"position\":3,\"name\":\"GABINETE ESTANCO CON BANDEJA NEGRO Q ENERGY &#8211; IP65 &#8211; NERA 550X637X180MM\"}]},{\"@type\":\"WebSite\",\"@id\":\"https:\/\/tienda.rigelec.com.ar\/#website\",\"url\":\"https:\/\/tienda.rigelec.com.ar\/\",\"name\":\"Tienda Rigelec\",\"description\":\"Energia en movimiento\",\"publisher\":{\"@id\":\"https:\/\/tienda.rigelec.com.ar\/#organization\"},\"potentialAction\":[{\"@type\":\"SearchAction\",\"target\":{\"@type\":\"EntryPoint\",\"urlTemplate\":\"https:\/\/tienda.rigelec.com.ar\/?s={search_term_string}\"},\"query-input\":{\"@type\":\"PropertyValueSpecification\",\"valueRequired\":true,\"valueName\":\"search_term_string\"}}],\"inLanguage\":\"es-AR\"},{\"@type\":\"Organization\",\"@id\":\"https:\/\/tienda.rigelec.com.ar\/#organization\",\"name\":\"Tienda Rigelec\",\"url\":\"https:\/\/tienda.rigelec.com.ar\/\",\"logo\":{\"@type\":\"ImageObject\",\"inLanguage\":\"es-AR\",\"@id\":\"https:\/\/tienda.rigelec.com.ar\/#\/schema\/logo\/image\/\",\"url\":\"https:\/\/tienda.rigelec.com.ar\/wp-content\/uploads\/2024\/09\/isologo-blanco-rigelec.png\",\"contentUrl\":\"https:\/\/tienda.rigelec.com.ar\/wp-content\/uploads\/2024\/09\/isologo-blanco-rigelec.png\",\"width\":94,\"height\":97,\"caption\":\"Tienda Rigelec\"},\"image\":{\"@id\":\"https:\/\/tienda.rigelec.com.ar\/#\/schema\/logo\/image\/\"}}]}<\/script>\n<!-- \/ Yoast SEO plugin. -->","yoast_head_json":{"title":"GABINETE ESTANCO CON BANDEJA NEGRO Q ENERGY - IP65 - NERA 550X637X180MM - Tienda Rigelec","robots":{"index":"index","follow":"follow","max-snippet":"max-snippet:-1","max-image-preview":"max-image-preview:large","max-video-preview":"max-video-preview:-1"},"canonical":"https:\/\/tienda.rigelec.com.ar\/?product=gabinete-estanco-con-bandeja-negro-q-energy-ip65-nera-550x637x180mm","og_locale":"es_ES","og_type":"article","og_title":"GABINETE ESTANCO CON BANDEJA NEGRO Q ENERGY - IP65 - NERA 550X637X180MM - Tienda Rigelec","og_description":"-Totalmente aislante. - Burlete en puerta de espuma de poliuretano colocado de manera continua. - Expresamente dise\u00f1ados para instalaciones que exijan doble aislaci\u00f3n. - Cierre \u00bc de vuelta con maneta extra\u00edble de fuerte agarre. - Apto uso embutir y sobrepuesto en pared o panel, por su marco frontal. - Bandeja porta elementos galvanizada, con un novedoso sistema de fijaci\u00f3n. - Alta resistencia a los golpes, con un \u00edndice K08\/10, gran durabilidad, anticorrosi\u00f3n y protecci\u00f3n contra radiaci\u00f3n UV","og_url":"https:\/\/tienda.rigelec.com.ar\/?product=gabinete-estanco-con-bandeja-negro-q-energy-ip65-nera-550x637x180mm","og_site_name":"Tienda Rigelec","article_modified_time":"2026-04-30T16:38:31+00:00","twitter_card":"summary_large_image","schema":{"@context":"https:\/\/schema.org","@graph":[{"@type":"WebPage","@id":"https:\/\/tienda.rigelec.com.ar\/?product=gabinete-estanco-con-bandeja-negro-q-energy-ip65-nera-550x637x180mm","url":"https:\/\/tienda.rigelec.com.ar\/?product=gabinete-estanco-con-bandeja-negro-q-energy-ip65-nera-550x637x180mm","name":"GABINETE ESTANCO CON BANDEJA NEGRO Q ENERGY - IP65 - NERA 550X637X180MM - Tienda Rigelec","isPartOf":{"@id":"https:\/\/tienda.rigelec.com.ar\/#website"},"primaryImageOfPage":{"@id":"https:\/\/tienda.rigelec.com.ar\/?product=gabinete-estanco-con-bandeja-negro-q-energy-ip65-nera-550x637x180mm#primaryimage"},"image":{"@id":"https:\/\/tienda.rigelec.com.ar\/?product=gabinete-estanco-con-bandeja-negro-q-energy-ip65-nera-550x637x180mm#primaryimage"},"thumbnailUrl":"https:\/\/tienda.rigelec.com.ar\/wp-content\/uploads\/2025\/11\/GABINETEESTANCOCONBANDEJANEGRO-6.jpg","datePublished":"2025-11-05T20:57:42+00:00","dateModified":"2026-04-30T16:38:31+00:00","breadcrumb":{"@id":"https:\/\/tienda.rigelec.com.ar\/?product=gabinete-estanco-con-bandeja-negro-q-energy-ip65-nera-550x637x180mm#breadcrumb"},"inLanguage":"es-AR","potentialAction":[{"@type":"ReadAction","target":["https:\/\/tienda.rigelec.com.ar\/?product=gabinete-estanco-con-bandeja-negro-q-energy-ip65-nera-550x637x180mm"]}]},{"@type":"ImageObject","inLanguage":"es-AR","@id":"https:\/\/tienda.rigelec.com.ar\/?product=gabinete-estanco-con-bandeja-negro-q-energy-ip65-nera-550x637x180mm#primaryimage","url":"https:\/\/tienda.rigelec.com.ar\/wp-content\/uploads\/2025\/11\/GABINETEESTANCOCONBANDEJANEGRO-6.jpg","contentUrl":"https:\/\/tienda.rigelec.com.ar\/wp-content\/uploads\/2025\/11\/GABINETEESTANCOCONBANDEJANEGRO-6.jpg","width":1080,"height":1080},{"@type":"BreadcrumbList","@id":"https:\/\/tienda.rigelec.com.ar\/?product=gabinete-estanco-con-bandeja-negro-q-energy-ip65-nera-550x637x180mm#breadcrumb","itemListElement":[{"@type":"ListItem","position":1,"name":"Inicio","item":"https:\/\/tienda.rigelec.com.ar\/"},{"@type":"ListItem","position":2,"name":"Shop","item":"https:\/\/tienda.rigelec.com.ar\/?page_id=12"},{"@type":"ListItem","position":3,"name":"GABINETE ESTANCO CON BANDEJA NEGRO Q ENERGY &#8211; IP65 &#8211; NERA 550X637X180MM"}]},{"@type":"WebSite","@id":"https:\/\/tienda.rigelec.com.ar\/#website","url":"https:\/\/tienda.rigelec.com.ar\/","name":"Tienda Rigelec","description":"Energia en movimiento","publisher":{"@id":"https:\/\/tienda.rigelec.com.ar\/#organization"},"potentialAction":[{"@type":"SearchAction","target":{"@type":"EntryPoint","urlTemplate":"https:\/\/tienda.rigelec.com.ar\/?s={search_term_string}"},"query-input":{"@type":"PropertyValueSpecification","valueRequired":true,"valueName":"search_term_string"}}],"inLanguage":"es-AR"},{"@type":"Organization","@id":"https:\/\/tienda.rigelec.com.ar\/#organization","name":"Tienda Rigelec","url":"https:\/\/tienda.rigelec.com.ar\/","logo":{"@type":"ImageObject","inLanguage":"es-AR","@id":"https:\/\/tienda.rigelec.com.ar\/#\/schema\/logo\/image\/","url":"https:\/\/tienda.rigelec.com.ar\/wp-content\/uploads\/2024\/09\/isologo-blanco-rigelec.png","contentUrl":"https:\/\/tienda.rigelec.com.ar\/wp-content\/uploads\/2024\/09\/isologo-blanco-rigelec.png","width":94,"height":97,"caption":"Tienda Rigelec"},"image":{"@id":"https:\/\/tienda.rigelec.com.ar\/#\/schema\/logo\/image\/"}}]}},"jetpack_sharing_enabled":true,"_links":{"self":[{"href":"https:\/\/tienda.rigelec.com.ar\/index.php?rest_route=\/wp\/v2\/product\/35144","targetHints":{"allow":["GET"]}}],"collection":[{"href":"https:\/\/tienda.rigelec.com.ar\/index.php?rest_route=\/wp\/v2\/product"}],"about":[{"href":"https:\/\/tienda.rigelec.com.ar\/index.php?rest_route=\/wp\/v2\/types\/product"}],"replies":[{"embeddable":true,"href":"https:\/\/tienda.rigelec.com.ar\/index.php?rest_route=%2Fwp%2Fv2%2Fcomments&post=35144"}],"wp:featuredmedia":[{"embeddable":true,"href":"https:\/\/tienda.rigelec.com.ar\/index.php?rest_route=\/wp\/v2\/media\/35145"}],"wp:attachment":[{"href":"https:\/\/tienda.rigelec.com.ar\/index.php?rest_route=%2Fwp%2Fv2%2Fmedia&parent=35144"}],"wp:term":[{"taxonomy":"product_brand","embeddable":true,"href":"https:\/\/tienda.rigelec.com.ar\/index.php?rest_route=%2Fwp%2Fv2%2Fproduct_brand&post=35144"},{"taxonomy":"product_cat","embeddable":true,"href":"https:\/\/tienda.rigelec.com.ar\/index.php?rest_route=%2Fwp%2Fv2%2Fproduct_cat&post=35144"},{"taxonomy":"product_tag","embeddable":true,"href":"https:\/\/tienda.rigelec.com.ar\/index.php?rest_route=%2Fwp%2Fv2%2Fproduct_tag&post=35144"}],"curies":[{"name":"wp","href":"https:\/\/api.w.org\/{rel}","templated":true}]}}