{"id":35789,"date":"2025-12-02T13:43:40","date_gmt":"2025-12-02T16:43:40","guid":{"rendered":"https:\/\/tienda.rigelec.com.ar\/?product=contactor-ac3-tesys-deca-3p-150a-250v-1na1-nc"},"modified":"2026-05-03T23:28:07","modified_gmt":"2026-05-04T02:28:07","slug":"contactor-ac3-tesys-deca-3p-150a-250v-1na1-nc","status":"publish","type":"product","link":"https:\/\/tienda.rigelec.com.ar\/?product=contactor-ac3-tesys-deca-3p-150a-250v-1na1-nc","title":{"rendered":"CONTACTOR AC3 TESYS DECA 3P &#8211; 150A &#8211; 250V- 1NA+1 NC"},"content":{"rendered":"<p>CONTACTOR AC3<\/p>\n","protected":false},"excerpt":{"rendered":"<p>Contactor TeSys Deca Advanced, 3 polos (3NO) para aplicaciones de categor\u00eda AC-3 hasta 150 A, 75 kW a 440 V. Est\u00e1 equipado con una bobina electr\u00f3nica de banda ancha de 100-250 V CA\/CC que consume menos energ\u00eda, junto con contactos auxiliares integrados 1NO+1NC. Se puede instalar en cualquier orientaci\u00f3n, y el LRD43 se puede montar directamente debajo del contactor. El rango de temperatura de funcionamiento es de entre -40 \u00b0C y 70 \u00b0C, y se puede instalar a altitudes de hasta 3000 m sin reducci\u00f3n de potencia. Est\u00e1 dise\u00f1ado para aplicaciones exigentes con un rendimiento mejorado en entornos dif\u00edciles, incluyendo niebla salina, polvo y golpes fuertes. La dimensi\u00f3n es de 152 mm x 97 mm x 155 mm (Al x An x Pr). Su tama\u00f1o compacto permite ahorrar espacio en el panel. El cableado sencillo con acceso frontal a todos los circuitos de control mejora la accesibilidad y la seguridad. EverLink proporciona una resistencia IP20 en la parte frontal, as\u00ed como una mayor solidez en la conexi\u00f3n de alimentaci\u00f3n principal. Certificado seg\u00fan m\u00faltiples normas (CE, CB, CCC, cULus, KC, RCM). El c\u00f3digo QR exclusivo proporciona acceso r\u00e1pido a todos los datos del producto.<\/p>\n","protected":false},"featured_media":35790,"comment_status":"open","ping_status":"closed","template":"","meta":{"_monsterinsights_skip_tracking":false,"_monsterinsights_sitenote_active":false,"_monsterinsights_sitenote_note":"","_monsterinsights_sitenote_category":0},"product_brand":[],"product_cat":[332],"product_tag":[450],"class_list":{"0":"post-35789","1":"product","2":"type-product","3":"status-publish","4":"has-post-thumbnail","6":"product_cat-a-contactores","7":"product_tag-schneider","9":"first","10":"outofstock","11":"shipping-taxable","12":"purchasable","13":"product-type-simple"},"yoast_head":"<!-- This site is optimized with the Yoast SEO plugin v25.3.1 - https:\/\/yoast.com\/wordpress\/plugins\/seo\/ -->\n<title>CONTACTOR AC3 TESYS DECA 3P - 150A - 250V- 1NA+1 NC - Tienda Rigelec<\/title>\n<meta name=\"robots\" content=\"index, follow, max-snippet:-1, max-image-preview:large, max-video-preview:-1\" \/>\n<link rel=\"canonical\" href=\"https:\/\/tienda.rigelec.com.ar\/?product=contactor-ac3-tesys-deca-3p-150a-250v-1na1-nc\" \/>\n<meta property=\"og:locale\" content=\"es_ES\" \/>\n<meta property=\"og:type\" content=\"article\" \/>\n<meta property=\"og:title\" content=\"CONTACTOR AC3 TESYS DECA 3P - 150A - 250V- 1NA+1 NC - Tienda Rigelec\" \/>\n<meta property=\"og:description\" content=\"Contactor TeSys Deca Advanced, 3 polos (3NO) para aplicaciones de categor\u00eda AC-3 hasta 150 A, 75 kW a 440 V. Est\u00e1 equipado con una bobina electr\u00f3nica de banda ancha de 100-250 V CA\/CC que consume menos energ\u00eda, junto con contactos auxiliares integrados 1NO+1NC. Se puede instalar en cualquier orientaci\u00f3n, y el LRD43 se puede montar directamente debajo del contactor. El rango de temperatura de funcionamiento es de entre -40 \u00b0C y 70 \u00b0C, y se puede instalar a altitudes de hasta 3000 m sin reducci\u00f3n de potencia. Est\u00e1 dise\u00f1ado para aplicaciones exigentes con un rendimiento mejorado en entornos dif\u00edciles, incluyendo niebla salina, polvo y golpes fuertes. La dimensi\u00f3n es de 152 mm x 97 mm x 155 mm (Al x An x Pr). Su tama\u00f1o compacto permite ahorrar espacio en el panel. El cableado sencillo con acceso frontal a todos los circuitos de control mejora la accesibilidad y la seguridad. EverLink proporciona una resistencia IP20 en la parte frontal, as\u00ed como una mayor solidez en la conexi\u00f3n de alimentaci\u00f3n principal. Certificado seg\u00fan m\u00faltiples normas (CE, CB, CCC, cULus, KC, RCM). El c\u00f3digo QR exclusivo proporciona acceso r\u00e1pido a todos los datos del producto.\" \/>\n<meta property=\"og:url\" content=\"https:\/\/tienda.rigelec.com.ar\/?product=contactor-ac3-tesys-deca-3p-150a-250v-1na1-nc\" \/>\n<meta property=\"og:site_name\" content=\"Tienda Rigelec\" \/>\n<meta property=\"article:modified_time\" content=\"2026-05-04T02:28:07+00:00\" \/>\n<meta name=\"twitter:card\" content=\"summary_large_image\" \/>\n<script type=\"application\/ld+json\" class=\"yoast-schema-graph\">{\"@context\":\"https:\/\/schema.org\",\"@graph\":[{\"@type\":\"WebPage\",\"@id\":\"https:\/\/tienda.rigelec.com.ar\/?product=contactor-ac3-tesys-deca-3p-150a-250v-1na1-nc\",\"url\":\"https:\/\/tienda.rigelec.com.ar\/?product=contactor-ac3-tesys-deca-3p-150a-250v-1na1-nc\",\"name\":\"CONTACTOR AC3 TESYS DECA 3P - 150A - 250V- 1NA+1 NC - Tienda Rigelec\",\"isPartOf\":{\"@id\":\"https:\/\/tienda.rigelec.com.ar\/#website\"},\"primaryImageOfPage\":{\"@id\":\"https:\/\/tienda.rigelec.com.ar\/?product=contactor-ac3-tesys-deca-3p-150a-250v-1na1-nc#primaryimage\"},\"image\":{\"@id\":\"https:\/\/tienda.rigelec.com.ar\/?product=contactor-ac3-tesys-deca-3p-150a-250v-1na1-nc#primaryimage\"},\"thumbnailUrl\":\"https:\/\/tienda.rigelec.com.ar\/wp-content\/uploads\/2025\/12\/CONTACTORAC3.jpg\",\"datePublished\":\"2025-12-02T16:43:40+00:00\",\"dateModified\":\"2026-05-04T02:28:07+00:00\",\"breadcrumb\":{\"@id\":\"https:\/\/tienda.rigelec.com.ar\/?product=contactor-ac3-tesys-deca-3p-150a-250v-1na1-nc#breadcrumb\"},\"inLanguage\":\"es-AR\",\"potentialAction\":[{\"@type\":\"ReadAction\",\"target\":[\"https:\/\/tienda.rigelec.com.ar\/?product=contactor-ac3-tesys-deca-3p-150a-250v-1na1-nc\"]}]},{\"@type\":\"ImageObject\",\"inLanguage\":\"es-AR\",\"@id\":\"https:\/\/tienda.rigelec.com.ar\/?product=contactor-ac3-tesys-deca-3p-150a-250v-1na1-nc#primaryimage\",\"url\":\"https:\/\/tienda.rigelec.com.ar\/wp-content\/uploads\/2025\/12\/CONTACTORAC3.jpg\",\"contentUrl\":\"https:\/\/tienda.rigelec.com.ar\/wp-content\/uploads\/2025\/12\/CONTACTORAC3.jpg\",\"width\":1080,\"height\":1080},{\"@type\":\"BreadcrumbList\",\"@id\":\"https:\/\/tienda.rigelec.com.ar\/?product=contactor-ac3-tesys-deca-3p-150a-250v-1na1-nc#breadcrumb\",\"itemListElement\":[{\"@type\":\"ListItem\",\"position\":1,\"name\":\"Inicio\",\"item\":\"https:\/\/tienda.rigelec.com.ar\/\"},{\"@type\":\"ListItem\",\"position\":2,\"name\":\"Shop\",\"item\":\"https:\/\/tienda.rigelec.com.ar\/?page_id=12\"},{\"@type\":\"ListItem\",\"position\":3,\"name\":\"CONTACTOR AC3 TESYS DECA 3P &#8211; 150A &#8211; 250V- 1NA+1 NC\"}]},{\"@type\":\"WebSite\",\"@id\":\"https:\/\/tienda.rigelec.com.ar\/#website\",\"url\":\"https:\/\/tienda.rigelec.com.ar\/\",\"name\":\"Tienda Rigelec\",\"description\":\"Energia en movimiento\",\"publisher\":{\"@id\":\"https:\/\/tienda.rigelec.com.ar\/#organization\"},\"potentialAction\":[{\"@type\":\"SearchAction\",\"target\":{\"@type\":\"EntryPoint\",\"urlTemplate\":\"https:\/\/tienda.rigelec.com.ar\/?s={search_term_string}\"},\"query-input\":{\"@type\":\"PropertyValueSpecification\",\"valueRequired\":true,\"valueName\":\"search_term_string\"}}],\"inLanguage\":\"es-AR\"},{\"@type\":\"Organization\",\"@id\":\"https:\/\/tienda.rigelec.com.ar\/#organization\",\"name\":\"Tienda Rigelec\",\"url\":\"https:\/\/tienda.rigelec.com.ar\/\",\"logo\":{\"@type\":\"ImageObject\",\"inLanguage\":\"es-AR\",\"@id\":\"https:\/\/tienda.rigelec.com.ar\/#\/schema\/logo\/image\/\",\"url\":\"https:\/\/tienda.rigelec.com.ar\/wp-content\/uploads\/2024\/09\/isologo-blanco-rigelec.png\",\"contentUrl\":\"https:\/\/tienda.rigelec.com.ar\/wp-content\/uploads\/2024\/09\/isologo-blanco-rigelec.png\",\"width\":94,\"height\":97,\"caption\":\"Tienda Rigelec\"},\"image\":{\"@id\":\"https:\/\/tienda.rigelec.com.ar\/#\/schema\/logo\/image\/\"}}]}<\/script>\n<!-- \/ Yoast SEO plugin. -->","yoast_head_json":{"title":"CONTACTOR AC3 TESYS DECA 3P - 150A - 250V- 1NA+1 NC - Tienda Rigelec","robots":{"index":"index","follow":"follow","max-snippet":"max-snippet:-1","max-image-preview":"max-image-preview:large","max-video-preview":"max-video-preview:-1"},"canonical":"https:\/\/tienda.rigelec.com.ar\/?product=contactor-ac3-tesys-deca-3p-150a-250v-1na1-nc","og_locale":"es_ES","og_type":"article","og_title":"CONTACTOR AC3 TESYS DECA 3P - 150A - 250V- 1NA+1 NC - Tienda Rigelec","og_description":"Contactor TeSys Deca Advanced, 3 polos (3NO) para aplicaciones de categor\u00eda AC-3 hasta 150 A, 75 kW a 440 V. Est\u00e1 equipado con una bobina electr\u00f3nica de banda ancha de 100-250 V CA\/CC que consume menos energ\u00eda, junto con contactos auxiliares integrados 1NO+1NC. Se puede instalar en cualquier orientaci\u00f3n, y el LRD43 se puede montar directamente debajo del contactor. El rango de temperatura de funcionamiento es de entre -40 \u00b0C y 70 \u00b0C, y se puede instalar a altitudes de hasta 3000 m sin reducci\u00f3n de potencia. Est\u00e1 dise\u00f1ado para aplicaciones exigentes con un rendimiento mejorado en entornos dif\u00edciles, incluyendo niebla salina, polvo y golpes fuertes. La dimensi\u00f3n es de 152 mm x 97 mm x 155 mm (Al x An x Pr). Su tama\u00f1o compacto permite ahorrar espacio en el panel. El cableado sencillo con acceso frontal a todos los circuitos de control mejora la accesibilidad y la seguridad. EverLink proporciona una resistencia IP20 en la parte frontal, as\u00ed como una mayor solidez en la conexi\u00f3n de alimentaci\u00f3n principal. Certificado seg\u00fan m\u00faltiples normas (CE, CB, CCC, cULus, KC, RCM). El c\u00f3digo QR exclusivo proporciona acceso r\u00e1pido a todos los datos del producto.","og_url":"https:\/\/tienda.rigelec.com.ar\/?product=contactor-ac3-tesys-deca-3p-150a-250v-1na1-nc","og_site_name":"Tienda Rigelec","article_modified_time":"2026-05-04T02:28:07+00:00","twitter_card":"summary_large_image","schema":{"@context":"https:\/\/schema.org","@graph":[{"@type":"WebPage","@id":"https:\/\/tienda.rigelec.com.ar\/?product=contactor-ac3-tesys-deca-3p-150a-250v-1na1-nc","url":"https:\/\/tienda.rigelec.com.ar\/?product=contactor-ac3-tesys-deca-3p-150a-250v-1na1-nc","name":"CONTACTOR AC3 TESYS DECA 3P - 150A - 250V- 1NA+1 NC - Tienda Rigelec","isPartOf":{"@id":"https:\/\/tienda.rigelec.com.ar\/#website"},"primaryImageOfPage":{"@id":"https:\/\/tienda.rigelec.com.ar\/?product=contactor-ac3-tesys-deca-3p-150a-250v-1na1-nc#primaryimage"},"image":{"@id":"https:\/\/tienda.rigelec.com.ar\/?product=contactor-ac3-tesys-deca-3p-150a-250v-1na1-nc#primaryimage"},"thumbnailUrl":"https:\/\/tienda.rigelec.com.ar\/wp-content\/uploads\/2025\/12\/CONTACTORAC3.jpg","datePublished":"2025-12-02T16:43:40+00:00","dateModified":"2026-05-04T02:28:07+00:00","breadcrumb":{"@id":"https:\/\/tienda.rigelec.com.ar\/?product=contactor-ac3-tesys-deca-3p-150a-250v-1na1-nc#breadcrumb"},"inLanguage":"es-AR","potentialAction":[{"@type":"ReadAction","target":["https:\/\/tienda.rigelec.com.ar\/?product=contactor-ac3-tesys-deca-3p-150a-250v-1na1-nc"]}]},{"@type":"ImageObject","inLanguage":"es-AR","@id":"https:\/\/tienda.rigelec.com.ar\/?product=contactor-ac3-tesys-deca-3p-150a-250v-1na1-nc#primaryimage","url":"https:\/\/tienda.rigelec.com.ar\/wp-content\/uploads\/2025\/12\/CONTACTORAC3.jpg","contentUrl":"https:\/\/tienda.rigelec.com.ar\/wp-content\/uploads\/2025\/12\/CONTACTORAC3.jpg","width":1080,"height":1080},{"@type":"BreadcrumbList","@id":"https:\/\/tienda.rigelec.com.ar\/?product=contactor-ac3-tesys-deca-3p-150a-250v-1na1-nc#breadcrumb","itemListElement":[{"@type":"ListItem","position":1,"name":"Inicio","item":"https:\/\/tienda.rigelec.com.ar\/"},{"@type":"ListItem","position":2,"name":"Shop","item":"https:\/\/tienda.rigelec.com.ar\/?page_id=12"},{"@type":"ListItem","position":3,"name":"CONTACTOR AC3 TESYS DECA 3P &#8211; 150A &#8211; 250V- 1NA+1 NC"}]},{"@type":"WebSite","@id":"https:\/\/tienda.rigelec.com.ar\/#website","url":"https:\/\/tienda.rigelec.com.ar\/","name":"Tienda Rigelec","description":"Energia en movimiento","publisher":{"@id":"https:\/\/tienda.rigelec.com.ar\/#organization"},"potentialAction":[{"@type":"SearchAction","target":{"@type":"EntryPoint","urlTemplate":"https:\/\/tienda.rigelec.com.ar\/?s={search_term_string}"},"query-input":{"@type":"PropertyValueSpecification","valueRequired":true,"valueName":"search_term_string"}}],"inLanguage":"es-AR"},{"@type":"Organization","@id":"https:\/\/tienda.rigelec.com.ar\/#organization","name":"Tienda Rigelec","url":"https:\/\/tienda.rigelec.com.ar\/","logo":{"@type":"ImageObject","inLanguage":"es-AR","@id":"https:\/\/tienda.rigelec.com.ar\/#\/schema\/logo\/image\/","url":"https:\/\/tienda.rigelec.com.ar\/wp-content\/uploads\/2024\/09\/isologo-blanco-rigelec.png","contentUrl":"https:\/\/tienda.rigelec.com.ar\/wp-content\/uploads\/2024\/09\/isologo-blanco-rigelec.png","width":94,"height":97,"caption":"Tienda Rigelec"},"image":{"@id":"https:\/\/tienda.rigelec.com.ar\/#\/schema\/logo\/image\/"}}]}},"jetpack_sharing_enabled":true,"_links":{"self":[{"href":"https:\/\/tienda.rigelec.com.ar\/index.php?rest_route=\/wp\/v2\/product\/35789","targetHints":{"allow":["GET"]}}],"collection":[{"href":"https:\/\/tienda.rigelec.com.ar\/index.php?rest_route=\/wp\/v2\/product"}],"about":[{"href":"https:\/\/tienda.rigelec.com.ar\/index.php?rest_route=\/wp\/v2\/types\/product"}],"replies":[{"embeddable":true,"href":"https:\/\/tienda.rigelec.com.ar\/index.php?rest_route=%2Fwp%2Fv2%2Fcomments&post=35789"}],"wp:featuredmedia":[{"embeddable":true,"href":"https:\/\/tienda.rigelec.com.ar\/index.php?rest_route=\/wp\/v2\/media\/35790"}],"wp:attachment":[{"href":"https:\/\/tienda.rigelec.com.ar\/index.php?rest_route=%2Fwp%2Fv2%2Fmedia&parent=35789"}],"wp:term":[{"taxonomy":"product_brand","embeddable":true,"href":"https:\/\/tienda.rigelec.com.ar\/index.php?rest_route=%2Fwp%2Fv2%2Fproduct_brand&post=35789"},{"taxonomy":"product_cat","embeddable":true,"href":"https:\/\/tienda.rigelec.com.ar\/index.php?rest_route=%2Fwp%2Fv2%2Fproduct_cat&post=35789"},{"taxonomy":"product_tag","embeddable":true,"href":"https:\/\/tienda.rigelec.com.ar\/index.php?rest_route=%2Fwp%2Fv2%2Fproduct_tag&post=35789"}],"curies":[{"name":"wp","href":"https:\/\/api.w.org\/{rel}","templated":true}]}}