{"id":35872,"date":"2025-12-11T12:09:04","date_gmt":"2025-12-11T15:09:04","guid":{"rendered":"https:\/\/tienda.rigelec.com.ar\/?product=bloque-contactos-auxiliares-frontal-tesys-deca-1na1nc"},"modified":"2026-05-01T03:37:09","modified_gmt":"2026-05-01T06:37:09","slug":"bloque-contactos-auxiliares-frontal-tesys-deca-1na1nc","status":"publish","type":"product","link":"https:\/\/tienda.rigelec.com.ar\/?product=bloque-contactos-auxiliares-frontal-tesys-deca-1na1nc","title":{"rendered":"BLOQUE CONTACTOS AUXILIARES FRONTAL TESYS DECA 1NA+1NC"},"content":{"rendered":"<p>BLOQUE CONTACTOS AUXILIARES FRONTAL<\/p>\n","protected":false},"excerpt":{"rendered":"<p>&#8220;Bloque de contactos auxiliar TeSys Deca para guardamortores GV2 y GV3.&#8221; &#8220;Este producto dispone de dos contactos auxiliares instant\u00e1neos (1NA+1NC) y est\u00e1 dise\u00f1ado para operar hasta 2A\/240V AC y 1A\/60V DC.&#8221; &#8220;Debe ser instalado en la parte frontal del guardamotor con conexi\u00f3n mediante terminales de abrazadera de tornillo. &#8221; &#8220;Vendido en lotes de 10 unidades.&#8221; &#8220;Este producto tiene certificaci\u00f3n multiest\u00e1ndar (IEC, UL, CSA, CCC, EAC).&#8221; &#8220;El bloque de contactos auxiliar Tesys Deca cuenta con la etiqueta Green PremiumTM,&#8221; &#8220;la cual promete el cumplimiento de las reglamentaciones m\u00e1s recientes, transparencia sobre los impactos medioambientales, productos circulares y de bajo nivel de CO2.&#8221;<\/p>\n","protected":false},"featured_media":35873,"comment_status":"open","ping_status":"closed","template":"","meta":{"_monsterinsights_skip_tracking":false,"_monsterinsights_sitenote_active":false,"_monsterinsights_sitenote_note":"","_monsterinsights_sitenote_category":0},"product_brand":[],"product_cat":[332],"product_tag":[450],"class_list":{"0":"post-35872","1":"product","2":"type-product","3":"status-publish","4":"has-post-thumbnail","6":"product_cat-a-contactores","7":"product_tag-schneider","9":"first","10":"outofstock","11":"shipping-taxable","12":"purchasable","13":"product-type-simple"},"yoast_head":"<!-- This site is optimized with the Yoast SEO plugin v25.3.1 - https:\/\/yoast.com\/wordpress\/plugins\/seo\/ -->\n<title>BLOQUE CONTACTOS AUXILIARES FRONTAL TESYS DECA 1NA+1NC - Tienda Rigelec<\/title>\n<meta name=\"robots\" content=\"index, follow, max-snippet:-1, max-image-preview:large, max-video-preview:-1\" \/>\n<link rel=\"canonical\" href=\"https:\/\/tienda.rigelec.com.ar\/?product=bloque-contactos-auxiliares-frontal-tesys-deca-1na1nc\" \/>\n<meta property=\"og:locale\" content=\"es_ES\" \/>\n<meta property=\"og:type\" content=\"article\" \/>\n<meta property=\"og:title\" content=\"BLOQUE CONTACTOS AUXILIARES FRONTAL TESYS DECA 1NA+1NC - Tienda Rigelec\" \/>\n<meta property=\"og:description\" content=\"&quot;Bloque de contactos auxiliar TeSys Deca para guardamortores GV2 y GV3.&quot; &quot;Este producto dispone de dos contactos auxiliares instant\u00e1neos (1NA+1NC) y est\u00e1 dise\u00f1ado para operar hasta 2A\/240V AC y 1A\/60V DC.&quot; &quot;Debe ser instalado en la parte frontal del guardamotor con conexi\u00f3n mediante terminales de abrazadera de tornillo. &quot; &quot;Vendido en lotes de 10 unidades.&quot; &quot;Este producto tiene certificaci\u00f3n multiest\u00e1ndar (IEC, UL, CSA, CCC, EAC).&quot; &quot;El bloque de contactos auxiliar Tesys Deca cuenta con la etiqueta Green PremiumTM,&quot; &quot;la cual promete el cumplimiento de las reglamentaciones m\u00e1s recientes, transparencia sobre los impactos medioambientales, productos circulares y de bajo nivel de CO2.&quot;\" \/>\n<meta property=\"og:url\" content=\"https:\/\/tienda.rigelec.com.ar\/?product=bloque-contactos-auxiliares-frontal-tesys-deca-1na1nc\" \/>\n<meta property=\"og:site_name\" content=\"Tienda Rigelec\" \/>\n<meta property=\"article:modified_time\" content=\"2026-05-01T06:37:09+00:00\" \/>\n<meta name=\"twitter:card\" content=\"summary_large_image\" \/>\n<script type=\"application\/ld+json\" class=\"yoast-schema-graph\">{\"@context\":\"https:\/\/schema.org\",\"@graph\":[{\"@type\":\"WebPage\",\"@id\":\"https:\/\/tienda.rigelec.com.ar\/?product=bloque-contactos-auxiliares-frontal-tesys-deca-1na1nc\",\"url\":\"https:\/\/tienda.rigelec.com.ar\/?product=bloque-contactos-auxiliares-frontal-tesys-deca-1na1nc\",\"name\":\"BLOQUE CONTACTOS AUXILIARES FRONTAL TESYS DECA 1NA+1NC - Tienda Rigelec\",\"isPartOf\":{\"@id\":\"https:\/\/tienda.rigelec.com.ar\/#website\"},\"primaryImageOfPage\":{\"@id\":\"https:\/\/tienda.rigelec.com.ar\/?product=bloque-contactos-auxiliares-frontal-tesys-deca-1na1nc#primaryimage\"},\"image\":{\"@id\":\"https:\/\/tienda.rigelec.com.ar\/?product=bloque-contactos-auxiliares-frontal-tesys-deca-1na1nc#primaryimage\"},\"thumbnailUrl\":\"https:\/\/tienda.rigelec.com.ar\/wp-content\/uploads\/2025\/12\/BLOQUECONTACTOSAUXILIARESFRONTAL.jpg\",\"datePublished\":\"2025-12-11T15:09:04+00:00\",\"dateModified\":\"2026-05-01T06:37:09+00:00\",\"breadcrumb\":{\"@id\":\"https:\/\/tienda.rigelec.com.ar\/?product=bloque-contactos-auxiliares-frontal-tesys-deca-1na1nc#breadcrumb\"},\"inLanguage\":\"es-AR\",\"potentialAction\":[{\"@type\":\"ReadAction\",\"target\":[\"https:\/\/tienda.rigelec.com.ar\/?product=bloque-contactos-auxiliares-frontal-tesys-deca-1na1nc\"]}]},{\"@type\":\"ImageObject\",\"inLanguage\":\"es-AR\",\"@id\":\"https:\/\/tienda.rigelec.com.ar\/?product=bloque-contactos-auxiliares-frontal-tesys-deca-1na1nc#primaryimage\",\"url\":\"https:\/\/tienda.rigelec.com.ar\/wp-content\/uploads\/2025\/12\/BLOQUECONTACTOSAUXILIARESFRONTAL.jpg\",\"contentUrl\":\"https:\/\/tienda.rigelec.com.ar\/wp-content\/uploads\/2025\/12\/BLOQUECONTACTOSAUXILIARESFRONTAL.jpg\",\"width\":1080,\"height\":1080},{\"@type\":\"BreadcrumbList\",\"@id\":\"https:\/\/tienda.rigelec.com.ar\/?product=bloque-contactos-auxiliares-frontal-tesys-deca-1na1nc#breadcrumb\",\"itemListElement\":[{\"@type\":\"ListItem\",\"position\":1,\"name\":\"Inicio\",\"item\":\"https:\/\/tienda.rigelec.com.ar\/\"},{\"@type\":\"ListItem\",\"position\":2,\"name\":\"Shop\",\"item\":\"https:\/\/tienda.rigelec.com.ar\/?page_id=12\"},{\"@type\":\"ListItem\",\"position\":3,\"name\":\"BLOQUE CONTACTOS AUXILIARES FRONTAL TESYS DECA 1NA+1NC\"}]},{\"@type\":\"WebSite\",\"@id\":\"https:\/\/tienda.rigelec.com.ar\/#website\",\"url\":\"https:\/\/tienda.rigelec.com.ar\/\",\"name\":\"Tienda Rigelec\",\"description\":\"Energia en movimiento\",\"publisher\":{\"@id\":\"https:\/\/tienda.rigelec.com.ar\/#organization\"},\"potentialAction\":[{\"@type\":\"SearchAction\",\"target\":{\"@type\":\"EntryPoint\",\"urlTemplate\":\"https:\/\/tienda.rigelec.com.ar\/?s={search_term_string}\"},\"query-input\":{\"@type\":\"PropertyValueSpecification\",\"valueRequired\":true,\"valueName\":\"search_term_string\"}}],\"inLanguage\":\"es-AR\"},{\"@type\":\"Organization\",\"@id\":\"https:\/\/tienda.rigelec.com.ar\/#organization\",\"name\":\"Tienda Rigelec\",\"url\":\"https:\/\/tienda.rigelec.com.ar\/\",\"logo\":{\"@type\":\"ImageObject\",\"inLanguage\":\"es-AR\",\"@id\":\"https:\/\/tienda.rigelec.com.ar\/#\/schema\/logo\/image\/\",\"url\":\"https:\/\/tienda.rigelec.com.ar\/wp-content\/uploads\/2024\/09\/isologo-blanco-rigelec.png\",\"contentUrl\":\"https:\/\/tienda.rigelec.com.ar\/wp-content\/uploads\/2024\/09\/isologo-blanco-rigelec.png\",\"width\":94,\"height\":97,\"caption\":\"Tienda Rigelec\"},\"image\":{\"@id\":\"https:\/\/tienda.rigelec.com.ar\/#\/schema\/logo\/image\/\"}}]}<\/script>\n<!-- \/ Yoast SEO plugin. -->","yoast_head_json":{"title":"BLOQUE CONTACTOS AUXILIARES FRONTAL TESYS DECA 1NA+1NC - Tienda Rigelec","robots":{"index":"index","follow":"follow","max-snippet":"max-snippet:-1","max-image-preview":"max-image-preview:large","max-video-preview":"max-video-preview:-1"},"canonical":"https:\/\/tienda.rigelec.com.ar\/?product=bloque-contactos-auxiliares-frontal-tesys-deca-1na1nc","og_locale":"es_ES","og_type":"article","og_title":"BLOQUE CONTACTOS AUXILIARES FRONTAL TESYS DECA 1NA+1NC - Tienda Rigelec","og_description":"\"Bloque de contactos auxiliar TeSys Deca para guardamortores GV2 y GV3.\" \"Este producto dispone de dos contactos auxiliares instant\u00e1neos (1NA+1NC) y est\u00e1 dise\u00f1ado para operar hasta 2A\/240V AC y 1A\/60V DC.\" \"Debe ser instalado en la parte frontal del guardamotor con conexi\u00f3n mediante terminales de abrazadera de tornillo. \" \"Vendido en lotes de 10 unidades.\" \"Este producto tiene certificaci\u00f3n multiest\u00e1ndar (IEC, UL, CSA, CCC, EAC).\" \"El bloque de contactos auxiliar Tesys Deca cuenta con la etiqueta Green PremiumTM,\" \"la cual promete el cumplimiento de las reglamentaciones m\u00e1s recientes, transparencia sobre los impactos medioambientales, productos circulares y de bajo nivel de CO2.\"","og_url":"https:\/\/tienda.rigelec.com.ar\/?product=bloque-contactos-auxiliares-frontal-tesys-deca-1na1nc","og_site_name":"Tienda Rigelec","article_modified_time":"2026-05-01T06:37:09+00:00","twitter_card":"summary_large_image","schema":{"@context":"https:\/\/schema.org","@graph":[{"@type":"WebPage","@id":"https:\/\/tienda.rigelec.com.ar\/?product=bloque-contactos-auxiliares-frontal-tesys-deca-1na1nc","url":"https:\/\/tienda.rigelec.com.ar\/?product=bloque-contactos-auxiliares-frontal-tesys-deca-1na1nc","name":"BLOQUE CONTACTOS AUXILIARES FRONTAL TESYS DECA 1NA+1NC - Tienda Rigelec","isPartOf":{"@id":"https:\/\/tienda.rigelec.com.ar\/#website"},"primaryImageOfPage":{"@id":"https:\/\/tienda.rigelec.com.ar\/?product=bloque-contactos-auxiliares-frontal-tesys-deca-1na1nc#primaryimage"},"image":{"@id":"https:\/\/tienda.rigelec.com.ar\/?product=bloque-contactos-auxiliares-frontal-tesys-deca-1na1nc#primaryimage"},"thumbnailUrl":"https:\/\/tienda.rigelec.com.ar\/wp-content\/uploads\/2025\/12\/BLOQUECONTACTOSAUXILIARESFRONTAL.jpg","datePublished":"2025-12-11T15:09:04+00:00","dateModified":"2026-05-01T06:37:09+00:00","breadcrumb":{"@id":"https:\/\/tienda.rigelec.com.ar\/?product=bloque-contactos-auxiliares-frontal-tesys-deca-1na1nc#breadcrumb"},"inLanguage":"es-AR","potentialAction":[{"@type":"ReadAction","target":["https:\/\/tienda.rigelec.com.ar\/?product=bloque-contactos-auxiliares-frontal-tesys-deca-1na1nc"]}]},{"@type":"ImageObject","inLanguage":"es-AR","@id":"https:\/\/tienda.rigelec.com.ar\/?product=bloque-contactos-auxiliares-frontal-tesys-deca-1na1nc#primaryimage","url":"https:\/\/tienda.rigelec.com.ar\/wp-content\/uploads\/2025\/12\/BLOQUECONTACTOSAUXILIARESFRONTAL.jpg","contentUrl":"https:\/\/tienda.rigelec.com.ar\/wp-content\/uploads\/2025\/12\/BLOQUECONTACTOSAUXILIARESFRONTAL.jpg","width":1080,"height":1080},{"@type":"BreadcrumbList","@id":"https:\/\/tienda.rigelec.com.ar\/?product=bloque-contactos-auxiliares-frontal-tesys-deca-1na1nc#breadcrumb","itemListElement":[{"@type":"ListItem","position":1,"name":"Inicio","item":"https:\/\/tienda.rigelec.com.ar\/"},{"@type":"ListItem","position":2,"name":"Shop","item":"https:\/\/tienda.rigelec.com.ar\/?page_id=12"},{"@type":"ListItem","position":3,"name":"BLOQUE CONTACTOS AUXILIARES FRONTAL TESYS DECA 1NA+1NC"}]},{"@type":"WebSite","@id":"https:\/\/tienda.rigelec.com.ar\/#website","url":"https:\/\/tienda.rigelec.com.ar\/","name":"Tienda Rigelec","description":"Energia en movimiento","publisher":{"@id":"https:\/\/tienda.rigelec.com.ar\/#organization"},"potentialAction":[{"@type":"SearchAction","target":{"@type":"EntryPoint","urlTemplate":"https:\/\/tienda.rigelec.com.ar\/?s={search_term_string}"},"query-input":{"@type":"PropertyValueSpecification","valueRequired":true,"valueName":"search_term_string"}}],"inLanguage":"es-AR"},{"@type":"Organization","@id":"https:\/\/tienda.rigelec.com.ar\/#organization","name":"Tienda Rigelec","url":"https:\/\/tienda.rigelec.com.ar\/","logo":{"@type":"ImageObject","inLanguage":"es-AR","@id":"https:\/\/tienda.rigelec.com.ar\/#\/schema\/logo\/image\/","url":"https:\/\/tienda.rigelec.com.ar\/wp-content\/uploads\/2024\/09\/isologo-blanco-rigelec.png","contentUrl":"https:\/\/tienda.rigelec.com.ar\/wp-content\/uploads\/2024\/09\/isologo-blanco-rigelec.png","width":94,"height":97,"caption":"Tienda Rigelec"},"image":{"@id":"https:\/\/tienda.rigelec.com.ar\/#\/schema\/logo\/image\/"}}]}},"jetpack_sharing_enabled":true,"_links":{"self":[{"href":"https:\/\/tienda.rigelec.com.ar\/index.php?rest_route=\/wp\/v2\/product\/35872","targetHints":{"allow":["GET"]}}],"collection":[{"href":"https:\/\/tienda.rigelec.com.ar\/index.php?rest_route=\/wp\/v2\/product"}],"about":[{"href":"https:\/\/tienda.rigelec.com.ar\/index.php?rest_route=\/wp\/v2\/types\/product"}],"replies":[{"embeddable":true,"href":"https:\/\/tienda.rigelec.com.ar\/index.php?rest_route=%2Fwp%2Fv2%2Fcomments&post=35872"}],"wp:featuredmedia":[{"embeddable":true,"href":"https:\/\/tienda.rigelec.com.ar\/index.php?rest_route=\/wp\/v2\/media\/35873"}],"wp:attachment":[{"href":"https:\/\/tienda.rigelec.com.ar\/index.php?rest_route=%2Fwp%2Fv2%2Fmedia&parent=35872"}],"wp:term":[{"taxonomy":"product_brand","embeddable":true,"href":"https:\/\/tienda.rigelec.com.ar\/index.php?rest_route=%2Fwp%2Fv2%2Fproduct_brand&post=35872"},{"taxonomy":"product_cat","embeddable":true,"href":"https:\/\/tienda.rigelec.com.ar\/index.php?rest_route=%2Fwp%2Fv2%2Fproduct_cat&post=35872"},{"taxonomy":"product_tag","embeddable":true,"href":"https:\/\/tienda.rigelec.com.ar\/index.php?rest_route=%2Fwp%2Fv2%2Fproduct_tag&post=35872"}],"curies":[{"name":"wp","href":"https:\/\/api.w.org\/{rel}","templated":true}]}}