{"id":36485,"date":"2026-02-20T16:01:03","date_gmt":"2026-02-20T19:01:03","guid":{"rendered":"https:\/\/tienda.rigelec.com.ar\/?product=arranque-suave-ats22-ip20-3-fases-11kw-380-415v"},"modified":"2026-05-01T04:01:59","modified_gmt":"2026-05-01T07:01:59","slug":"arranque-suave-ats22-ip20-3-fases-11kw-380-415v","status":"publish","type":"product","link":"https:\/\/tienda.rigelec.com.ar\/?product=arranque-suave-ats22-ip20-3-fases-11kw-380-415v","title":{"rendered":"ARRANQUE SUAVE ATS22 &#8211; IP20 3 FASES &#8211; 11kW &#8211; 380-415V"},"content":{"rendered":"<p>ARRANQUE SUAVE<\/p>\n","protected":false},"excerpt":{"rendered":"<p>Este arrancador progresivo Altistart 1 est\u00e1 montado en un riel DIN y puede alimentar motores as\u00edncronos de 3 fases con una intensidad nominal de hasta 22 A. Este Altistart 1 puede utilizarse para una potencia nominal del motor de hasta 5,5 kW o 7,5 hp para 3 fases (de 2 V a 24 V CA). Este arrancador progresivo montado en carril DIN permite un arranque suave de m\u00e1quinas simples como cintas transportadoras, bombas, ventiladores, compresores, puertas y puertas autom\u00e1ticas, gr\u00faas peque\u00f1as y maquinaria accionada por correa. Tiene un ancho de 45 mm y lo convierte en uno de los arrancadores suaves m\u00e1s peque\u00f1os del mercado. puede instalarse en casi cualquier lugar. Cuenta con un bypass integrado que reduce el ruido y la disipaci\u00f3n de calor. Configuraci\u00f3n sencilla con solo 2 ajustes: posibilidad de configuraci\u00f3n por parte de personal no especializado. Proporciona un arranque suave para la maquinaria, evitando tensiones mec\u00e1nicas y alargando su vida \u00fatil.<\/p>\n<p>Especificaciones principales.<br \/>\n* Potencia del motor en kW: 11 kW, 3 fases a 380-415 V<br \/>\n* Bar aislado flexibles: 22A<br \/>\n* Categor\u00eda de utilizaci\u00f3n: AC-53B conforme a EN\/IEC 60947-4-2<br \/>\n* Tipo de arranque: Arranque con rampa de tensi\u00f3n<\/p>\n","protected":false},"featured_media":36486,"comment_status":"open","ping_status":"closed","template":"","meta":{"_monsterinsights_skip_tracking":false,"_monsterinsights_sitenote_active":false,"_monsterinsights_sitenote_note":"","_monsterinsights_sitenote_category":0},"product_brand":[],"product_cat":[291],"product_tag":[450],"class_list":{"0":"post-36485","1":"product","2":"type-product","3":"status-publish","4":"has-post-thumbnail","6":"product_cat-g-comando-y-senalizacion","7":"product_tag-schneider","9":"first","10":"outofstock","11":"shipping-taxable","12":"purchasable","13":"product-type-simple"},"yoast_head":"<!-- This site is optimized with the Yoast SEO plugin v25.3.1 - https:\/\/yoast.com\/wordpress\/plugins\/seo\/ -->\n<title>ARRANQUE SUAVE ATS22 - IP20 3 FASES - 11kW - 380-415V - Tienda Rigelec<\/title>\n<meta name=\"robots\" content=\"index, follow, max-snippet:-1, max-image-preview:large, max-video-preview:-1\" \/>\n<link rel=\"canonical\" href=\"https:\/\/tienda.rigelec.com.ar\/?product=arranque-suave-ats22-ip20-3-fases-11kw-380-415v\" \/>\n<meta property=\"og:locale\" content=\"es_ES\" \/>\n<meta property=\"og:type\" content=\"article\" \/>\n<meta property=\"og:title\" content=\"ARRANQUE SUAVE ATS22 - IP20 3 FASES - 11kW - 380-415V - Tienda Rigelec\" \/>\n<meta property=\"og:description\" content=\"Este arrancador progresivo Altistart 1 est\u00e1 montado en un riel DIN y puede alimentar motores as\u00edncronos de 3 fases con una intensidad nominal de hasta 22 A. Este Altistart 1 puede utilizarse para una potencia nominal del motor de hasta 5,5 kW o 7,5 hp para 3 fases (de 2 V a 24 V CA). Este arrancador progresivo montado en carril DIN permite un arranque suave de m\u00e1quinas simples como cintas transportadoras, bombas, ventiladores, compresores, puertas y puertas autom\u00e1ticas, gr\u00faas peque\u00f1as y maquinaria accionada por correa. Tiene un ancho de 45 mm y lo convierte en uno de los arrancadores suaves m\u00e1s peque\u00f1os del mercado. puede instalarse en casi cualquier lugar. Cuenta con un bypass integrado que reduce el ruido y la disipaci\u00f3n de calor. Configuraci\u00f3n sencilla con solo 2 ajustes: posibilidad de configuraci\u00f3n por parte de personal no especializado. Proporciona un arranque suave para la maquinaria, evitando tensiones mec\u00e1nicas y alargando su vida \u00fatil.  Especificaciones principales. * Potencia del motor en kW: 11 kW, 3 fases a 380-415 V * Bar aislado flexibles: 22A * Categor\u00eda de utilizaci\u00f3n: AC-53B conforme a EN\/IEC 60947-4-2 * Tipo de arranque: Arranque con rampa de tensi\u00f3n\" \/>\n<meta property=\"og:url\" content=\"https:\/\/tienda.rigelec.com.ar\/?product=arranque-suave-ats22-ip20-3-fases-11kw-380-415v\" \/>\n<meta property=\"og:site_name\" content=\"Tienda Rigelec\" \/>\n<meta property=\"article:modified_time\" content=\"2026-05-01T07:01:59+00:00\" \/>\n<meta name=\"twitter:card\" content=\"summary_large_image\" \/>\n<script type=\"application\/ld+json\" class=\"yoast-schema-graph\">{\"@context\":\"https:\/\/schema.org\",\"@graph\":[{\"@type\":\"WebPage\",\"@id\":\"https:\/\/tienda.rigelec.com.ar\/?product=arranque-suave-ats22-ip20-3-fases-11kw-380-415v\",\"url\":\"https:\/\/tienda.rigelec.com.ar\/?product=arranque-suave-ats22-ip20-3-fases-11kw-380-415v\",\"name\":\"ARRANQUE SUAVE ATS22 - IP20 3 FASES - 11kW - 380-415V - Tienda Rigelec\",\"isPartOf\":{\"@id\":\"https:\/\/tienda.rigelec.com.ar\/#website\"},\"primaryImageOfPage\":{\"@id\":\"https:\/\/tienda.rigelec.com.ar\/?product=arranque-suave-ats22-ip20-3-fases-11kw-380-415v#primaryimage\"},\"image\":{\"@id\":\"https:\/\/tienda.rigelec.com.ar\/?product=arranque-suave-ats22-ip20-3-fases-11kw-380-415v#primaryimage\"},\"thumbnailUrl\":\"https:\/\/tienda.rigelec.com.ar\/wp-content\/uploads\/2026\/02\/ARRANQUESUAVE-1.jpg\",\"datePublished\":\"2026-02-20T19:01:03+00:00\",\"dateModified\":\"2026-05-01T07:01:59+00:00\",\"breadcrumb\":{\"@id\":\"https:\/\/tienda.rigelec.com.ar\/?product=arranque-suave-ats22-ip20-3-fases-11kw-380-415v#breadcrumb\"},\"inLanguage\":\"es-AR\",\"potentialAction\":[{\"@type\":\"ReadAction\",\"target\":[\"https:\/\/tienda.rigelec.com.ar\/?product=arranque-suave-ats22-ip20-3-fases-11kw-380-415v\"]}]},{\"@type\":\"ImageObject\",\"inLanguage\":\"es-AR\",\"@id\":\"https:\/\/tienda.rigelec.com.ar\/?product=arranque-suave-ats22-ip20-3-fases-11kw-380-415v#primaryimage\",\"url\":\"https:\/\/tienda.rigelec.com.ar\/wp-content\/uploads\/2026\/02\/ARRANQUESUAVE-1.jpg\",\"contentUrl\":\"https:\/\/tienda.rigelec.com.ar\/wp-content\/uploads\/2026\/02\/ARRANQUESUAVE-1.jpg\",\"width\":1512,\"height\":1512},{\"@type\":\"BreadcrumbList\",\"@id\":\"https:\/\/tienda.rigelec.com.ar\/?product=arranque-suave-ats22-ip20-3-fases-11kw-380-415v#breadcrumb\",\"itemListElement\":[{\"@type\":\"ListItem\",\"position\":1,\"name\":\"Inicio\",\"item\":\"https:\/\/tienda.rigelec.com.ar\/\"},{\"@type\":\"ListItem\",\"position\":2,\"name\":\"Shop\",\"item\":\"https:\/\/tienda.rigelec.com.ar\/?page_id=12\"},{\"@type\":\"ListItem\",\"position\":3,\"name\":\"ARRANQUE SUAVE ATS22 &#8211; IP20 3 FASES &#8211; 11kW &#8211; 380-415V\"}]},{\"@type\":\"WebSite\",\"@id\":\"https:\/\/tienda.rigelec.com.ar\/#website\",\"url\":\"https:\/\/tienda.rigelec.com.ar\/\",\"name\":\"Tienda Rigelec\",\"description\":\"Energia en movimiento\",\"publisher\":{\"@id\":\"https:\/\/tienda.rigelec.com.ar\/#organization\"},\"potentialAction\":[{\"@type\":\"SearchAction\",\"target\":{\"@type\":\"EntryPoint\",\"urlTemplate\":\"https:\/\/tienda.rigelec.com.ar\/?s={search_term_string}\"},\"query-input\":{\"@type\":\"PropertyValueSpecification\",\"valueRequired\":true,\"valueName\":\"search_term_string\"}}],\"inLanguage\":\"es-AR\"},{\"@type\":\"Organization\",\"@id\":\"https:\/\/tienda.rigelec.com.ar\/#organization\",\"name\":\"Tienda Rigelec\",\"url\":\"https:\/\/tienda.rigelec.com.ar\/\",\"logo\":{\"@type\":\"ImageObject\",\"inLanguage\":\"es-AR\",\"@id\":\"https:\/\/tienda.rigelec.com.ar\/#\/schema\/logo\/image\/\",\"url\":\"https:\/\/tienda.rigelec.com.ar\/wp-content\/uploads\/2024\/09\/isologo-blanco-rigelec.png\",\"contentUrl\":\"https:\/\/tienda.rigelec.com.ar\/wp-content\/uploads\/2024\/09\/isologo-blanco-rigelec.png\",\"width\":94,\"height\":97,\"caption\":\"Tienda Rigelec\"},\"image\":{\"@id\":\"https:\/\/tienda.rigelec.com.ar\/#\/schema\/logo\/image\/\"}}]}<\/script>\n<!-- \/ Yoast SEO plugin. -->","yoast_head_json":{"title":"ARRANQUE SUAVE ATS22 - IP20 3 FASES - 11kW - 380-415V - Tienda Rigelec","robots":{"index":"index","follow":"follow","max-snippet":"max-snippet:-1","max-image-preview":"max-image-preview:large","max-video-preview":"max-video-preview:-1"},"canonical":"https:\/\/tienda.rigelec.com.ar\/?product=arranque-suave-ats22-ip20-3-fases-11kw-380-415v","og_locale":"es_ES","og_type":"article","og_title":"ARRANQUE SUAVE ATS22 - IP20 3 FASES - 11kW - 380-415V - Tienda Rigelec","og_description":"Este arrancador progresivo Altistart 1 est\u00e1 montado en un riel DIN y puede alimentar motores as\u00edncronos de 3 fases con una intensidad nominal de hasta 22 A. Este Altistart 1 puede utilizarse para una potencia nominal del motor de hasta 5,5 kW o 7,5 hp para 3 fases (de 2 V a 24 V CA). Este arrancador progresivo montado en carril DIN permite un arranque suave de m\u00e1quinas simples como cintas transportadoras, bombas, ventiladores, compresores, puertas y puertas autom\u00e1ticas, gr\u00faas peque\u00f1as y maquinaria accionada por correa. Tiene un ancho de 45 mm y lo convierte en uno de los arrancadores suaves m\u00e1s peque\u00f1os del mercado. puede instalarse en casi cualquier lugar. Cuenta con un bypass integrado que reduce el ruido y la disipaci\u00f3n de calor. Configuraci\u00f3n sencilla con solo 2 ajustes: posibilidad de configuraci\u00f3n por parte de personal no especializado. Proporciona un arranque suave para la maquinaria, evitando tensiones mec\u00e1nicas y alargando su vida \u00fatil.  Especificaciones principales. * Potencia del motor en kW: 11 kW, 3 fases a 380-415 V * Bar aislado flexibles: 22A * Categor\u00eda de utilizaci\u00f3n: AC-53B conforme a EN\/IEC 60947-4-2 * Tipo de arranque: Arranque con rampa de tensi\u00f3n","og_url":"https:\/\/tienda.rigelec.com.ar\/?product=arranque-suave-ats22-ip20-3-fases-11kw-380-415v","og_site_name":"Tienda Rigelec","article_modified_time":"2026-05-01T07:01:59+00:00","twitter_card":"summary_large_image","schema":{"@context":"https:\/\/schema.org","@graph":[{"@type":"WebPage","@id":"https:\/\/tienda.rigelec.com.ar\/?product=arranque-suave-ats22-ip20-3-fases-11kw-380-415v","url":"https:\/\/tienda.rigelec.com.ar\/?product=arranque-suave-ats22-ip20-3-fases-11kw-380-415v","name":"ARRANQUE SUAVE ATS22 - IP20 3 FASES - 11kW - 380-415V - Tienda Rigelec","isPartOf":{"@id":"https:\/\/tienda.rigelec.com.ar\/#website"},"primaryImageOfPage":{"@id":"https:\/\/tienda.rigelec.com.ar\/?product=arranque-suave-ats22-ip20-3-fases-11kw-380-415v#primaryimage"},"image":{"@id":"https:\/\/tienda.rigelec.com.ar\/?product=arranque-suave-ats22-ip20-3-fases-11kw-380-415v#primaryimage"},"thumbnailUrl":"https:\/\/tienda.rigelec.com.ar\/wp-content\/uploads\/2026\/02\/ARRANQUESUAVE-1.jpg","datePublished":"2026-02-20T19:01:03+00:00","dateModified":"2026-05-01T07:01:59+00:00","breadcrumb":{"@id":"https:\/\/tienda.rigelec.com.ar\/?product=arranque-suave-ats22-ip20-3-fases-11kw-380-415v#breadcrumb"},"inLanguage":"es-AR","potentialAction":[{"@type":"ReadAction","target":["https:\/\/tienda.rigelec.com.ar\/?product=arranque-suave-ats22-ip20-3-fases-11kw-380-415v"]}]},{"@type":"ImageObject","inLanguage":"es-AR","@id":"https:\/\/tienda.rigelec.com.ar\/?product=arranque-suave-ats22-ip20-3-fases-11kw-380-415v#primaryimage","url":"https:\/\/tienda.rigelec.com.ar\/wp-content\/uploads\/2026\/02\/ARRANQUESUAVE-1.jpg","contentUrl":"https:\/\/tienda.rigelec.com.ar\/wp-content\/uploads\/2026\/02\/ARRANQUESUAVE-1.jpg","width":1512,"height":1512},{"@type":"BreadcrumbList","@id":"https:\/\/tienda.rigelec.com.ar\/?product=arranque-suave-ats22-ip20-3-fases-11kw-380-415v#breadcrumb","itemListElement":[{"@type":"ListItem","position":1,"name":"Inicio","item":"https:\/\/tienda.rigelec.com.ar\/"},{"@type":"ListItem","position":2,"name":"Shop","item":"https:\/\/tienda.rigelec.com.ar\/?page_id=12"},{"@type":"ListItem","position":3,"name":"ARRANQUE SUAVE ATS22 &#8211; IP20 3 FASES &#8211; 11kW &#8211; 380-415V"}]},{"@type":"WebSite","@id":"https:\/\/tienda.rigelec.com.ar\/#website","url":"https:\/\/tienda.rigelec.com.ar\/","name":"Tienda Rigelec","description":"Energia en movimiento","publisher":{"@id":"https:\/\/tienda.rigelec.com.ar\/#organization"},"potentialAction":[{"@type":"SearchAction","target":{"@type":"EntryPoint","urlTemplate":"https:\/\/tienda.rigelec.com.ar\/?s={search_term_string}"},"query-input":{"@type":"PropertyValueSpecification","valueRequired":true,"valueName":"search_term_string"}}],"inLanguage":"es-AR"},{"@type":"Organization","@id":"https:\/\/tienda.rigelec.com.ar\/#organization","name":"Tienda Rigelec","url":"https:\/\/tienda.rigelec.com.ar\/","logo":{"@type":"ImageObject","inLanguage":"es-AR","@id":"https:\/\/tienda.rigelec.com.ar\/#\/schema\/logo\/image\/","url":"https:\/\/tienda.rigelec.com.ar\/wp-content\/uploads\/2024\/09\/isologo-blanco-rigelec.png","contentUrl":"https:\/\/tienda.rigelec.com.ar\/wp-content\/uploads\/2024\/09\/isologo-blanco-rigelec.png","width":94,"height":97,"caption":"Tienda Rigelec"},"image":{"@id":"https:\/\/tienda.rigelec.com.ar\/#\/schema\/logo\/image\/"}}]}},"jetpack_sharing_enabled":true,"_links":{"self":[{"href":"https:\/\/tienda.rigelec.com.ar\/index.php?rest_route=\/wp\/v2\/product\/36485","targetHints":{"allow":["GET"]}}],"collection":[{"href":"https:\/\/tienda.rigelec.com.ar\/index.php?rest_route=\/wp\/v2\/product"}],"about":[{"href":"https:\/\/tienda.rigelec.com.ar\/index.php?rest_route=\/wp\/v2\/types\/product"}],"replies":[{"embeddable":true,"href":"https:\/\/tienda.rigelec.com.ar\/index.php?rest_route=%2Fwp%2Fv2%2Fcomments&post=36485"}],"wp:featuredmedia":[{"embeddable":true,"href":"https:\/\/tienda.rigelec.com.ar\/index.php?rest_route=\/wp\/v2\/media\/36486"}],"wp:attachment":[{"href":"https:\/\/tienda.rigelec.com.ar\/index.php?rest_route=%2Fwp%2Fv2%2Fmedia&parent=36485"}],"wp:term":[{"taxonomy":"product_brand","embeddable":true,"href":"https:\/\/tienda.rigelec.com.ar\/index.php?rest_route=%2Fwp%2Fv2%2Fproduct_brand&post=36485"},{"taxonomy":"product_cat","embeddable":true,"href":"https:\/\/tienda.rigelec.com.ar\/index.php?rest_route=%2Fwp%2Fv2%2Fproduct_cat&post=36485"},{"taxonomy":"product_tag","embeddable":true,"href":"https:\/\/tienda.rigelec.com.ar\/index.php?rest_route=%2Fwp%2Fv2%2Fproduct_tag&post=36485"}],"curies":[{"name":"wp","href":"https:\/\/api.w.org\/{rel}","templated":true}]}}