{"id":36685,"date":"2026-03-20T12:18:15","date_gmt":"2026-03-20T15:18:15","guid":{"rendered":"https:\/\/tienda.rigelec.com.ar\/?product=tapon-para-cano-subterraneo-40-tfs-40-o40mm"},"modified":"2026-05-04T13:46:06","modified_gmt":"2026-05-04T16:46:06","slug":"tapon-para-cano-subterraneo-40-tfs-40-o40mm","status":"publish","type":"product","link":"https:\/\/tienda.rigelec.com.ar\/?product=tapon-para-cano-subterraneo-40-tfs-40-o40mm","title":{"rendered":"TAPON PARA CA\u00d1O SUBTERRANEO 40 TFS 40 \u00d840MM"},"content":{"rendered":"<p>TAPON PARA CA\u00d1O SUBTERRANEO 40<\/p>\n","protected":false},"excerpt":{"rendered":"<p>El tap\u00f3n TFS fue dise\u00f1ado para ser utilizado en conjunto con el ca\u00f1o flexible subterr\u00e1neo Argeflex FS, fabricado en polietileno de alta densidad, corrugado, dise\u00f1ado especialmente para la protecci\u00f3n de cables en instalaciones subterr\u00e1neas de energ\u00eda. En su instalaci\u00f3n, no requiere protecci\u00f3n mec\u00e1nica adicional (Como ladrillos, hormig\u00f3n, etc.). El tap\u00f3n se utiliza para obturar los extremos del ca\u00f1o durante el proceso de instalaci\u00f3n o hasta el momento de introducir el cableado, y evitar el ingreso de roedores, insectos, piedras, etc.<\/p>\n<p>Informaci\u00f3n t\u00e9cnica.<br \/>\n* Medida tapon FS: 40 mm<br \/>\n* Diametro exterior: 43mm<br \/>\n* Diametro interior: 42mm<br \/>\n* Ancho: 21mm<br \/>\n* Peso: 0.003kg<br \/>\n* Material: Polietileno.<\/p>\n<p>APLICACION: Instalaci\u00f3n subterr\u00e1nea \/ enterrado<\/p>\n","protected":false},"featured_media":36686,"comment_status":"open","ping_status":"closed","template":"","meta":{"_monsterinsights_skip_tracking":false,"_monsterinsights_sitenote_active":false,"_monsterinsights_sitenote_note":"","_monsterinsights_sitenote_category":0},"product_brand":[],"product_cat":[297],"product_tag":[92],"class_list":{"0":"post-36685","1":"product","2":"type-product","3":"status-publish","4":"has-post-thumbnail","6":"product_cat-j-accesorios","7":"product_tag-argeflex","9":"first","10":"outofstock","11":"shipping-taxable","12":"purchasable","13":"product-type-simple"},"yoast_head":"<!-- This site is optimized with the Yoast SEO plugin v25.3.1 - https:\/\/yoast.com\/wordpress\/plugins\/seo\/ -->\n<title>TAPON PARA CA\u00d1O SUBTERRANEO 40 TFS 40 \u00d840MM - Tienda Rigelec<\/title>\n<meta name=\"robots\" content=\"index, follow, max-snippet:-1, max-image-preview:large, max-video-preview:-1\" \/>\n<link rel=\"canonical\" href=\"https:\/\/tienda.rigelec.com.ar\/?product=tapon-para-cano-subterraneo-40-tfs-40-o40mm\" \/>\n<meta property=\"og:locale\" content=\"es_ES\" \/>\n<meta property=\"og:type\" content=\"article\" \/>\n<meta property=\"og:title\" content=\"TAPON PARA CA\u00d1O SUBTERRANEO 40 TFS 40 \u00d840MM - Tienda Rigelec\" \/>\n<meta property=\"og:description\" content=\"El tap\u00f3n TFS fue dise\u00f1ado para ser utilizado en conjunto con el ca\u00f1o flexible subterr\u00e1neo Argeflex FS, fabricado en polietileno de alta densidad, corrugado, dise\u00f1ado especialmente para la protecci\u00f3n de cables en instalaciones subterr\u00e1neas de energ\u00eda. En su instalaci\u00f3n, no requiere protecci\u00f3n mec\u00e1nica adicional (Como ladrillos, hormig\u00f3n, etc.). El tap\u00f3n se utiliza para obturar los extremos del ca\u00f1o durante el proceso de instalaci\u00f3n o hasta el momento de introducir el cableado, y evitar el ingreso de roedores, insectos, piedras, etc.  Informaci\u00f3n t\u00e9cnica. * Medida tapon FS: 40 mm * Diametro exterior: 43mm * Diametro interior: 42mm * Ancho: 21mm * Peso: 0.003kg * Material: Polietileno.  APLICACION: Instalaci\u00f3n subterr\u00e1nea \/ enterrado\" \/>\n<meta property=\"og:url\" content=\"https:\/\/tienda.rigelec.com.ar\/?product=tapon-para-cano-subterraneo-40-tfs-40-o40mm\" \/>\n<meta property=\"og:site_name\" content=\"Tienda Rigelec\" \/>\n<meta property=\"article:modified_time\" content=\"2026-05-04T16:46:06+00:00\" \/>\n<meta name=\"twitter:card\" content=\"summary_large_image\" \/>\n<script type=\"application\/ld+json\" class=\"yoast-schema-graph\">{\"@context\":\"https:\/\/schema.org\",\"@graph\":[{\"@type\":\"WebPage\",\"@id\":\"https:\/\/tienda.rigelec.com.ar\/?product=tapon-para-cano-subterraneo-40-tfs-40-o40mm\",\"url\":\"https:\/\/tienda.rigelec.com.ar\/?product=tapon-para-cano-subterraneo-40-tfs-40-o40mm\",\"name\":\"TAPON PARA CA\u00d1O SUBTERRANEO 40 TFS 40 \u00d840MM - Tienda Rigelec\",\"isPartOf\":{\"@id\":\"https:\/\/tienda.rigelec.com.ar\/#website\"},\"primaryImageOfPage\":{\"@id\":\"https:\/\/tienda.rigelec.com.ar\/?product=tapon-para-cano-subterraneo-40-tfs-40-o40mm#primaryimage\"},\"image\":{\"@id\":\"https:\/\/tienda.rigelec.com.ar\/?product=tapon-para-cano-subterraneo-40-tfs-40-o40mm#primaryimage\"},\"thumbnailUrl\":\"https:\/\/tienda.rigelec.com.ar\/wp-content\/uploads\/2026\/03\/TAPONPARACANOSUBTERRANEO40.jpg\",\"datePublished\":\"2026-03-20T15:18:15+00:00\",\"dateModified\":\"2026-05-04T16:46:06+00:00\",\"breadcrumb\":{\"@id\":\"https:\/\/tienda.rigelec.com.ar\/?product=tapon-para-cano-subterraneo-40-tfs-40-o40mm#breadcrumb\"},\"inLanguage\":\"es-AR\",\"potentialAction\":[{\"@type\":\"ReadAction\",\"target\":[\"https:\/\/tienda.rigelec.com.ar\/?product=tapon-para-cano-subterraneo-40-tfs-40-o40mm\"]}]},{\"@type\":\"ImageObject\",\"inLanguage\":\"es-AR\",\"@id\":\"https:\/\/tienda.rigelec.com.ar\/?product=tapon-para-cano-subterraneo-40-tfs-40-o40mm#primaryimage\",\"url\":\"https:\/\/tienda.rigelec.com.ar\/wp-content\/uploads\/2026\/03\/TAPONPARACANOSUBTERRANEO40.jpg\",\"contentUrl\":\"https:\/\/tienda.rigelec.com.ar\/wp-content\/uploads\/2026\/03\/TAPONPARACANOSUBTERRANEO40.jpg\",\"width\":2048,\"height\":2048},{\"@type\":\"BreadcrumbList\",\"@id\":\"https:\/\/tienda.rigelec.com.ar\/?product=tapon-para-cano-subterraneo-40-tfs-40-o40mm#breadcrumb\",\"itemListElement\":[{\"@type\":\"ListItem\",\"position\":1,\"name\":\"Inicio\",\"item\":\"https:\/\/tienda.rigelec.com.ar\/\"},{\"@type\":\"ListItem\",\"position\":2,\"name\":\"Shop\",\"item\":\"https:\/\/tienda.rigelec.com.ar\/?page_id=12\"},{\"@type\":\"ListItem\",\"position\":3,\"name\":\"TAPON PARA CA\u00d1O SUBTERRANEO 40 TFS 40 \u00d840MM\"}]},{\"@type\":\"WebSite\",\"@id\":\"https:\/\/tienda.rigelec.com.ar\/#website\",\"url\":\"https:\/\/tienda.rigelec.com.ar\/\",\"name\":\"Tienda Rigelec\",\"description\":\"Energia en movimiento\",\"publisher\":{\"@id\":\"https:\/\/tienda.rigelec.com.ar\/#organization\"},\"potentialAction\":[{\"@type\":\"SearchAction\",\"target\":{\"@type\":\"EntryPoint\",\"urlTemplate\":\"https:\/\/tienda.rigelec.com.ar\/?s={search_term_string}\"},\"query-input\":{\"@type\":\"PropertyValueSpecification\",\"valueRequired\":true,\"valueName\":\"search_term_string\"}}],\"inLanguage\":\"es-AR\"},{\"@type\":\"Organization\",\"@id\":\"https:\/\/tienda.rigelec.com.ar\/#organization\",\"name\":\"Tienda Rigelec\",\"url\":\"https:\/\/tienda.rigelec.com.ar\/\",\"logo\":{\"@type\":\"ImageObject\",\"inLanguage\":\"es-AR\",\"@id\":\"https:\/\/tienda.rigelec.com.ar\/#\/schema\/logo\/image\/\",\"url\":\"https:\/\/tienda.rigelec.com.ar\/wp-content\/uploads\/2024\/09\/isologo-blanco-rigelec.png\",\"contentUrl\":\"https:\/\/tienda.rigelec.com.ar\/wp-content\/uploads\/2024\/09\/isologo-blanco-rigelec.png\",\"width\":94,\"height\":97,\"caption\":\"Tienda Rigelec\"},\"image\":{\"@id\":\"https:\/\/tienda.rigelec.com.ar\/#\/schema\/logo\/image\/\"}}]}<\/script>\n<!-- \/ Yoast SEO plugin. -->","yoast_head_json":{"title":"TAPON PARA CA\u00d1O SUBTERRANEO 40 TFS 40 \u00d840MM - Tienda Rigelec","robots":{"index":"index","follow":"follow","max-snippet":"max-snippet:-1","max-image-preview":"max-image-preview:large","max-video-preview":"max-video-preview:-1"},"canonical":"https:\/\/tienda.rigelec.com.ar\/?product=tapon-para-cano-subterraneo-40-tfs-40-o40mm","og_locale":"es_ES","og_type":"article","og_title":"TAPON PARA CA\u00d1O SUBTERRANEO 40 TFS 40 \u00d840MM - Tienda Rigelec","og_description":"El tap\u00f3n TFS fue dise\u00f1ado para ser utilizado en conjunto con el ca\u00f1o flexible subterr\u00e1neo Argeflex FS, fabricado en polietileno de alta densidad, corrugado, dise\u00f1ado especialmente para la protecci\u00f3n de cables en instalaciones subterr\u00e1neas de energ\u00eda. En su instalaci\u00f3n, no requiere protecci\u00f3n mec\u00e1nica adicional (Como ladrillos, hormig\u00f3n, etc.). El tap\u00f3n se utiliza para obturar los extremos del ca\u00f1o durante el proceso de instalaci\u00f3n o hasta el momento de introducir el cableado, y evitar el ingreso de roedores, insectos, piedras, etc.  Informaci\u00f3n t\u00e9cnica. * Medida tapon FS: 40 mm * Diametro exterior: 43mm * Diametro interior: 42mm * Ancho: 21mm * Peso: 0.003kg * Material: Polietileno.  APLICACION: Instalaci\u00f3n subterr\u00e1nea \/ enterrado","og_url":"https:\/\/tienda.rigelec.com.ar\/?product=tapon-para-cano-subterraneo-40-tfs-40-o40mm","og_site_name":"Tienda Rigelec","article_modified_time":"2026-05-04T16:46:06+00:00","twitter_card":"summary_large_image","schema":{"@context":"https:\/\/schema.org","@graph":[{"@type":"WebPage","@id":"https:\/\/tienda.rigelec.com.ar\/?product=tapon-para-cano-subterraneo-40-tfs-40-o40mm","url":"https:\/\/tienda.rigelec.com.ar\/?product=tapon-para-cano-subterraneo-40-tfs-40-o40mm","name":"TAPON PARA CA\u00d1O SUBTERRANEO 40 TFS 40 \u00d840MM - Tienda Rigelec","isPartOf":{"@id":"https:\/\/tienda.rigelec.com.ar\/#website"},"primaryImageOfPage":{"@id":"https:\/\/tienda.rigelec.com.ar\/?product=tapon-para-cano-subterraneo-40-tfs-40-o40mm#primaryimage"},"image":{"@id":"https:\/\/tienda.rigelec.com.ar\/?product=tapon-para-cano-subterraneo-40-tfs-40-o40mm#primaryimage"},"thumbnailUrl":"https:\/\/tienda.rigelec.com.ar\/wp-content\/uploads\/2026\/03\/TAPONPARACANOSUBTERRANEO40.jpg","datePublished":"2026-03-20T15:18:15+00:00","dateModified":"2026-05-04T16:46:06+00:00","breadcrumb":{"@id":"https:\/\/tienda.rigelec.com.ar\/?product=tapon-para-cano-subterraneo-40-tfs-40-o40mm#breadcrumb"},"inLanguage":"es-AR","potentialAction":[{"@type":"ReadAction","target":["https:\/\/tienda.rigelec.com.ar\/?product=tapon-para-cano-subterraneo-40-tfs-40-o40mm"]}]},{"@type":"ImageObject","inLanguage":"es-AR","@id":"https:\/\/tienda.rigelec.com.ar\/?product=tapon-para-cano-subterraneo-40-tfs-40-o40mm#primaryimage","url":"https:\/\/tienda.rigelec.com.ar\/wp-content\/uploads\/2026\/03\/TAPONPARACANOSUBTERRANEO40.jpg","contentUrl":"https:\/\/tienda.rigelec.com.ar\/wp-content\/uploads\/2026\/03\/TAPONPARACANOSUBTERRANEO40.jpg","width":2048,"height":2048},{"@type":"BreadcrumbList","@id":"https:\/\/tienda.rigelec.com.ar\/?product=tapon-para-cano-subterraneo-40-tfs-40-o40mm#breadcrumb","itemListElement":[{"@type":"ListItem","position":1,"name":"Inicio","item":"https:\/\/tienda.rigelec.com.ar\/"},{"@type":"ListItem","position":2,"name":"Shop","item":"https:\/\/tienda.rigelec.com.ar\/?page_id=12"},{"@type":"ListItem","position":3,"name":"TAPON PARA CA\u00d1O SUBTERRANEO 40 TFS 40 \u00d840MM"}]},{"@type":"WebSite","@id":"https:\/\/tienda.rigelec.com.ar\/#website","url":"https:\/\/tienda.rigelec.com.ar\/","name":"Tienda Rigelec","description":"Energia en movimiento","publisher":{"@id":"https:\/\/tienda.rigelec.com.ar\/#organization"},"potentialAction":[{"@type":"SearchAction","target":{"@type":"EntryPoint","urlTemplate":"https:\/\/tienda.rigelec.com.ar\/?s={search_term_string}"},"query-input":{"@type":"PropertyValueSpecification","valueRequired":true,"valueName":"search_term_string"}}],"inLanguage":"es-AR"},{"@type":"Organization","@id":"https:\/\/tienda.rigelec.com.ar\/#organization","name":"Tienda Rigelec","url":"https:\/\/tienda.rigelec.com.ar\/","logo":{"@type":"ImageObject","inLanguage":"es-AR","@id":"https:\/\/tienda.rigelec.com.ar\/#\/schema\/logo\/image\/","url":"https:\/\/tienda.rigelec.com.ar\/wp-content\/uploads\/2024\/09\/isologo-blanco-rigelec.png","contentUrl":"https:\/\/tienda.rigelec.com.ar\/wp-content\/uploads\/2024\/09\/isologo-blanco-rigelec.png","width":94,"height":97,"caption":"Tienda Rigelec"},"image":{"@id":"https:\/\/tienda.rigelec.com.ar\/#\/schema\/logo\/image\/"}}]}},"jetpack_sharing_enabled":true,"_links":{"self":[{"href":"https:\/\/tienda.rigelec.com.ar\/index.php?rest_route=\/wp\/v2\/product\/36685","targetHints":{"allow":["GET"]}}],"collection":[{"href":"https:\/\/tienda.rigelec.com.ar\/index.php?rest_route=\/wp\/v2\/product"}],"about":[{"href":"https:\/\/tienda.rigelec.com.ar\/index.php?rest_route=\/wp\/v2\/types\/product"}],"replies":[{"embeddable":true,"href":"https:\/\/tienda.rigelec.com.ar\/index.php?rest_route=%2Fwp%2Fv2%2Fcomments&post=36685"}],"wp:featuredmedia":[{"embeddable":true,"href":"https:\/\/tienda.rigelec.com.ar\/index.php?rest_route=\/wp\/v2\/media\/36686"}],"wp:attachment":[{"href":"https:\/\/tienda.rigelec.com.ar\/index.php?rest_route=%2Fwp%2Fv2%2Fmedia&parent=36685"}],"wp:term":[{"taxonomy":"product_brand","embeddable":true,"href":"https:\/\/tienda.rigelec.com.ar\/index.php?rest_route=%2Fwp%2Fv2%2Fproduct_brand&post=36685"},{"taxonomy":"product_cat","embeddable":true,"href":"https:\/\/tienda.rigelec.com.ar\/index.php?rest_route=%2Fwp%2Fv2%2Fproduct_cat&post=36685"},{"taxonomy":"product_tag","embeddable":true,"href":"https:\/\/tienda.rigelec.com.ar\/index.php?rest_route=%2Fwp%2Fv2%2Fproduct_tag&post=36685"}],"curies":[{"name":"wp","href":"https:\/\/api.w.org\/{rel}","templated":true}]}}