{"id":36707,"date":"2026-03-20T12:18:59","date_gmt":"2026-03-20T15:18:59","guid":{"rendered":"https:\/\/tienda.rigelec.com.ar\/?product=union-para-cano-subterraneo-flexible-cfs-63-63mm"},"modified":"2026-05-04T13:47:12","modified_gmt":"2026-05-04T16:47:12","slug":"union-para-cano-subterraneo-flexible-cfs-63-63mm","status":"publish","type":"product","link":"https:\/\/tienda.rigelec.com.ar\/?product=union-para-cano-subterraneo-flexible-cfs-63-63mm","title":{"rendered":"UNION PARA CA\u00d1O SUBTERRANEO FLEXIBLE CFS 63 63MM"},"content":{"rendered":"<p>UNION PARA CA\u00d1O SUBTERRANEO FLEXIBLE<\/p>\n","protected":false},"excerpt":{"rendered":"<p>Peso: 0.03 kg<br \/>\nMaterial: PEAD<br \/>\nGrado de proteccion: IP65<\/p>\n<p>La cupla de uni\u00f3n CFS fue dise\u00f1ada para ser utilizada en conjunto con el ca\u00f1o flexible subterr\u00e1neo Argeflex FS, fabricado en polietileno de alta densidad, corrugado, dise\u00f1ado especialmente para la protecci\u00f3n de cables en instalaciones subterr\u00e1neas de energ\u00eda. En su instalaci\u00f3n, no requiere protecci\u00f3n mec\u00e1nica adicional (Como ladrillos, hormig\u00f3n, etc.). La cupla de uni\u00f3n facilita la instalaci\u00f3n, permite el tendido de amplios tramos de canalizaci\u00f3n continua, y reduce la cantidad necesaria de c\u00e1maras de inspecci\u00f3n. La protecci\u00f3n frente al ingreso de l\u00edquidos o elementos s\u00f3lidos en la uni\u00f3n es IP30, o IP65 cuando es utilizada en conjunto con en anillo de sello Argeflex AFS.<\/p>\n<p>Los ca\u00f1os flexibles subterr\u00e1neos y sus accesorios est\u00e1n certificados bajo norma IEC 61386-24, para uso directamente enterrado sin necesidad de protecci\u00f3n mec\u00e1nica adicional.<\/p>\n","protected":false},"featured_media":36708,"comment_status":"open","ping_status":"closed","template":"","meta":{"_monsterinsights_skip_tracking":false,"_monsterinsights_sitenote_active":false,"_monsterinsights_sitenote_note":"","_monsterinsights_sitenote_category":0},"product_brand":[],"product_cat":[345],"product_tag":[92],"class_list":{"0":"post-36707","1":"product","2":"type-product","3":"status-publish","4":"has-post-thumbnail","6":"product_cat-ii-conectores","7":"product_tag-argeflex","9":"first","10":"outofstock","11":"shipping-taxable","12":"purchasable","13":"product-type-simple"},"yoast_head":"<!-- This site is optimized with the Yoast SEO plugin v25.3.1 - https:\/\/yoast.com\/wordpress\/plugins\/seo\/ -->\n<title>UNION PARA CA\u00d1O SUBTERRANEO FLEXIBLE CFS 63 63MM - Tienda Rigelec<\/title>\n<meta name=\"robots\" content=\"index, follow, max-snippet:-1, max-image-preview:large, max-video-preview:-1\" \/>\n<link rel=\"canonical\" href=\"https:\/\/tienda.rigelec.com.ar\/?product=union-para-cano-subterraneo-flexible-cfs-63-63mm\" \/>\n<meta property=\"og:locale\" content=\"es_ES\" \/>\n<meta property=\"og:type\" content=\"article\" \/>\n<meta property=\"og:title\" content=\"UNION PARA CA\u00d1O SUBTERRANEO FLEXIBLE CFS 63 63MM - Tienda Rigelec\" \/>\n<meta property=\"og:description\" content=\"Peso: 0.03 kg Material: PEAD Grado de proteccion: IP65  La cupla de uni\u00f3n CFS fue dise\u00f1ada para ser utilizada en conjunto con el ca\u00f1o flexible subterr\u00e1neo Argeflex FS, fabricado en polietileno de alta densidad, corrugado, dise\u00f1ado especialmente para la protecci\u00f3n de cables en instalaciones subterr\u00e1neas de energ\u00eda. En su instalaci\u00f3n, no requiere protecci\u00f3n mec\u00e1nica adicional (Como ladrillos, hormig\u00f3n, etc.). La cupla de uni\u00f3n facilita la instalaci\u00f3n, permite el tendido de amplios tramos de canalizaci\u00f3n continua, y reduce la cantidad necesaria de c\u00e1maras de inspecci\u00f3n. La protecci\u00f3n frente al ingreso de l\u00edquidos o elementos s\u00f3lidos en la uni\u00f3n es IP30, o IP65 cuando es utilizada en conjunto con en anillo de sello Argeflex AFS.  Los ca\u00f1os flexibles subterr\u00e1neos y sus accesorios est\u00e1n certificados bajo norma IEC 61386-24, para uso directamente enterrado sin necesidad de protecci\u00f3n mec\u00e1nica adicional.\" \/>\n<meta property=\"og:url\" content=\"https:\/\/tienda.rigelec.com.ar\/?product=union-para-cano-subterraneo-flexible-cfs-63-63mm\" \/>\n<meta property=\"og:site_name\" content=\"Tienda Rigelec\" \/>\n<meta property=\"article:modified_time\" content=\"2026-05-04T16:47:12+00:00\" \/>\n<meta name=\"twitter:card\" content=\"summary_large_image\" \/>\n<script type=\"application\/ld+json\" class=\"yoast-schema-graph\">{\"@context\":\"https:\/\/schema.org\",\"@graph\":[{\"@type\":\"WebPage\",\"@id\":\"https:\/\/tienda.rigelec.com.ar\/?product=union-para-cano-subterraneo-flexible-cfs-63-63mm\",\"url\":\"https:\/\/tienda.rigelec.com.ar\/?product=union-para-cano-subterraneo-flexible-cfs-63-63mm\",\"name\":\"UNION PARA CA\u00d1O SUBTERRANEO FLEXIBLE CFS 63 63MM - Tienda Rigelec\",\"isPartOf\":{\"@id\":\"https:\/\/tienda.rigelec.com.ar\/#website\"},\"primaryImageOfPage\":{\"@id\":\"https:\/\/tienda.rigelec.com.ar\/?product=union-para-cano-subterraneo-flexible-cfs-63-63mm#primaryimage\"},\"image\":{\"@id\":\"https:\/\/tienda.rigelec.com.ar\/?product=union-para-cano-subterraneo-flexible-cfs-63-63mm#primaryimage\"},\"thumbnailUrl\":\"https:\/\/tienda.rigelec.com.ar\/wp-content\/uploads\/2026\/03\/UNIONPARACANOSUBTERRANEOFLEXIBLE-4.jpg\",\"datePublished\":\"2026-03-20T15:18:59+00:00\",\"dateModified\":\"2026-05-04T16:47:12+00:00\",\"breadcrumb\":{\"@id\":\"https:\/\/tienda.rigelec.com.ar\/?product=union-para-cano-subterraneo-flexible-cfs-63-63mm#breadcrumb\"},\"inLanguage\":\"es-AR\",\"potentialAction\":[{\"@type\":\"ReadAction\",\"target\":[\"https:\/\/tienda.rigelec.com.ar\/?product=union-para-cano-subterraneo-flexible-cfs-63-63mm\"]}]},{\"@type\":\"ImageObject\",\"inLanguage\":\"es-AR\",\"@id\":\"https:\/\/tienda.rigelec.com.ar\/?product=union-para-cano-subterraneo-flexible-cfs-63-63mm#primaryimage\",\"url\":\"https:\/\/tienda.rigelec.com.ar\/wp-content\/uploads\/2026\/03\/UNIONPARACANOSUBTERRANEOFLEXIBLE-4.jpg\",\"contentUrl\":\"https:\/\/tienda.rigelec.com.ar\/wp-content\/uploads\/2026\/03\/UNIONPARACANOSUBTERRANEOFLEXIBLE-4.jpg\",\"width\":600,\"height\":600},{\"@type\":\"BreadcrumbList\",\"@id\":\"https:\/\/tienda.rigelec.com.ar\/?product=union-para-cano-subterraneo-flexible-cfs-63-63mm#breadcrumb\",\"itemListElement\":[{\"@type\":\"ListItem\",\"position\":1,\"name\":\"Inicio\",\"item\":\"https:\/\/tienda.rigelec.com.ar\/\"},{\"@type\":\"ListItem\",\"position\":2,\"name\":\"Shop\",\"item\":\"https:\/\/tienda.rigelec.com.ar\/?page_id=12\"},{\"@type\":\"ListItem\",\"position\":3,\"name\":\"UNION PARA CA\u00d1O SUBTERRANEO FLEXIBLE CFS 63 63MM\"}]},{\"@type\":\"WebSite\",\"@id\":\"https:\/\/tienda.rigelec.com.ar\/#website\",\"url\":\"https:\/\/tienda.rigelec.com.ar\/\",\"name\":\"Tienda Rigelec\",\"description\":\"Energia en movimiento\",\"publisher\":{\"@id\":\"https:\/\/tienda.rigelec.com.ar\/#organization\"},\"potentialAction\":[{\"@type\":\"SearchAction\",\"target\":{\"@type\":\"EntryPoint\",\"urlTemplate\":\"https:\/\/tienda.rigelec.com.ar\/?s={search_term_string}\"},\"query-input\":{\"@type\":\"PropertyValueSpecification\",\"valueRequired\":true,\"valueName\":\"search_term_string\"}}],\"inLanguage\":\"es-AR\"},{\"@type\":\"Organization\",\"@id\":\"https:\/\/tienda.rigelec.com.ar\/#organization\",\"name\":\"Tienda Rigelec\",\"url\":\"https:\/\/tienda.rigelec.com.ar\/\",\"logo\":{\"@type\":\"ImageObject\",\"inLanguage\":\"es-AR\",\"@id\":\"https:\/\/tienda.rigelec.com.ar\/#\/schema\/logo\/image\/\",\"url\":\"https:\/\/tienda.rigelec.com.ar\/wp-content\/uploads\/2024\/09\/isologo-blanco-rigelec.png\",\"contentUrl\":\"https:\/\/tienda.rigelec.com.ar\/wp-content\/uploads\/2024\/09\/isologo-blanco-rigelec.png\",\"width\":94,\"height\":97,\"caption\":\"Tienda Rigelec\"},\"image\":{\"@id\":\"https:\/\/tienda.rigelec.com.ar\/#\/schema\/logo\/image\/\"}}]}<\/script>\n<!-- \/ Yoast SEO plugin. -->","yoast_head_json":{"title":"UNION PARA CA\u00d1O SUBTERRANEO FLEXIBLE CFS 63 63MM - Tienda Rigelec","robots":{"index":"index","follow":"follow","max-snippet":"max-snippet:-1","max-image-preview":"max-image-preview:large","max-video-preview":"max-video-preview:-1"},"canonical":"https:\/\/tienda.rigelec.com.ar\/?product=union-para-cano-subterraneo-flexible-cfs-63-63mm","og_locale":"es_ES","og_type":"article","og_title":"UNION PARA CA\u00d1O SUBTERRANEO FLEXIBLE CFS 63 63MM - Tienda Rigelec","og_description":"Peso: 0.03 kg Material: PEAD Grado de proteccion: IP65  La cupla de uni\u00f3n CFS fue dise\u00f1ada para ser utilizada en conjunto con el ca\u00f1o flexible subterr\u00e1neo Argeflex FS, fabricado en polietileno de alta densidad, corrugado, dise\u00f1ado especialmente para la protecci\u00f3n de cables en instalaciones subterr\u00e1neas de energ\u00eda. En su instalaci\u00f3n, no requiere protecci\u00f3n mec\u00e1nica adicional (Como ladrillos, hormig\u00f3n, etc.). La cupla de uni\u00f3n facilita la instalaci\u00f3n, permite el tendido de amplios tramos de canalizaci\u00f3n continua, y reduce la cantidad necesaria de c\u00e1maras de inspecci\u00f3n. La protecci\u00f3n frente al ingreso de l\u00edquidos o elementos s\u00f3lidos en la uni\u00f3n es IP30, o IP65 cuando es utilizada en conjunto con en anillo de sello Argeflex AFS.  Los ca\u00f1os flexibles subterr\u00e1neos y sus accesorios est\u00e1n certificados bajo norma IEC 61386-24, para uso directamente enterrado sin necesidad de protecci\u00f3n mec\u00e1nica adicional.","og_url":"https:\/\/tienda.rigelec.com.ar\/?product=union-para-cano-subterraneo-flexible-cfs-63-63mm","og_site_name":"Tienda Rigelec","article_modified_time":"2026-05-04T16:47:12+00:00","twitter_card":"summary_large_image","schema":{"@context":"https:\/\/schema.org","@graph":[{"@type":"WebPage","@id":"https:\/\/tienda.rigelec.com.ar\/?product=union-para-cano-subterraneo-flexible-cfs-63-63mm","url":"https:\/\/tienda.rigelec.com.ar\/?product=union-para-cano-subterraneo-flexible-cfs-63-63mm","name":"UNION PARA CA\u00d1O SUBTERRANEO FLEXIBLE CFS 63 63MM - Tienda Rigelec","isPartOf":{"@id":"https:\/\/tienda.rigelec.com.ar\/#website"},"primaryImageOfPage":{"@id":"https:\/\/tienda.rigelec.com.ar\/?product=union-para-cano-subterraneo-flexible-cfs-63-63mm#primaryimage"},"image":{"@id":"https:\/\/tienda.rigelec.com.ar\/?product=union-para-cano-subterraneo-flexible-cfs-63-63mm#primaryimage"},"thumbnailUrl":"https:\/\/tienda.rigelec.com.ar\/wp-content\/uploads\/2026\/03\/UNIONPARACANOSUBTERRANEOFLEXIBLE-4.jpg","datePublished":"2026-03-20T15:18:59+00:00","dateModified":"2026-05-04T16:47:12+00:00","breadcrumb":{"@id":"https:\/\/tienda.rigelec.com.ar\/?product=union-para-cano-subterraneo-flexible-cfs-63-63mm#breadcrumb"},"inLanguage":"es-AR","potentialAction":[{"@type":"ReadAction","target":["https:\/\/tienda.rigelec.com.ar\/?product=union-para-cano-subterraneo-flexible-cfs-63-63mm"]}]},{"@type":"ImageObject","inLanguage":"es-AR","@id":"https:\/\/tienda.rigelec.com.ar\/?product=union-para-cano-subterraneo-flexible-cfs-63-63mm#primaryimage","url":"https:\/\/tienda.rigelec.com.ar\/wp-content\/uploads\/2026\/03\/UNIONPARACANOSUBTERRANEOFLEXIBLE-4.jpg","contentUrl":"https:\/\/tienda.rigelec.com.ar\/wp-content\/uploads\/2026\/03\/UNIONPARACANOSUBTERRANEOFLEXIBLE-4.jpg","width":600,"height":600},{"@type":"BreadcrumbList","@id":"https:\/\/tienda.rigelec.com.ar\/?product=union-para-cano-subterraneo-flexible-cfs-63-63mm#breadcrumb","itemListElement":[{"@type":"ListItem","position":1,"name":"Inicio","item":"https:\/\/tienda.rigelec.com.ar\/"},{"@type":"ListItem","position":2,"name":"Shop","item":"https:\/\/tienda.rigelec.com.ar\/?page_id=12"},{"@type":"ListItem","position":3,"name":"UNION PARA CA\u00d1O SUBTERRANEO FLEXIBLE CFS 63 63MM"}]},{"@type":"WebSite","@id":"https:\/\/tienda.rigelec.com.ar\/#website","url":"https:\/\/tienda.rigelec.com.ar\/","name":"Tienda Rigelec","description":"Energia en movimiento","publisher":{"@id":"https:\/\/tienda.rigelec.com.ar\/#organization"},"potentialAction":[{"@type":"SearchAction","target":{"@type":"EntryPoint","urlTemplate":"https:\/\/tienda.rigelec.com.ar\/?s={search_term_string}"},"query-input":{"@type":"PropertyValueSpecification","valueRequired":true,"valueName":"search_term_string"}}],"inLanguage":"es-AR"},{"@type":"Organization","@id":"https:\/\/tienda.rigelec.com.ar\/#organization","name":"Tienda Rigelec","url":"https:\/\/tienda.rigelec.com.ar\/","logo":{"@type":"ImageObject","inLanguage":"es-AR","@id":"https:\/\/tienda.rigelec.com.ar\/#\/schema\/logo\/image\/","url":"https:\/\/tienda.rigelec.com.ar\/wp-content\/uploads\/2024\/09\/isologo-blanco-rigelec.png","contentUrl":"https:\/\/tienda.rigelec.com.ar\/wp-content\/uploads\/2024\/09\/isologo-blanco-rigelec.png","width":94,"height":97,"caption":"Tienda Rigelec"},"image":{"@id":"https:\/\/tienda.rigelec.com.ar\/#\/schema\/logo\/image\/"}}]}},"jetpack_sharing_enabled":true,"_links":{"self":[{"href":"https:\/\/tienda.rigelec.com.ar\/index.php?rest_route=\/wp\/v2\/product\/36707","targetHints":{"allow":["GET"]}}],"collection":[{"href":"https:\/\/tienda.rigelec.com.ar\/index.php?rest_route=\/wp\/v2\/product"}],"about":[{"href":"https:\/\/tienda.rigelec.com.ar\/index.php?rest_route=\/wp\/v2\/types\/product"}],"replies":[{"embeddable":true,"href":"https:\/\/tienda.rigelec.com.ar\/index.php?rest_route=%2Fwp%2Fv2%2Fcomments&post=36707"}],"wp:featuredmedia":[{"embeddable":true,"href":"https:\/\/tienda.rigelec.com.ar\/index.php?rest_route=\/wp\/v2\/media\/36708"}],"wp:attachment":[{"href":"https:\/\/tienda.rigelec.com.ar\/index.php?rest_route=%2Fwp%2Fv2%2Fmedia&parent=36707"}],"wp:term":[{"taxonomy":"product_brand","embeddable":true,"href":"https:\/\/tienda.rigelec.com.ar\/index.php?rest_route=%2Fwp%2Fv2%2Fproduct_brand&post=36707"},{"taxonomy":"product_cat","embeddable":true,"href":"https:\/\/tienda.rigelec.com.ar\/index.php?rest_route=%2Fwp%2Fv2%2Fproduct_cat&post=36707"},{"taxonomy":"product_tag","embeddable":true,"href":"https:\/\/tienda.rigelec.com.ar\/index.php?rest_route=%2Fwp%2Fv2%2Fproduct_tag&post=36707"}],"curies":[{"name":"wp","href":"https:\/\/api.w.org\/{rel}","templated":true}]}}